From: dpdklab@iol.unh.edu
To: Test Report <test-report@dpdk.org>
Cc: dpdk-test-reports@iol.unh.edu
Subject: |PENDING| pw158185-158187 [PATCH] [v11,3/3] dts: add Rx Tx offload t
Date: Tue, 28 Oct 2025 09:57:45 -0700 (PDT) [thread overview]
Message-ID: <6900f609.050a0220.3820ff.a76dSMTPIN_ADDED_MISSING@mx.google.com> (raw)
In-Reply-To: <20251028122240.112773-4-abailey@iol.unh.edu>
Test-Label: iol-unit-amd64-testing
Test-Status: PENDING
http://dpdk.org/patch/158187
_Testing pending_
Submitter: Andrew Bailey <abailey@iol.unh.edu>
Date: Tuesday, October 28 2025 12:22:40
DPDK git baseline: Repo:dpdk-next-dts
Branch: master
CommitID:39b54f2dcf44ad1f91eabc7080cd5dea763607fd
158185-158187 --> testing pending
Upstream job id: Generic-Unit-Test-DPDK#386151
Test environment and result as below:
+-------------------------------+----------------+
| Environment | dpdk_unit_test |
+===============================+================+
| Debian GNU/Linux 12 | PASS |
+-------------------------------+----------------+
| CentOS Stream 9 | PEND |
+-------------------------------+----------------+
| CentOS Stream 10 | PEND |
+-------------------------------+----------------+
| Fedora Linux 40 | PEND |
+-------------------------------+----------------+
| Ubuntu 20.04 | PEND |
+-------------------------------+----------------+
| Fedora Linux 41 | PEND |
+-------------------------------+----------------+
| Red Hat Enterprise Linux 8.10 | PEND |
+-------------------------------+----------------+
| Fedora Linux 42 | PEND |
+-------------------------------+----------------+
| Red Hat Enterprise Linux 9.5 | PEND |
+-------------------------------+----------------+
| Ubuntu 24.04 | PEND |
+-------------------------------+----------------+
| Ubuntu 22.04 | PEND |
+-------------------------------+----------------+
Debian GNU/Linux 12
Kernel: 5.15
Compiler: gcc gcc (Debian 12.2.0-14+deb12u1) 12.2.0
CentOS Stream 9
Kernel: 5.15
Compiler: gcc gcc (GCC) 11.5.0 20240719 (Red Hat 11.5.0-11)
CentOS Stream 10
Kernel: 5.15
Compiler: gcc gcc (GCC) 14.2.1 20250110 (Red Hat 14.2.1-8)
Fedora Linux 40
Kernel: 5.15
Compiler: clang gcc (GCC) 14.2.1 20240912 (Red Hat 14.2.1-3)
Ubuntu 20.04
Kernel: 5.15
Compiler: gcc gcc (Ubuntu 9.4.0-1ubuntu1~20.04.2) 9.4.0
Fedora Linux 41
Kernel: 5.15
Compiler: gcc gcc (GCC) 14.3.1 20250523 (Red Hat 14.3.1-1)
Red Hat Enterprise Linux 8.10
Kernel: 5.15
Compiler: gcc gcc (GCC) 8.5.0 20210514 (Red Hat 8.5.0-22)
Fedora Linux 42
Kernel: 5.15
Compiler: gcc gcc (GCC) 15.2.1 20250808 (Red Hat 15.2.1-1)
Red Hat Enterprise Linux 9.5
Kernel: 5.15
Compiler: gcc gcc (GCC) 11.5.0 20240719 (Red Hat 11.5.0-2)
Ubuntu 24.04
Kernel: 5.15
Compiler: gcc gcc (Ubuntu 13.3.0-6ubuntu2~24.04) 13.3.0
Ubuntu 22.04
Kernel: 5.15
Compiler: gcc gcc (Ubuntu 11.4.0-1ubuntu1~22.04) 11.4.0
To view detailed results, visit:
https://lab.dpdk.org/results/dashboard/patchsets/34401/
UNH-IOL DPDK Community Lab
To manage your email subscriptions, visit:
https://lab.dpdk.org/results/dashboard/preferences/subscriptions/
next prev parent reply other threads:[~2025-10-28 16:57 UTC|newest]
Thread overview: 34+ messages / expand[flat|nested] mbox.gz Atom feed top
[not found] <20251028122240.112773-4-abailey@iol.unh.edu>
2025-10-28 11:49 ` |SUCCESS| pw158185-158187 [PATCH v11 3/3] dts: add Rx Tx offload test suite qemudev
2025-10-28 11:54 ` qemudev
2025-10-28 12:24 ` |SUCCESS| pw158187 " checkpatch
2025-10-28 12:53 ` |FAILURE| pw158185-158187 [PATCH] [v11,3/3] dts: add Rx Tx offload t dpdklab
2025-10-28 12:59 ` |SUCCESS| " dpdklab
2025-10-28 13:04 ` |PENDING| " dpdklab
2025-10-28 13:04 ` |SUCCESS| " dpdklab
2025-10-28 13:08 ` dpdklab
2025-10-28 13:09 ` dpdklab
2025-10-28 13:16 ` dpdklab
2025-10-28 13:20 ` |SUCCESS| pw158187 [PATCH v11 3/3] dts: add Rx Tx offload test suite 0-day Robot
2025-10-28 13:20 ` 0-day Robot
2025-10-28 13:21 ` |PENDING| pw158185-158187 [PATCH] [v11,3/3] dts: add Rx Tx offload t dpdklab
2025-10-28 13:23 ` |SUCCESS| " dpdklab
2025-10-28 14:12 ` dpdklab
2025-10-28 14:12 ` dpdklab
2025-10-28 15:27 ` |WARNING| " dpdklab
2025-10-28 16:57 ` dpdklab [this message]
2025-10-28 17:22 ` dpdklab
2025-10-28 17:25 ` dpdklab
2025-10-28 17:48 ` dpdklab
2025-10-28 17:49 ` dpdklab
2025-10-28 17:49 ` dpdklab
2025-10-28 18:17 ` |SUCCESS| " dpdklab
2025-10-28 19:05 ` |WARNING| " dpdklab
2025-10-28 19:35 ` |SUCCESS| " dpdklab
2025-10-28 19:46 ` dpdklab
2025-10-28 19:56 ` dpdklab
2025-10-28 20:09 ` dpdklab
2025-10-28 20:13 ` dpdklab
2025-10-28 20:51 ` dpdklab
2025-10-28 22:45 ` |WARNING| " dpdklab
2025-10-28 22:47 ` dpdklab
2025-10-28 23:24 ` |SUCCESS| " dpdklab
Reply instructions:
You may reply publicly to this message via plain-text email
using any one of the following methods:
* Save the following mbox file, import it into your mail client,
and reply-to-all from there: mbox
Avoid top-posting and favor interleaved quoting:
https://en.wikipedia.org/wiki/Posting_style#Interleaved_style
* Reply using the --to, --cc, and --in-reply-to
switches of git-send-email(1):
git send-email \
--in-reply-to=6900f609.050a0220.3820ff.a76dSMTPIN_ADDED_MISSING@mx.google.com \
--to=dpdklab@iol.unh.edu \
--cc=dpdk-test-reports@iol.unh.edu \
--cc=test-report@dpdk.org \
/path/to/YOUR_REPLY
https://kernel.org/pub/software/scm/git/docs/git-send-email.html
* If your mail client supports setting the In-Reply-To header
via mailto: links, try the mailto: link
Be sure your reply has a Subject: header at the top and a blank line
before the message body.
This is a public inbox, see mirroring instructions
for how to clone and mirror all data and code used for this inbox;
as well as URLs for NNTP newsgroup(s).