From mboxrd@z Thu Jan 1 00:00:00 1970 Return-Path: Received: from mails.dpdk.org (mails.dpdk.org [217.70.189.124]) by inbox.dpdk.org (Postfix) with ESMTP id ACA1648A04 for ; Tue, 28 Oct 2025 19:05:13 +0100 (CET) Received: from mails.dpdk.org (localhost [127.0.0.1]) by mails.dpdk.org (Postfix) with ESMTP id A89844021E; Tue, 28 Oct 2025 19:05:13 +0100 (CET) Received: from mail-pl1-f228.google.com (mail-pl1-f228.google.com [209.85.214.228]) by mails.dpdk.org (Postfix) with ESMTP id F42264021E for ; Tue, 28 Oct 2025 19:05:11 +0100 (CET) Received: by mail-pl1-f228.google.com with SMTP id d9443c01a7336-269af38418aso69926495ad.1 for ; Tue, 28 Oct 2025 11:05:11 -0700 (PDT) DKIM-Signature: v=1; a=rsa-sha256; c=relaxed/relaxed; d=iol.unh.edu; s=unh-iol; t=1761674711; x=1762279511; darn=dpdk.org; h=references:in-reply-to:cc:to:from:subject:message-id:date:from:to :cc:subject:date:message-id:reply-to; bh=I2GQnT/EMPE1KyMlWD9FvTb/vQR96/7bW1GKixyk2I0=; b=TfNvUYTXtmpydw5swuc297BsCoBAYZES5RWfMkDDOPtWG3BKtC68/6cXYFBSPH5Jof BWWjI5NBrXN07ozWo8hSrN/8xxAc2AzJxbJcvbbprugplrorvDp/sIzraDjkWbQPv2Z/ n/c8Yzjh22y1xmE23UeDjPPhJkg2hY9DaPuBY= X-Google-DKIM-Signature: v=1; a=rsa-sha256; c=relaxed/relaxed; d=1e100.net; s=20230601; t=1761674711; x=1762279511; h=references:in-reply-to:cc:to:from:subject:message-id:date :x-gm-message-state:from:to:cc:subject:date:message-id:reply-to; bh=I2GQnT/EMPE1KyMlWD9FvTb/vQR96/7bW1GKixyk2I0=; b=uAZIQhdsQuPNHBbTQfq//G11pZ+m+GwP4PLHd07+HHwxBHO5S0aq/4FWCf8oSZjukH WK0SmxGywaEusJ80sz8yPzaTOsY1RXGLJxtsTrNhi49i05tLNSPHFrWa6wKfcyJxeirt ZbQPhJDt95oz9CWWEtDXU4cBGIHBqAv3k298nAmasN2M5YLSGU7NcL6+Vi8Cc3LxQy/P JixgKL6xNJC8Ly/b0qkd9nHW914ypNQBTEbvdwYQmvrrDoIZdDtqm61dBsF05LtHUXpL 5+IF3dJ+dmPrB4NfTz3h1N5lwtL1oo/QUf/CMLzIxAbX3NUNdi9VsMdid/69BsDxzC16 G6WQ== X-Gm-Message-State: AOJu0YxN3svGSfnWZrexRjAGt/ft2Fbjq8PPH04T52oH5aCHlk+uyMBq 54WSD9Xbs/QbEeNIg/BA/3Er7sV4HbJ2ywwAwo11aKdW0G2qCaB0e6Zr4sf+TYGU82ykjfkbDey OFuNfpWcOzdiukapKr7h2JmlnKa0iQ84zYprauccXil1l X-Gm-Gg: ASbGncszDxcxqvW3wv85INTMDlUVV79XY0nA64VxVvpeovMb85wz3QHQSbQ4r8BVTOT NyLZnQez2iLtq+uTRIj0/qJqcbo6aOkymgP/HBAKFz0DqU6iiuWHo3bY5xonsLCvZqKiMYckOxv fnyGdd6mYQ1QJe8VMOJWIO3qL8qjlaK2e1K+maYuCZcZ+mCIh3+ZdvwSAMm4KvGw5ksO8bYa87l t+l0eBsHzVk7g3ZothufxGXI9dk6AuPpk3v9OZO3QMZJwgQ8zQw4pbJBjs5mf+T8IBBnhDS7td4 vOowBecMy/735pIzNlTMxSCY78TG5U43TUcYALNtlcPrOZfRntlINGn7fhhlaVgOYXAGiqZgQlO vUPvSPxVgVR/XV+zkeU+Ej1iyvPJOFtA= X-Google-Smtp-Source: AGHT+IH5lDcbTxEUi2kqbqM5lB5ZJemF/DrsaWqvbJWfJyHrCk7WETYGnG7gTP197fdyoU2Sn3LRVWLWt/G9 X-Received: by 2002:a17:902:c409:b0:24b:4a9a:703a with SMTP id d9443c01a7336-294dedf46c4mr1268815ad.17.1761674710869; Tue, 28 Oct 2025 11:05:10 -0700 (PDT) Received: from postal.iol.unh.edu (postal.iol.unh.edu. [132.177.123.84]) by smtp-relay.gmail.com with ESMTPS id d9443c01a7336-29498cf306asm11513785ad.6.2025.10.28.11.05.10 (version=TLS1_2 cipher=ECDHE-ECDSA-AES128-GCM-SHA256 bits=128/128); Tue, 28 Oct 2025 11:05:10 -0700 (PDT) X-Relaying-Domain: iol.unh.edu Date: Tue, 28 Oct 2025 11:05:10 -0700 (PDT) Message-ID: <690105d6.170a0220.2a2fd.5bbaSMTPIN_ADDED_MISSING@mx.google.com> Received: from [172.21.0.2] (unknown [172.18.0.240]) by postal.iol.unh.edu (Postfix) with ESMTP id 1EFD66051830; Tue, 28 Oct 2025 14:05:10 -0400 (EDT) Subject: |FAILURE| pw158180-158181 [PATCH] [2/2] net/mlx5: support PF represe From: dpdklab@iol.unh.edu To: Test Report Cc: dpdk-test-reports@iol.unh.edu, Stephen Hemminger , Gregory Etelson In-Reply-To: <20251028095831.53669-2-getelson@nvidia.com> References: <20251028095831.53669-2-getelson@nvidia.com> Content-Type: text/plain X-BeenThere: test-report@dpdk.org X-Mailman-Version: 2.1.29 Precedence: list List-Id: automatic DPDK test reports List-Unsubscribe: , List-Archive: List-Post: List-Help: List-Subscribe: , Errors-To: test-report-bounces@dpdk.org Test-Label: iol-unit-amd64-testing Test-Status: FAILURE http://dpdk.org/patch/158181 _Testing issues_ Submitter: Gregory Etelson Date: Tuesday, October 28 2025 09:58:30 DPDK git baseline: Repo:dpdk-next-net Branch: master CommitID:11a6a4b1f19140ac3a57ace844be3cba00c39eaa 158180-158181 --> testing issues Upstream job id: Generic-VM-Unit-Test-DPDK#32120 Test environment and result as below: +-------------------------------+----------------+ | Environment | dpdk_unit_test | +===============================+================+ | CentOS Stream 10 | FAIL | +-------------------------------+----------------+ | Debian GNU/Linux 12 | FAIL | +-------------------------------+----------------+ | CentOS Stream 9 | FAIL | +-------------------------------+----------------+ | Fedora Linux 40 | FAIL | +-------------------------------+----------------+ | Fedora Linux 42 | FAIL | +-------------------------------+----------------+ | Fedora Linux 41 | FAIL | +-------------------------------+----------------+ | Red Hat Enterprise Linux 9.5 | FAIL | +-------------------------------+----------------+ | Red Hat Enterprise Linux 8.10 | FAIL | +-------------------------------+----------------+ | Ubuntu 20.04 | PASS | +-------------------------------+----------------+ | Ubuntu 22.04 | FAIL | +-------------------------------+----------------+ | Ubuntu 24.04 | FAIL | +-------------------------------+----------------+ | Windows Server 2022 | FAIL | +-------------------------------+----------------+ ==== Unit test summary for Windows Server 2022 (dpdk_unit_test): ==== Failed to get the unit test results. Displaying the unit test results is not supported for some environments, such as our aarch32 testing, where meson is not used to run the tests. Download the logs available on our CI site. ==== End log output ==== CentOS Stream 10 Kernel: 5.15 Compiler: gcc gcc (GCC) 14.2.1 20250110 (Red Hat 14.2.1-8) Debian GNU/Linux 12 Kernel: 5.15 Compiler: gcc gcc (Debian 12.2.0-14+deb12u1) 12.2.0 CentOS Stream 9 Kernel: 5.15 Compiler: gcc gcc (GCC) 11.5.0 20240719 (Red Hat 11.5.0-11) Fedora Linux 40 Kernel: 5.15 Compiler: gcc gcc (GCC) 14.2.1 20240912 (Red Hat 14.2.1-3) Fedora Linux 42 Kernel: 5.15 Compiler: gcc gcc (GCC) 15.2.1 20250808 (Red Hat 15.2.1-1) Fedora Linux 41 Kernel: 5.15 Compiler: gcc gcc (GCC) 14.3.1 20250523 (Red Hat 14.3.1-1) Red Hat Enterprise Linux 9.5 Kernel: 5.15 Compiler: gcc gcc (GCC) 11.5.0 20240719 (Red Hat 11.5.0-2) Red Hat Enterprise Linux 8.10 Kernel: 5.15 Compiler: gcc gcc (GCC) 8.5.0 20210514 (Red Hat 8.5.0-22) Ubuntu 20.04 Kernel: 5.15 Compiler: gcc gcc (Ubuntu 9.4.0-1ubuntu1~20.04.2) 9.4.0 Ubuntu 22.04 Kernel: 5.15 Compiler: gcc gcc (Ubuntu 11.4.0-1ubuntu1~22.04) 11.4.0 Ubuntu 24.04 Kernel: 5.15 Compiler: gcc gcc (Ubuntu 13.3.0-6ubuntu2~24.04) 13.3.0 Windows Server 2022 Kernel: 10.0.20348.2031 Compiler: clang 15.0.7, gcc 14.1.0 (MinGW), and MSVC VS 19.39.33521 To view detailed results, visit: https://lab.dpdk.org/results/dashboard/patchsets/34399/ UNH-IOL DPDK Community Lab To manage your email subscriptions, visit: https://lab.dpdk.org/results/dashboard/preferences/subscriptions/