From: dpdklab@iol.unh.edu
To: Test Report <test-report@dpdk.org>
Cc: dpdk-test-reports@iol.unh.edu
Subject: |WARNING| pw158189 [PATCH] doc: fix doxygen errors with v1.15.0
Date: Tue, 28 Oct 2025 11:57:15 -0700 (PDT) [thread overview]
Message-ID: <6901120b.050a0220.1b565e.2fc1SMTPIN_ADDED_MISSING@mx.google.com> (raw)
In-Reply-To: <20251028141159.177727-1-jerinj@marvell.com>
Test-Label: iol-sample-apps-testing
Test-Status: WARNING
http://dpdk.org/patch/158189
_Testing issues_
Submitter: Jerin Jacob <jerinj@marvell.com>
Date: Tuesday, October 28 2025 14:11:59
DPDK git baseline: Repo:dpdk
Branch: master
CommitID:39b54f2dcf44ad1f91eabc7080cd5dea763607fd
158189 --> testing issues
Upstream job id: Template-DTS-Pipeline#251730
Test environment and result as below:
+--------------+----------------------+----------------------+
| Environment | compressdev_zlib_pmd | dpdk_fips_validation |
+==============+======================+======================+
| Ubuntu 22.04 | PASS | SKIPPED |
+--------------+----------------------+----------------------+
| Ubuntu 20.04 | SKIPPED | WARN |
+--------------+----------------------+----------------------+
==== 20 line log output for Ubuntu 20.04 (dpdk_fips_validation): ====
Traceback (most recent call last):
File "/dpdk-ci/tools/acvp/acvp_tool.py", line 368, in <module>
main(
File "/dpdk-ci/tools/acvp/acvp_tool.py", line 314, in main
with open(response_path, 'r') as upload_file:
FileNotFoundError: [Errno 2] No such file or directory: '/root/workspace/ACVP-FIPS-testing/out/hmac-sha-1-answers.rsp'
INFO:root:Using response file...
Traceback (most recent call last):
File "/dpdk-ci/tools/acvp/acvp_tool.py", line 368, in <module>
main(
File "/dpdk-ci/tools/acvp/acvp_tool.py", line 314, in main
with open(response_path, 'r') as upload_file:
FileNotFoundError: [Errno 2] No such file or directory: '/root/workspace/ACVP-FIPS-testing/out/acvp-tdes-cbc-answers.rsp'
INFO:root:Using response file...
Traceback (most recent call last):
File "/dpdk-ci/tools/acvp/acvp_tool.py", line 368, in <module>
main(
File "/dpdk-ci/tools/acvp/acvp_tool.py", line 314, in main
with open(response_path, 'r') as upload_file:
FileNotFoundError: [Errno 2] No such file or directory: '/root/workspace/ACVP-FIPS-testing/out/acvp-aes-ctr-answers.rsp'
==== End log output ====
Ubuntu 22.04
Kernel: 5.15
Compiler: gcc gcc (Ubuntu 11.4.0-1ubuntu1~22.04.2) 11.4.0
Ubuntu 20.04
Kernel: 5.15
Compiler: gcc gcc (Ubuntu 9.4.0-1ubuntu1~20.04.2) 9.4.0
To view detailed results, visit:
https://lab.dpdk.org/results/dashboard/patchsets/34403/
UNH-IOL DPDK Community Lab
To manage your email subscriptions, visit:
https://lab.dpdk.org/results/dashboard/preferences/subscriptions/
next prev parent reply other threads:[~2025-10-28 18:57 UTC|newest]
Thread overview: 30+ messages / expand[flat|nested] mbox.gz Atom feed top
[not found] <20251028141159.177727-1-jerinj@marvell.com>
2025-10-28 13:37 ` |SUCCESS| " qemudev
2025-10-28 13:42 ` qemudev
2025-10-28 14:12 ` checkpatch
2025-10-28 14:48 ` |PENDING| " dpdklab
2025-10-28 14:50 ` |SUCCESS| " dpdklab
2025-10-28 14:54 ` dpdklab
2025-10-28 14:58 ` dpdklab
2025-10-28 14:59 ` dpdklab
2025-10-28 15:07 ` dpdklab
2025-10-28 15:10 ` dpdklab
2025-10-28 15:11 ` |PENDING| " dpdklab
2025-10-28 15:12 ` |SUCCESS| " dpdklab
2025-10-28 15:39 ` dpdklab
2025-10-28 15:39 ` |FAILURE| pw158189 [dpdk-dev] " 0-day Robot
2025-10-28 18:31 ` |WARNING| pw158189 " dpdklab
2025-10-28 18:32 ` |PENDING| " dpdklab
2025-10-28 18:57 ` dpdklab [this message]
2025-10-28 19:29 ` dpdklab
2025-10-28 19:58 ` |WARNING| " dpdklab
2025-10-28 19:59 ` dpdklab
2025-10-28 19:59 ` dpdklab
2025-10-28 20:31 ` |SUCCESS| " dpdklab
2025-10-28 20:46 ` dpdklab
2025-10-28 21:05 ` dpdklab
2025-10-28 21:09 ` dpdklab
2025-10-28 21:35 ` dpdklab
2025-10-28 22:27 ` dpdklab
2025-10-28 23:01 ` |WARNING| " dpdklab
2025-10-28 23:02 ` dpdklab
2025-10-29 6:04 ` |SUCCESS| " dpdklab
Reply instructions:
You may reply publicly to this message via plain-text email
using any one of the following methods:
* Save the following mbox file, import it into your mail client,
and reply-to-all from there: mbox
Avoid top-posting and favor interleaved quoting:
https://en.wikipedia.org/wiki/Posting_style#Interleaved_style
* Reply using the --to, --cc, and --in-reply-to
switches of git-send-email(1):
git send-email \
--in-reply-to=6901120b.050a0220.1b565e.2fc1SMTPIN_ADDED_MISSING@mx.google.com \
--to=dpdklab@iol.unh.edu \
--cc=dpdk-test-reports@iol.unh.edu \
--cc=test-report@dpdk.org \
/path/to/YOUR_REPLY
https://kernel.org/pub/software/scm/git/docs/git-send-email.html
* If your mail client supports setting the In-Reply-To header
via mailto: links, try the mailto: link
Be sure your reply has a Subject: header at the top and a blank line
before the message body.
This is a public inbox, see mirroring instructions
for how to clone and mirror all data and code used for this inbox;
as well as URLs for NNTP newsgroup(s).