From mboxrd@z Thu Jan 1 00:00:00 1970 Return-Path: Received: from mails.dpdk.org (mails.dpdk.org [217.70.189.124]) by inbox.dpdk.org (Postfix) with ESMTP id 9E2F748A07 for ; Tue, 28 Oct 2025 21:58:42 +0100 (CET) Received: from mails.dpdk.org (localhost [127.0.0.1]) by mails.dpdk.org (Postfix) with ESMTP id 98C3A4021E; Tue, 28 Oct 2025 21:58:42 +0100 (CET) Received: from mail-yw1-f228.google.com (mail-yw1-f228.google.com [209.85.128.228]) by mails.dpdk.org (Postfix) with ESMTP id 00E874021E for ; Tue, 28 Oct 2025 21:58:41 +0100 (CET) Received: by mail-yw1-f228.google.com with SMTP id 00721157ae682-784a5f53e60so76994567b3.2 for ; Tue, 28 Oct 2025 13:58:41 -0700 (PDT) DKIM-Signature: v=1; a=rsa-sha256; c=relaxed/relaxed; d=iol.unh.edu; s=unh-iol; t=1761685121; x=1762289921; darn=dpdk.org; h=references:in-reply-to:cc:to:from:subject:message-id:date:from:to :cc:subject:date:message-id:reply-to; bh=WWot+OS1Qqr5SjJKr7LHZsNikxeJAmfI22cnq+v0O3U=; b=Tg6QXo6xiw/9A0w0Vq9wwaOwRQ3wEfnL+rZl52qNIm0NnsgCgaEbF0xKLp0HwBjzZ1 7ozUWwYkMXD91d2VpWV+dzd4kCxYk5sY0/h+Kv4k1nsIFA590YJw981CnZxOBN61vhHk 6GG7+U0CBQc1TDRNh2JxuepSwSzBOMog+zHOM= X-Google-DKIM-Signature: v=1; a=rsa-sha256; c=relaxed/relaxed; d=1e100.net; s=20230601; t=1761685121; x=1762289921; h=references:in-reply-to:cc:to:from:subject:message-id:date :x-gm-message-state:from:to:cc:subject:date:message-id:reply-to; bh=WWot+OS1Qqr5SjJKr7LHZsNikxeJAmfI22cnq+v0O3U=; b=Bcw4yhwTDAbV7fzd6FHpGi/s6o4NJrhxSCNzDY0DsoMJO7Z88TQjCR7QQKzImASx4i p+gf52eW4tEe0+bhjcLeVh0QNWH3OkVpUJ+xr97Tm5r1YtCCQF8X33A9MWAtrBRpnLhP mtSsxULR7NcQS6orS83uPmw5wDiFfsuh6nL2IrQNWKBJXDrrgy/rOpToFaFXViLoaUmR EQuFxQy/k4d+Dkuif4QEx54/9slc72iMlrijJ8YlvvwmdFD4gAnJdOFmhK5IX/v+HUCA ex21u5MH1SkAe97xnrOgj9riEwXmUnCt1oGttyJsP9ifQLd0G42dUl/CS0QoE99Ah3mW gc0g== X-Gm-Message-State: AOJu0YwrgvcNKLw1TyWpBGtZ/zJMuOym/JPCjdw3aCLRNU5jGSzHfnCd J1Au7lLp36K4bTktiYKGc1z8nRjYrs8P51i/z5uKoD4ecZGdJwL9Qx6bLD3x+O+KGELIu43eIfu o2SII35ftoXLOTMas5pXydouphXLtopfgeMhS5MDL5a6uaAPba7s/pfDHEBG6 X-Gm-Gg: ASbGncvcjzr9QAfWmB0lEm31Jmk2ryNYlrN5ztxbGce37/QWTnt4elSQ/49tPS+smKS 0k+TdB4gR2hL14VHjlYmDhVD6DaXWVQdtit+JAss6MHPfdGEpFYn9y/4v+kZuD8zMl5cpiTCL3M G4KoMGOTnGFWBkS65KFaDt93toDA15k1nZy376j7ZGtLgL/qYRTF5pfi5WjP4B+Fy/tmMrWA9gW XdKI385zP+AcmlToYxOyr9vnjJLGj8UMMD3cDlQzL8Qt3NpiiwEry6wXlRsviw1haUjTcgBAHUf 8GgrDdXLQ03IA2vC28Whz1I+lr3OV/rOuXDt0o6297WdafncZdimFziGAWxO2wpALGycqgew9rM Be4q3j5MH X-Google-Smtp-Source: AGHT+IEjEhwKL2eqiuSg+sRdxfBQqGzT8l6CP2YyVr8/CqyUTpOe15S2l3e9jASzjnO0zlk+3Ex1v/z9tcLd X-Received: by 2002:a05:690c:690b:b0:781:270f:6008 with SMTP id 00721157ae682-78628fb14cfmr6471747b3.52.1761685121317; Tue, 28 Oct 2025 13:58:41 -0700 (PDT) Received: from postal.iol.unh.edu (postal.iol.unh.edu. [2606:4100:3880:1234::84]) by smtp-relay.gmail.com with ESMTPS id 00721157ae682-785ed1d9b6esm8066877b3.26.2025.10.28.13.58.41 (version=TLS1_2 cipher=ECDHE-ECDSA-AES128-GCM-SHA256 bits=128/128); Tue, 28 Oct 2025 13:58:41 -0700 (PDT) X-Relaying-Domain: iol.unh.edu Date: Tue, 28 Oct 2025 13:58:41 -0700 (PDT) Message-ID: <69012e81.050a0220.2c2468.4e6dSMTPIN_ADDED_MISSING@mx.google.com> Received: from [172.21.0.2] (unknown [172.18.0.240]) by postal.iol.unh.edu (Postfix) with ESMTP id E96276050A61; Tue, 28 Oct 2025 16:58:40 -0400 (EDT) Subject: |FAILURE| pw158180-158181 [PATCH] [2/2] net/mlx5: support PF represe From: dpdklab@iol.unh.edu To: Test Report Cc: dpdk-test-reports@iol.unh.edu, Stephen Hemminger , Gregory Etelson In-Reply-To: <20251028095831.53669-2-getelson@nvidia.com> References: <20251028095831.53669-2-getelson@nvidia.com> Content-Type: text/plain X-BeenThere: test-report@dpdk.org X-Mailman-Version: 2.1.29 Precedence: list List-Id: automatic DPDK test reports List-Unsubscribe: , List-Archive: List-Post: List-Help: List-Subscribe: , Errors-To: test-report-bounces@dpdk.org Test-Label: iol-unit-arm64-testing Test-Status: FAILURE http://dpdk.org/patch/158181 _Testing issues_ Submitter: Gregory Etelson Date: Tuesday, October 28 2025 09:58:30 DPDK git baseline: Repo:dpdk-next-net Branch: master CommitID:11a6a4b1f19140ac3a57ace844be3cba00c39eaa 158180-158181 --> testing issues Upstream job id: Generic-Unit-Test-DPDK#386106 Test environment and result as below: +------------------------------+----------------+--------------+---------------------------+------------------------------+ | Environment | dpdk_unit_test | lpm_autotest | cryptodev_sw_zuc_autotest | cryptodev_sw_snow3g_autotest | +==============================+================+==============+===========================+==============================+ | CentOS Stream 9 | FAIL | SKIPPED | SKIPPED | SKIPPED | +------------------------------+----------------+--------------+---------------------------+------------------------------+ | CentOS Stream 10 | FAIL | SKIPPED | SKIPPED | SKIPPED | +------------------------------+----------------+--------------+---------------------------+------------------------------+ | Debian GNU/Linux 12 | FAIL | SKIPPED | SKIPPED | SKIPPED | +------------------------------+----------------+--------------+---------------------------+------------------------------+ | Fedora Linux 40 | FAIL | SKIPPED | SKIPPED | SKIPPED | +------------------------------+----------------+--------------+---------------------------+------------------------------+ | Fedora Linux 42 | FAIL | SKIPPED | SKIPPED | SKIPPED | +------------------------------+----------------+--------------+---------------------------+------------------------------+ | Fedora Linux 41 | FAIL | SKIPPED | SKIPPED | SKIPPED | +------------------------------+----------------+--------------+---------------------------+------------------------------+ | Red Hat Enterprise Linux 9.5 | FAIL | SKIPPED | SKIPPED | SKIPPED | +------------------------------+----------------+--------------+---------------------------+------------------------------+ | Ubuntu 20.04 | FAIL | PASS | SKIPPED | SKIPPED | +------------------------------+----------------+--------------+---------------------------+------------------------------+ | Ubuntu 22.04 | PASS | SKIPPED | SKIPPED | SKIPPED | +------------------------------+----------------+--------------+---------------------------+------------------------------+ | Ubuntu 24.04 | FAIL | SKIPPED | SKIPPED | SKIPPED | +------------------------------+----------------+--------------+---------------------------+------------------------------+ | Debian 12 (arm) | SKIPPED | SKIPPED | PASS | PASS | +------------------------------+----------------+--------------+---------------------------+------------------------------+ ==== Unit test summary for Ubuntu 24.04 (dpdk_unit_test): ==== ninja: Entering directory `/home-local/jenkins-local/jenkins-agent/workspace/Generic-Unit-Test-DPDK@10/dpdk/build' ninja: no work to do. 1/120 DPDK:fast-tests / acl_autotest OK 10.16s 2/120 DPDK:fast-tests / alarm_autotest OK 1.41s 3/120 DPDK:fast-tests / argparse_autotest OK 0.39s 4/120 DPDK:fast-tests / atomic_autotest OK 9.67s 5/120 DPDK:fast-tests / bitcount_autotest OK 0.46s 6/120 DPDK:fast-tests / bitmap_autotest OK 0.39s 7/120 DPDK:fast-tests / bitops_autotest OK 1.83s 8/120 DPDK:fast-tests / bitratestats_autotest OK 0.40s 9/120 DPDK:fast-tests / bitset_autotest OK 6.30s 10/120 DPDK:fast-tests / bpf_autotest OK 0.43s 11/120 DPDK:fast-tests / bpf_convert_autotest OK 0.38s 12/120 DPDK:fast-tests / byteorder_autotest OK 0.36s 13/120 DPDK:fast-tests / cfgfile_autotest OK 0.36s 14/120 DPDK:fast-tests / cksum_autotest OK 0.34s 15/120 DPDK:fast-tests / cmdline_autotest OK 0.34s 16/120 DPDK:fast-tests / common_autotest OK 2.21s 17/120 DPDK:fast-tests / compressdev_autotest SKIP 0.20s exit status 77 18/120 DPDK:fast-tests / cpuflags_autotest OK 0.40s 19/120 DPDK:fast-tests / crc_autotest OK 0.36s 20/120 DPDK:fast-tests / user_delay_us OK 0.35s 21/120 DPDK:fast-tests / debug_autotest OK 3.09s 22/120 DPDK:fast-tests / devargs_autotest FAIL 1.11s killed by signal 11 SIGSEGV >>> MALLOC_PERTURB_=185 DPDK_TEST=devargs_autotest /home-local/jenkins-local/jenkins-agent/workspace/Generic-Unit-Test-DPDK@10/dpdk/build/app/dpdk-test --no-huge -m 2048 23/120 DPDK:fast-tests / dispatcher_autotest OK 4.98s 24/120 DPDK:fast-tests / distributor_autotest OK 1.19s 25/120 DPDK:fast-tests / eal_flags_c_opt_autotest OK 3.57s 26/120 DPDK:fast-tests / eal_flags_main_opt_autotest OK 0.91s 27/120 DPDK:fast-tests / eal_flags_n_opt_autotest OK 0.84s 28/120 DPDK:fast-tests / eal_flags_hpet_autotest OK 0.50s 29/120 DPDK:fast-tests / eal_flags_no_huge_autotest OK 0.87s 30/120 DPDK:fast-tests / eal_flags_a_opt_autotest OK 1.32s 31/120 DPDK:fast-tests / eal_flags_b_opt_autotest OK 1.05s 32/120 DPDK:fast-tests / eal_flags_vdev_opt_autotest OK 0.79s 33/120 DPDK:fast-tests / eal_flags_r_opt_autotest OK 0.83s 34/120 DPDK:fast-tests / eal_flags_mem_autotest OK 1.19s 35/120 DPDK:fast-tests / eal_flags_file_prefix_autotest OK 3.27s 36/120 DPDK:fast-tests / eal_flags_misc_autotest OK 4.29s 37/120 DPDK:fast-tests / eal_fs_autotest OK 0.36s 38/120 DPDK:fast-tests / errno_autotest OK 0.32s 39/120 DPDK:fast-tests / ethdev_link_status OK 0.32s 40/120 DPDK:fast-tests / event_eth_tx_adapter_autotest OK 2.18s 41/120 DPDK:fast-tests / event_ring_autotest OK 0.36s 42/120 DPDK:fast-tests / eventdev_common_autotest OK 0.33s 43/120 DPDK:fast-tests / eventdev_selftest_sw OK 22.59s 44/120 DPDK:fast-tests / fbarray_autotest OK 0.40s 45/120 DPDK:fast-tests / fib_autotest OK 1.91s 46/120 DPDK:fast-tests / fib6_autotest OK 1.77s 47/120 DPDK:fast-tests / func_reentrancy_autotest OK 1.66s 48/120 DPDK:fast-tests / graph_autotest OK 0.51s 49/120 DPDK:fast-tests / node_list_dump OK 0.48s 50/120 DPDK:fast-tests / graph_feature_arc_autotest OK 0.43s 51/120 DPDK:fast-tests / hash_autotest OK 1.15s 52/120 DPDK:fast-tests / hash_readwrite_func_autotest OK 15.52s 53/120 DPDK:fast-tests / interrupt_autotest OK 1.39s 54/120 DPDK:fast-tests / ipfrag_autotest OK 0.19s 55/120 DPDK:fast-tests / ipsec_autotest SKIP 0.45s exit status 77 56/120 DPDK:fast-tests / kvargs_autotest OK 0.32s 57/120 DPDK:fast-tests / latencystats_autotest OK 0.34s 58/120 DPDK:fast-tests / lcore_var_autotest OK 1.65s 59/120 DPDK:fast-tests / lcores_autotest OK 6.25s 60/120 DPDK:fast-tests / logs_autotest OK 0.32s 61/120 DPDK:fast-tests / lpm_autotest OK 3.47s 62/120 DPDK:fast-tests / lpm6_autotest OK 10.10s 63/120 DPDK:fast-tests / malloc_autotest OK 0.90s 64/120 DPDK:fast-tests / mbuf_autotest OK 3.41s 65/120 DPDK:fast-tests / mcslock_autotest OK 1.68s 66/120 DPDK:fast-tests / member_autotest OK 2.90s 67/120 DPDK:fast-tests / memcpy_autotest OK 13.35s 68/120 DPDK:fast-tests / memory_autotest OK 0.18s 69/120 DPDK:fast-tests / mempool_autotest OK 0.78s 70/120 DPDK:fast-tests / memzone_autotest OK 0.21s 71/120 DPDK:fast-tests / meter_autotest OK 0.36s 72/120 DPDK:fast-tests / metrics_autotest OK 0.33s 73/120 DPDK:fast-tests / multiprocess_autotest OK 0.73s 74/120 DPDK:fast-tests / net_ether_autotest OK 1.97s 75/120 DPDK:fast-tests / net_ipv6_autotest OK 0.32s 76/120 DPDK:fast-tests / pcapng_autotest OK 7.77s 77/120 DPDK:fast-tests / pdcp_autotest SKIP 0.23s exit status 77 78/120 DPDK:fast-tests / pdump_autotest OK 0.92s 79/120 DPDK:fast-tests / per_lcore_autotest OK 0.46s 80/120 DPDK:fast-tests / pflock_autotest OK 0.68s 81/120 DPDK:fast-tests / pie_autotest OK 0.32s 82/120 DPDK:fast-tests / ring_pmd_autotest OK 0.33s 83/120 DPDK:fast-tests / power_autotest OK 0.32s 84/120 DPDK:fast-tests / power_cpufreq_autotest SKIP 0.18s exit status 77 85/120 DPDK:fast-tests / power_intel_uncore_autotest SKIP 0.38s exit status 77 86/120 DPDK:fast-tests / power_kvm_vm_autotest SKIP 0.19s exit status 77 87/120 DPDK:fast-tests / prefetch_autotest OK 0.36s 88/120 DPDK:fast-tests / ptr_compress_autotest OK 0.31s 89/120 DPDK:fast-tests / rawdev_autotest OK 0.32s 90/120 DPDK:fast-tests / rcu_qsbr_autotest OK 1.28s 91/120 DPDK:fast-tests / reorder_autotest OK 0.88s 92/120 DPDK:fast-tests / rib_autotest OK 7.99s 93/120 DPDK:fast-tests / rib6_autotest OK 7.92s 94/120 DPDK:fast-tests / ring_autotest OK 0.40s 95/120 DPDK:fast-tests / rwlock_test1_autotest OK 0.67s 96/120 DPDK:fast-tests / rwlock_rda_autotest OK 5.32s 97/120 DPDK:fast-tests / rwlock_rds_wrm_autotest OK 5.37s 98/120 DPDK:fast-tests / rwlock_rde_wro_autotest OK 5.34s 99/120 DPDK:fast-tests / sched_autotest OK 0.36s 100/120 DPDK:fast-tests / security_autotest OK 0.18s 101/120 DPDK:fast-tests / seqlock_autotest OK 2.37s 102/120 DPDK:fast-tests / service_autotest OK 3.03s 103/120 DPDK:fast-tests / soring_autotest OK 0.35s 104/120 DPDK:fast-tests / spinlock_autotest OK 0.36s 105/120 DPDK:fast-tests / stack_autotest OK 0.74s 106/120 DPDK:fast-tests / stack_lf_autotest OK 0.66s 107/120 DPDK:fast-tests / string_autotest OK 0.37s 108/120 DPDK:fast-tests / table_autotest OK 14.43s 109/120 DPDK:fast-tests / tailq_autotest OK 0.39s 110/120 DPDK:fast-tests / telemetry_data_autotest OK 0.33s 111/120 DPDK:fast-tests / telemetry_json_autotest OK 0.39s 112/120 DPDK:fast-tests / thash_autotest OK 0.44s 113/120 DPDK:fast-tests / threads_autotest OK 0.49s 114/120 DPDK:fast-tests / ticketlock_autotest OK 0.43s 115/120 DPDK:fast-tests / timer_autotest OK 3.49s 116/120 DPDK:fast-tests / trace_autotest OK 0.38s 117/120 DPDK:fast-tests / trace_autotest_with_traces OK 0.36s 118/120 DPDK:fast-tests / vdev_autotest OK 0.33s 119/120 DPDK:fast-tests / version_autotest OK 0.33s 120/120 DPDK:fast-tests / telemetry_all OK 51.62s Ok: 113 Expected Fail: 0 Fail: 1 Unexpected Pass: 0 Skipped: 6 Timeout: 0 Full log written to /home-local/jenkins-local/jenkins-agent/workspace/Generic-Unit-Test-DPDK@10/dpdk/build/meson-logs/testlog.txt Test log output from the failed test devargs_autotest: Sorry, we were not able to find the logs for this test. Download the log output from the CI site for this test run. ==== End log output ==== CentOS Stream 9 Kernel: 5.4 Compiler: gcc gcc (GCC) 11.5.0 20240719 (Red Hat 11.5.0-11) CentOS Stream 10 Kernel: 5.4 Compiler: gcc gcc (GCC) 14.2.1 20250110 (Red Hat 14.2.1-8) Debian GNU/Linux 12 Kernel: 5.4 Compiler: gcc gcc (Debian 12.2.0-14+deb12u1) 12.2.0 Fedora Linux 40 Kernel: 5.4 Compiler: clang gcc (GCC) 14.2.1 20240912 (Red Hat 14.2.1-3) Fedora Linux 42 Kernel: 5.4 Compiler: gcc gcc (GCC) 15.2.1 20250808 (Red Hat 15.2.1-1) Fedora Linux 41 Kernel: 5.4 Compiler: gcc gcc (GCC) 14.3.1 20250523 (Red Hat 14.3.1-1) Red Hat Enterprise Linux 9.5 Kernel: 5.4 Compiler: gcc gcc (GCC) 11.5.0 20240719 (Red Hat 11.5.0-2) Ubuntu 20.04 Kernel: 5.4 Compiler: gcc gcc (Ubuntu 9.4.0-1ubuntu1~20.04.2) 9.4.0 Ubuntu 22.04 Kernel: 5.4 Compiler: gcc gcc (Ubuntu 11.4.0-1ubuntu1~22.04) 11.4.0 Ubuntu 24.04 Kernel: 5.4 Compiler: gcc gcc (Ubuntu 13.3.0-6ubuntu2~24.04) 13.3.0 Debian 12 (arm) Kernel: Depends on container host Compiler: gcc (Debian 12.2.0-14) 12.2.0 To view detailed results, visit: https://lab.dpdk.org/results/dashboard/patchsets/34399/ UNH-IOL DPDK Community Lab To manage your email subscriptions, visit: https://lab.dpdk.org/results/dashboard/preferences/subscriptions/