From mboxrd@z Thu Jan 1 00:00:00 1970 Return-Path: Received: from mails.dpdk.org (mails.dpdk.org [217.70.189.124]) by inbox.dpdk.org (Postfix) with ESMTP id 8224F48A1E for ; Wed, 29 Oct 2025 02:54:53 +0100 (CET) Received: from mails.dpdk.org (localhost [127.0.0.1]) by mails.dpdk.org (Postfix) with ESMTP id 5DD5540262; Wed, 29 Oct 2025 02:54:53 +0100 (CET) Received: from mail-pl1-f227.google.com (mail-pl1-f227.google.com [209.85.214.227]) by mails.dpdk.org (Postfix) with ESMTP id 2333A40262 for ; Wed, 29 Oct 2025 02:54:52 +0100 (CET) Received: by mail-pl1-f227.google.com with SMTP id d9443c01a7336-292322d10feso4488145ad.0 for ; Tue, 28 Oct 2025 18:54:52 -0700 (PDT) DKIM-Signature: v=1; a=rsa-sha256; c=relaxed/relaxed; d=iol.unh.edu; s=unh-iol; t=1761702891; x=1762307691; darn=dpdk.org; h=references:in-reply-to:cc:to:from:subject:message-id:date:from:to :cc:subject:date:message-id:reply-to; bh=b8cSFsGUqS24WNT+5+iKSeTsrERI00JjBknhhIAaNSs=; b=B+mNJvELdSloRsdDCarbrZpEVnPVNtedguIz/4maCXgJRqijCh6G9CxjOUoiSoR8YU VaSz7FwD0Y/t7plzlwq/FRhJlE5IZ7C60p/9oh+qotzNtE+g1/PAJmTP67Hfmv2oPG51 dEEtCGCACu20TYexn7r+gCjmd5yazrv9lEVqs= X-Google-DKIM-Signature: v=1; a=rsa-sha256; c=relaxed/relaxed; d=1e100.net; s=20230601; t=1761702891; x=1762307691; h=references:in-reply-to:cc:to:from:subject:message-id:date :x-gm-message-state:from:to:cc:subject:date:message-id:reply-to; bh=b8cSFsGUqS24WNT+5+iKSeTsrERI00JjBknhhIAaNSs=; b=Zyapg5wQNEYnWCbgpBvWqDxpVlXV3hqqVo8GXTA31yu/VB/+4gTD3oiVBbPlGrqsmh XfHsZphd/eDZmTccK8xjjoFN0Kq2MG9+Zrme61ZX9tW2tF0fogbG3oClCPZo3hm3vTG2 8Cbt4wOJvzVBuQTGA8UoSiTmUT2JH2HAiLLZim/OCr/tEWjxvIuO407kwPnSrMjZfydG cHbqRorvXjVohV+SChQ2MkTBcK8jn69FQuTKA0TyVXBDDpng2/ur8AeEQFOaaUhCgMb5 kDi8M6Bu6iNwwCwep42uWc5hxeA5XL7X7r8UjpeVHI6+pfDoxVs7ExgdRpVW2PDt086f aSLw== X-Gm-Message-State: AOJu0Yz+DdBeNaIUjzZ9G/ebXlckESojiZkI3YiG1WpETQpyGEhSKZBt MC4lYMrTIPcLA3boY+/BijzseUT15e+6Wlxwue35l16iGz8NDHflKB++S28YccO4Ah7LNzN8odM hIDwkT/2aQYADwMfKNRxScfQ+RPmG3tn2WGAUdfTc7aIK/AFptdRLnzBEuaJs X-Gm-Gg: ASbGncsSUtzbJsYdbUxiphZR89Lo8ilRpz9CMnXxTZSOzHYiPI5yUa3BNxMB540+Ywq +Tvfh0/QJ5MUnnE+K/yO8j3jHE/Ik4MCSfFnUygyM+2v3cfpBzd37QjGs+lpzddbD4/OXFxsfRr dIWp/L7qAYYAE+xo4U1XYUVRL7nbaXV62+QwQK5BEYFw3sKpjcSDD3qnilRK2vSgaG3BKZTqdEw 13uT124qLwqirZZF7uVbt75xEitB/rDnnusJ/PK4Q9spY59FhH4K9v+fK7Lxk/klnc/uzTdsTvQ RvnaloJAdrWPnQpRcc/B8BTiHk5EehuuNhrDo32cgbeMWeBNjRmKhqCt1iC8MWPYcQK975vjbTQ yHPPGX1Rr X-Google-Smtp-Source: AGHT+IGRVftggArN69YpLgXqFAUuB23xW/gicBK3zgfjgD4+aY9GvToj4DiUt5NA0XW/IP/gbs7G4wSzSgp5 X-Received: by 2002:a17:902:e788:b0:290:b10f:9aec with SMTP id d9443c01a7336-294cc77a4b7mr59740285ad.26.1761702891144; Tue, 28 Oct 2025 18:54:51 -0700 (PDT) Received: from postal.iol.unh.edu (postal.iol.unh.edu. [2606:4100:3880:1234::84]) by smtp-relay.gmail.com with ESMTPS id d9443c01a7336-29498d40e05sm12905575ad.44.2025.10.28.18.54.51 (version=TLS1_2 cipher=ECDHE-ECDSA-AES128-GCM-SHA256 bits=128/128); Tue, 28 Oct 2025 18:54:51 -0700 (PDT) X-Relaying-Domain: iol.unh.edu Date: Tue, 28 Oct 2025 18:54:51 -0700 (PDT) Message-ID: <690173eb.170a0220.1722f0.cf4fSMTPIN_ADDED_MISSING@mx.google.com> Received: from [172.21.0.4] (unknown [172.18.0.240]) by postal.iol.unh.edu (Postfix) with ESMTP id A1BC76051830; Tue, 28 Oct 2025 21:54:50 -0400 (EDT) Subject: |FAILURE| pw158208 [PATCH] [v2] config/arm: add HiSilicon HIP12 From: dpdklab@iol.unh.edu To: Test Report Cc: dpdk-test-reports@iol.unh.edu, fengchengwen In-Reply-To: <20251029011626.9298-1-fengchengwen@huawei.com> References: <20251029011626.9298-1-fengchengwen@huawei.com> Content-Type: text/plain X-BeenThere: test-report@dpdk.org X-Mailman-Version: 2.1.29 Precedence: list List-Id: automatic DPDK test reports List-Unsubscribe: , List-Archive: List-Post: List-Help: List-Subscribe: , Errors-To: test-report-bounces@dpdk.org Test-Label: iol-compile-amd64-testing Test-Status: FAILURE http://dpdk.org/patch/158208 _Testing issues_ Submitter: fengchengwen Date: Wednesday, October 29 2025 01:16:26 DPDK git baseline: Repo:dpdk Branch: master CommitID:39b54f2dcf44ad1f91eabc7080cd5dea763607fd 158208 --> testing issues Upstream job id: Generic-DPDK-Compile-Meson#438826 Test environment and result as below: +-------------------------------+--------------------+-------------------+------------------+-------------------+-------------------------+ | Environment | dpdk_meson_compile | dpdk_compile_spdk | dpdk_compile_ovs | dpdk_msvc_compile | dpdk_llvm_clang_compile | +===============================+====================+===================+==================+===================+=========================+ | CentOS Stream 9 | PEND | PEND | SKIPPED | SKIPPED | SKIPPED | +-------------------------------+--------------------+-------------------+------------------+-------------------+-------------------------+ | CentOS Stream 10 | PASS | SKIPPED | SKIPPED | SKIPPED | SKIPPED | +-------------------------------+--------------------+-------------------+------------------+-------------------+-------------------------+ | Debian GNU/Linux 12 | PEND | PEND | SKIPPED | SKIPPED | SKIPPED | +-------------------------------+--------------------+-------------------+------------------+-------------------+-------------------------+ | Fedora Linux 42 | PEND | PEND | PEND | SKIPPED | SKIPPED | +-------------------------------+--------------------+-------------------+------------------+-------------------+-------------------------+ | Ubuntu 20.04 | PASS | SKIPPED | SKIPPED | SKIPPED | SKIPPED | +-------------------------------+--------------------+-------------------+------------------+-------------------+-------------------------+ | Red Hat Enterprise Linux 8.10 | PASS | SKIPPED | SKIPPED | SKIPPED | SKIPPED | +-------------------------------+--------------------+-------------------+------------------+-------------------+-------------------------+ | openSUSE Leap 15.6 | PASS | SKIPPED | SKIPPED | SKIPPED | SKIPPED | +-------------------------------+--------------------+-------------------+------------------+-------------------+-------------------------+ | Red Hat Enterprise Linux 9.5 | PASS | SKIPPED | SKIPPED | SKIPPED | SKIPPED | +-------------------------------+--------------------+-------------------+------------------+-------------------+-------------------------+ | Ubuntu 22.04 | PASS | WARN | SKIPPED | SKIPPED | SKIPPED | +-------------------------------+--------------------+-------------------+------------------+-------------------+-------------------------+ | Ubuntu 24.04 | PEND | PEND | PEND | SKIPPED | SKIPPED | +-------------------------------+--------------------+-------------------+------------------+-------------------+-------------------------+ | FreeBSD 14.2 | PASS | SKIPPED | SKIPPED | SKIPPED | SKIPPED | +-------------------------------+--------------------+-------------------+------------------+-------------------+-------------------------+ | Alpine Linux 3.22.0 | PEND | SKIPPED | SKIPPED | SKIPPED | SKIPPED | +-------------------------------+--------------------+-------------------+------------------+-------------------+-------------------------+ | Windows Server 2022 | SKIPPED | SKIPPED | SKIPPED | PEND | PEND | +-------------------------------+--------------------+-------------------+------------------+-------------------+-------------------------+ ==== 20 line log output for Ubuntu 22.04 (dpdk_compile_spdk): ==== --- Failed to get log output --- ==== End log output ==== CentOS Stream 9 Kernel: 5.15 Compiler: gcc gcc (GCC) 11.5.0 20240719 (Red Hat 11.5.0-11) CentOS Stream 10 Kernel: 5.15 Compiler: gcc gcc (GCC) 14.2.1 20250110 (Red Hat 14.2.1-8) Debian GNU/Linux 12 Kernel: 5.15 Compiler: gcc gcc (Debian 12.2.0-14+deb12u1) 12.2.0 Fedora Linux 42 Kernel: 5.15 Compiler: gcc gcc (GCC) 15.2.1 20250808 (Red Hat 15.2.1-1) Ubuntu 20.04 Kernel: 5.15 Compiler: gcc gcc (Ubuntu 9.4.0-1ubuntu1~20.04.2) 9.4.0 Red Hat Enterprise Linux 8.10 Kernel: 5.15 Compiler: gcc gcc (GCC) 8.5.0 20210514 (Red Hat 8.5.0-22) openSUSE Leap 15.6 Kernel: 5.15 Compiler: gcc gcc (SUSE Linux) 7.5.0 Red Hat Enterprise Linux 9.5 Kernel: 5.15 Compiler: gcc gcc (GCC) 11.5.0 20240719 (Red Hat 11.5.0-2) Ubuntu 22.04 Kernel: 5.15 Compiler: gcc gcc (Ubuntu 11.4.0-1ubuntu1~22.04) 11.4.0 Ubuntu 24.04 Kernel: 5.15 Compiler: gcc gcc (Ubuntu 13.3.0-6ubuntu2~24.04) 13.3.0 FreeBSD 14.2 Kernel: 14.2-RELEASE Compiler: clang 18.1.6 Alpine Linux 3.22.0 Kernel: 5.15 Compiler: gcc gcc (Alpine 14.2.0) 14.2.0 Windows Server 2022 Kernel: 10.0.20348.2031 Compiler: clang 15.0.7, gcc 14.1.0 (MinGW), and MSVC VS 19.39.33521 To view detailed results, visit: https://lab.dpdk.org/results/dashboard/patchsets/34411/ UNH-IOL DPDK Community Lab To manage your email subscriptions, visit: https://lab.dpdk.org/results/dashboard/preferences/subscriptions/