From mboxrd@z Thu Jan 1 00:00:00 1970 Return-Path: Received: from mails.dpdk.org (mails.dpdk.org [217.70.189.124]) by inbox.dpdk.org (Postfix) with ESMTP id 1A1FA48A20 for ; Wed, 29 Oct 2025 03:46:47 +0100 (CET) Received: from mails.dpdk.org (localhost [127.0.0.1]) by mails.dpdk.org (Postfix) with ESMTP id 12B3440262; Wed, 29 Oct 2025 03:46:47 +0100 (CET) Received: from mail-ua1-f100.google.com (mail-ua1-f100.google.com [209.85.222.100]) by mails.dpdk.org (Postfix) with ESMTP id 2371140262 for ; Wed, 29 Oct 2025 03:46:46 +0100 (CET) Received: by mail-ua1-f100.google.com with SMTP id a1e0cc1a2514c-934f0e9d4afso371942241.1 for ; Tue, 28 Oct 2025 19:46:46 -0700 (PDT) DKIM-Signature: v=1; a=rsa-sha256; c=relaxed/relaxed; d=iol.unh.edu; s=unh-iol; t=1761706005; x=1762310805; darn=dpdk.org; h=references:in-reply-to:cc:to:from:subject:message-id:date:from:to :cc:subject:date:message-id:reply-to; bh=MdvpgfIyxlJWiabOlZV57K37AwxrDeu677n58Dr/X9E=; b=LdTxTGGPXqhmYk5n1Zo6a299X1PfQeXVDqbM9eh+XIy1zBRWvy07oAloJ60jxv6cgz az+29HsENAv3MQ21spbBwLdqmrfET3jbytT1DVj8PjQPsYOcPv1DiZYxhrB/UxBo872G cX0jqRmH0cmGEKvp0pFEedS4LGCvR/s0Tye6s= X-Google-DKIM-Signature: v=1; a=rsa-sha256; c=relaxed/relaxed; d=1e100.net; s=20230601; t=1761706005; x=1762310805; h=references:in-reply-to:cc:to:from:subject:message-id:date :x-gm-message-state:from:to:cc:subject:date:message-id:reply-to; bh=MdvpgfIyxlJWiabOlZV57K37AwxrDeu677n58Dr/X9E=; b=cvH8Q8z89NAg0ynvWLHvVzf1Jg14r4vsSzMopAoqtr2HIf/oCpjRVRU5hONDc87hId iQraGwEFGa5Q+3UwN4nkKfW61WtGpo8CUpMpVuBhU9V98XiiC7pAnJ/LeJw+Nn9H4coZ spdgOH+GZuOOf66RxS4i2nKUjpGhAlpglBqRc9Dk7vr5iYFIhMZODoxxjFIPZRSngYBG Qv75dW6tbvbwPMespJtt+jMgW1XjxZY6yOTzK7mZG8zxr9HXl0mJNtHHcYLbg0b63sNw KnfHhx/2zrsCM8novLTBa2NortWsIYX0bDK/fW0R1A9FETr/jlIXjZ/MS9s/j9EfX9AC dqbg== X-Gm-Message-State: AOJu0Yxnw+oqFT1kZb208yyeInsIyd7axwRh92TybBd6u5iu9Z5NMkPR Zr7iiSmxpNLe1PYI4zm03QRAqbg14Qkm2IxR3pdCkPkrPMyrs77UyAlv1JX0A/YUJOTKx3cu6/e uzwr13Lse5nGCsl6Aef78V0aRmonq2R6pWtLEe60cAO3VdDaZ0rmDr16LHITI X-Gm-Gg: ASbGncv6Othk+6+oA0RvCVaWXjdd4B9zTNGfMtvDf7XKoviEJ9bFo6nsdbO7iEls49X iZoYDtpcEd4CRYNQPmKfEwVyCIJ/10Fr/gPUznvFKm/4TBMqYXq0ZI4YbiWYgJCKc2nRX7SHMq9 4WNp1TlNYcuE2TlVmpZlddy3Kh7o2W9SHEdqlyQOmsR1o2+hF6mftKxu2ahA/xbVkUKbgVsDgRT yiUSaPnB6Q6XjHHpiTToLD/wylf+hybJhIS5+VHGHmYSuNAVogTfQ/fcNHXj3SFto0b4LXUZjB+ ZMxHn55bIlZKEqEICNpW6V4WfEKoOeRW/eAtyIzq+2XaRzMcItjSdcLY4WqpEDokdjlbnmsMhBU kPzrdtQ18 X-Google-Smtp-Source: AGHT+IF5+jGRM3OLDGFoyYbY6r+u2DwI5TDUDeLvRD88f0U0WPOoaq0Mc+/ioAVspHDeF5NUxwqtvDdI8jn/ X-Received: by 2002:a05:6122:1986:b0:54a:910a:872d with SMTP id 71dfb90a1353d-558141cf95bmr385064e0c.13.1761706005489; Tue, 28 Oct 2025 19:46:45 -0700 (PDT) Received: from postal.iol.unh.edu (postal.iol.unh.edu. [2606:4100:3880:1234::84]) by smtp-relay.gmail.com with ESMTPS id 71dfb90a1353d-557ddb27e46sm1345630e0c.5.2025.10.28.19.46.45 (version=TLS1_2 cipher=ECDHE-ECDSA-AES128-GCM-SHA256 bits=128/128); Tue, 28 Oct 2025 19:46:45 -0700 (PDT) X-Relaying-Domain: iol.unh.edu Date: Tue, 28 Oct 2025 19:46:45 -0700 (PDT) Message-ID: <69018015.050a0220.38ad4.f0a4SMTPIN_ADDED_MISSING@mx.google.com> Received: from [172.21.0.2] (unknown [172.18.0.240]) by postal.iol.unh.edu (Postfix) with ESMTP id 242846051830; Tue, 28 Oct 2025 22:46:45 -0400 (EDT) Subject: |FAILURE| pw158209-158211 [PATCH] [v2,3/3] net/r8169: fix issues rep From: dpdklab@iol.unh.edu To: Test Report Cc: dpdk-test-reports@iol.unh.edu, Stephen Hemminger , Howard Wang In-Reply-To: <20251029020838.401035-4-howard_wang@realsil.com.cn> References: <20251029020838.401035-4-howard_wang@realsil.com.cn> Content-Type: text/plain X-BeenThere: test-report@dpdk.org X-Mailman-Version: 2.1.29 Precedence: list List-Id: automatic DPDK test reports List-Unsubscribe: , List-Archive: List-Post: List-Help: List-Subscribe: , Errors-To: test-report-bounces@dpdk.org Test-Label: iol-compile-amd64-testing Test-Status: FAILURE http://dpdk.org/patch/158211 _Testing issues_ Submitter: Howard Wang Date: Wednesday, October 29 2025 02:08:38 DPDK git baseline: Repo:dpdk-next-net Branch: master CommitID:977027b9ed422bd309bf761c5d360864900134f0 158209-158211 --> testing issues Upstream job id: Generic-DPDK-Compile-Meson#438853 Test environment and result as below: +-------------------------------+--------------------+-------------------+------------------+-------------------------+-------------------+----------------------+ | Environment | dpdk_meson_compile | dpdk_compile_spdk | dpdk_compile_ovs | dpdk_llvm_clang_compile | dpdk_msvc_compile | dpdk_mingw64_compile | +===============================+====================+===================+==================+=========================+===================+======================+ | CentOS Stream 9 | PEND | PEND | SKIPPED | SKIPPED | SKIPPED | SKIPPED | +-------------------------------+--------------------+-------------------+------------------+-------------------------+-------------------+----------------------+ | FreeBSD 14.2 | PASS | SKIPPED | SKIPPED | SKIPPED | SKIPPED | SKIPPED | +-------------------------------+--------------------+-------------------+------------------+-------------------------+-------------------+----------------------+ | Red Hat Enterprise Linux 9.5 | PASS | SKIPPED | SKIPPED | SKIPPED | SKIPPED | SKIPPED | +-------------------------------+--------------------+-------------------+------------------+-------------------------+-------------------+----------------------+ | CentOS Stream 10 | PASS | SKIPPED | SKIPPED | SKIPPED | SKIPPED | SKIPPED | +-------------------------------+--------------------+-------------------+------------------+-------------------------+-------------------+----------------------+ | Fedora Linux 42 | PEND | PEND | PEND | SKIPPED | SKIPPED | SKIPPED | +-------------------------------+--------------------+-------------------+------------------+-------------------------+-------------------+----------------------+ | openSUSE Leap 15.6 | PASS | SKIPPED | SKIPPED | SKIPPED | SKIPPED | SKIPPED | +-------------------------------+--------------------+-------------------+------------------+-------------------------+-------------------+----------------------+ | Red Hat Enterprise Linux 8.10 | PASS | SKIPPED | SKIPPED | SKIPPED | SKIPPED | SKIPPED | +-------------------------------+--------------------+-------------------+------------------+-------------------------+-------------------+----------------------+ | Ubuntu 20.04 | PASS | SKIPPED | SKIPPED | SKIPPED | SKIPPED | SKIPPED | +-------------------------------+--------------------+-------------------+------------------+-------------------------+-------------------+----------------------+ | Ubuntu 22.04 | PASS | WARN | SKIPPED | SKIPPED | SKIPPED | SKIPPED | +-------------------------------+--------------------+-------------------+------------------+-------------------------+-------------------+----------------------+ | Alpine Linux 3.22.0 | PASS | SKIPPED | SKIPPED | SKIPPED | SKIPPED | SKIPPED | +-------------------------------+--------------------+-------------------+------------------+-------------------------+-------------------+----------------------+ | Ubuntu 24.04 | PEND | PEND | PEND | SKIPPED | SKIPPED | SKIPPED | +-------------------------------+--------------------+-------------------+------------------+-------------------------+-------------------+----------------------+ | Debian GNU/Linux 12 | PEND | PEND | SKIPPED | SKIPPED | SKIPPED | SKIPPED | +-------------------------------+--------------------+-------------------+------------------+-------------------------+-------------------+----------------------+ | Windows Server 2022 | SKIPPED | SKIPPED | SKIPPED | PASS | PEND | PEND | +-------------------------------+--------------------+-------------------+------------------+-------------------------+-------------------+----------------------+ ==== 20 line log output for Ubuntu 22.04 (dpdk_compile_spdk): ==== --- Failed to get log output --- ==== End log output ==== CentOS Stream 9 Kernel: 5.15 Compiler: gcc gcc (GCC) 11.5.0 20240719 (Red Hat 11.5.0-11) FreeBSD 14.2 Kernel: 14.2-RELEASE Compiler: clang 18.1.6 Red Hat Enterprise Linux 9.5 Kernel: 5.15 Compiler: gcc gcc (GCC) 11.5.0 20240719 (Red Hat 11.5.0-2) CentOS Stream 10 Kernel: 5.15 Compiler: gcc gcc (GCC) 14.2.1 20250110 (Red Hat 14.2.1-8) Fedora Linux 42 Kernel: 5.15 Compiler: clang gcc (GCC) 15.2.1 20250808 (Red Hat 15.2.1-1) openSUSE Leap 15.6 Kernel: 5.15 Compiler: gcc gcc (SUSE Linux) 7.5.0 Red Hat Enterprise Linux 8.10 Kernel: 5.15 Compiler: gcc gcc (GCC) 8.5.0 20210514 (Red Hat 8.5.0-22) Ubuntu 20.04 Kernel: 5.15 Compiler: gcc gcc (Ubuntu 9.4.0-1ubuntu1~20.04.2) 9.4.0 Ubuntu 22.04 Kernel: 5.15 Compiler: gcc gcc (Ubuntu 11.4.0-1ubuntu1~22.04) 11.4.0 Alpine Linux 3.22.0 Kernel: 5.15 Compiler: gcc gcc (Alpine 14.2.0) 14.2.0 Ubuntu 24.04 Kernel: 5.15 Compiler: gcc gcc (Ubuntu 13.3.0-6ubuntu2~24.04) 13.3.0 Debian GNU/Linux 12 Kernel: 5.15 Compiler: gcc gcc (Debian 12.2.0-14+deb12u1) 12.2.0 Windows Server 2022 Kernel: 10.0.20348.2031 Compiler: clang 15.0.7, gcc 14.1.0 (MinGW), and MSVC VS 19.39.33521 To view detailed results, visit: https://lab.dpdk.org/results/dashboard/patchsets/34412/ UNH-IOL DPDK Community Lab To manage your email subscriptions, visit: https://lab.dpdk.org/results/dashboard/preferences/subscriptions/