From mboxrd@z Thu Jan 1 00:00:00 1970 Return-Path: Received: from mails.dpdk.org (mails.dpdk.org [217.70.189.124]) by inbox.dpdk.org (Postfix) with ESMTP id F0B6848A23 for ; Wed, 29 Oct 2025 07:13:46 +0100 (CET) Received: from mails.dpdk.org (localhost [127.0.0.1]) by mails.dpdk.org (Postfix) with ESMTP id EBEAB40281; Wed, 29 Oct 2025 07:13:46 +0100 (CET) Received: from mail-il1-f227.google.com (mail-il1-f227.google.com [209.85.166.227]) by mails.dpdk.org (Postfix) with ESMTP id 7F8ED40281 for ; Wed, 29 Oct 2025 07:13:39 +0100 (CET) Received: by mail-il1-f227.google.com with SMTP id e9e14a558f8ab-430ab5ee3afso66961055ab.2 for ; Tue, 28 Oct 2025 23:13:39 -0700 (PDT) DKIM-Signature: v=1; a=rsa-sha256; c=relaxed/relaxed; d=iol.unh.edu; s=unh-iol; t=1761718419; x=1762323219; darn=dpdk.org; h=cc:to:from:subject:message-id:date:from:to:cc:subject:date :message-id:reply-to; bh=dQJYU4hVZFlOBr0AAeNg+4uUXQcprA7j9occewZGmIg=; b=M70G6rAW+axyQFEeNqFM4paDfsAItkX4H2DwqUtDNCTUXbEocFhcLICB71GVRa+26a LmICbS3o6MPVqj89ShYmbroICpVPmTMe0jaOEvUUmyxx8He8le7jpsiQXBmRAUyvNd2Z JKHT5odU59JhoYRhE9GNAJxU1aHYnO2fwGgek= X-Google-DKIM-Signature: v=1; a=rsa-sha256; c=relaxed/relaxed; d=1e100.net; s=20230601; t=1761718419; x=1762323219; h=cc:to:from:subject:message-id:date:x-gm-message-state:from:to:cc :subject:date:message-id:reply-to; bh=dQJYU4hVZFlOBr0AAeNg+4uUXQcprA7j9occewZGmIg=; b=hjxGEGHCuN3G9COkSgzv3uftRRJDNdG2nz9W7D+I2UiZagZSHEdnQPTM6+aMPvJbWm oMljEEYDeLdQxpX1t4Alu2J9d5cOnjSQCxcYm6XvBaCNp9GrvknRK0dqguZFdgAjypSc eA2fqqg974NgRGXoRCY7dcdoFwr2We+79esfBTi5dbQrnRMElGxO9MjabMFwI+IikgWD sDjuD+0mICiZi5rBuF2GI1ddBfkrNlzvF0ylwj+mbqSPTvWxzxqe1lrhtsXNomd14UEa mcnNMGkWwr7UdZaemrCmjx2D0ydlfPjvIuVDeExnpvAGdxgSM7bfKdrWJyLbxpCy7e8r Rg0Q== X-Gm-Message-State: AOJu0YxXlUpbFHjXcnREYHs7yEXwJKBWnXOakLToWtD5CYS8URvYzOJu P8N9/cGC9DAUxx/Et8+d/bCzYBWBsjl6gV6/J4XDSwU/ykYNGvb92yFjNO6kRQoQ06k8ndNTpd4 qSFsb0nyztkGXq6ubUdh3uvN+w7AXws3UWZHJ X-Gm-Gg: ASbGnctZrvuiDGT/jrqQ76hDX8jtzQnLoUv0DxuFzDMGB0dQ8dJL7hGOWX7RpMfKSot CHznxvgqT+3ur7/zi7bxxvFvkveeLBJ56d0z5r4g0WskA3ABiOqq6EKdsJ2drZQENKgFoYuOEU3 W/6YssSd0V1XaK9MHTEXWvqIXaR5iWp8choYDHQ31JzXy18KbAH7AiV/C9aads5PlQ1Li5uyrsh LSdn6DYmdyOiYx+UTk71YFl+Wor/6R0wOcMOB4rf6v/JGn3DnwcjBhIZcd9umCIAblWRWRrAku1 EoKJtyTNw3Mmry2/FLMgU4i0k4uBvH5L158Dras9+f/zD6/XXrogMmAlhzG5k5mj2eeeI1VIFb3 ldjcTzBphoMcZGVnd1Ix6v5vJjg2ivaI= X-Google-Smtp-Source: AGHT+IFVsMAeQXyfXI7jWbsEyfNdoM1zifD1wjbBA6qfyHmGeGnNmo+Gdtygmdwp23ZMrHQbrypmcSChKVB4 X-Received: by 2002:a05:6e02:3103:b0:42f:9e54:76d0 with SMTP id e9e14a558f8ab-432f9044dc4mr25993445ab.23.1761718418880; Tue, 28 Oct 2025 23:13:38 -0700 (PDT) Received: from postal.iol.unh.edu (postal.iol.unh.edu. [132.177.123.84]) by smtp-relay.gmail.com with ESMTPS id e9e14a558f8ab-431f67f8e79sm12030805ab.11.2025.10.28.23.13.38 (version=TLS1_2 cipher=ECDHE-ECDSA-AES128-GCM-SHA256 bits=128/128); Tue, 28 Oct 2025 23:13:38 -0700 (PDT) X-Relaying-Domain: iol.unh.edu Date: Tue, 28 Oct 2025 23:13:38 -0700 (PDT) Message-ID: <6901b092.050a0220.3cff42.8862SMTPIN_ADDED_MISSING@mx.google.com> Received: from [172.21.0.2] (unknown [172.18.0.240]) by postal.iol.unh.edu (Postfix) with ESMTP id 4F0166051830; Wed, 29 Oct 2025 02:13:38 -0400 (EDT) Subject: |FAILURE| [GIT MASTER] 62f583c49bf67dd4d6733ece14e55fe6839e66d1 From: dpdklab@iol.unh.edu To: Test Report Cc: dpdk-test-reports@iol.unh.edu, Xueming Li , Christian Ehrhardt , Kevin Traynor , Luca Boccassi Content-Type: text/plain X-BeenThere: test-report@dpdk.org X-Mailman-Version: 2.1.29 Precedence: list List-Id: automatic DPDK test reports List-Unsubscribe: , List-Archive: List-Post: List-Help: List-Subscribe: , Errors-To: test-report-bounces@dpdk.org _Testing issues_ Branch: tags/v23.11 62f583c49bf67dd4d6733ece14e55fe6839e66d1 --> testing issues Upstream job id: Generic-Unit-Test-DPDK#386560 Test environment and result as below: +-------------------------------+----------------+ | Environment | dpdk_unit_test | +===============================+================+ | Debian GNU/Linux 12 | PASS | +-------------------------------+----------------+ | CentOS Stream 9 | PASS | +-------------------------------+----------------+ | CentOS Stream 10 | PASS | +-------------------------------+----------------+ | Fedora Linux 40 | PASS | +-------------------------------+----------------+ | Fedora Linux 41 | PASS | +-------------------------------+----------------+ | Fedora Linux 42 | WARN | +-------------------------------+----------------+ | Red Hat Enterprise Linux 8.10 | PASS | +-------------------------------+----------------+ | Red Hat Enterprise Linux 9.5 | PASS | +-------------------------------+----------------+ | Ubuntu 20.04 | PASS | +-------------------------------+----------------+ | Ubuntu 24.04 | PASS | +-------------------------------+----------------+ | Ubuntu 22.04 | PASS | +-------------------------------+----------------+ | Windows Server 2022 | FAIL | +-------------------------------+----------------+ ==== Unit test summary for Windows Server 2022 (dpdk_unit_test): ==== Failed to get the unit test results. Displaying the unit test results is not supported for some environments, such as our aarch32 testing, where meson is not used to run the tests. Download the logs available on our CI site. ==== End log output ==== Debian GNU/Linux 12 Kernel: 5.15 Compiler: gcc gcc (Debian 12.2.0-14+deb12u1) 12.2.0 CentOS Stream 9 Kernel: 5.15 Compiler: gcc gcc (GCC) 11.5.0 20240719 (Red Hat 11.5.0-11) CentOS Stream 10 Kernel: 5.15 Compiler: gcc gcc (GCC) 14.2.1 20250110 (Red Hat 14.2.1-8) Fedora Linux 40 Kernel: 5.15 Compiler: clang gcc (GCC) 14.2.1 20240912 (Red Hat 14.2.1-3) Fedora Linux 41 Kernel: 5.15 Compiler: clang gcc (GCC) 14.3.1 20250523 (Red Hat 14.3.1-1) Fedora Linux 42 Kernel: 5.15 Compiler: clang gcc (GCC) 15.2.1 20250808 (Red Hat 15.2.1-1) Red Hat Enterprise Linux 8.10 Kernel: 5.15 Compiler: gcc gcc (GCC) 8.5.0 20210514 (Red Hat 8.5.0-22) Red Hat Enterprise Linux 9.5 Kernel: 5.15 Compiler: gcc gcc (GCC) 11.5.0 20240719 (Red Hat 11.5.0-2) Ubuntu 20.04 Kernel: 5.15 Compiler: gcc gcc (Ubuntu 9.4.0-1ubuntu1~20.04.2) 9.4.0 Ubuntu 24.04 Kernel: 5.15 Compiler: gcc gcc (Ubuntu 13.3.0-6ubuntu2~24.04) 13.3.0 Ubuntu 22.04 Kernel: 5.15 Compiler: gcc gcc (Ubuntu 11.4.0-1ubuntu1~22.04) 11.4.0 Windows Server 2022 Kernel: 10.0.20348.2031 Compiler: clang 15.0.7, gcc 14.1.0 (MinGW), and MSVC VS 19.39.33521 To view detailed results, visit: https://lab.dpdk.org/results/dashboard/tarballs/35384/ UNH-IOL DPDK Community Lab To manage your email subscriptions, visit: https://lab.dpdk.org/results/dashboard/preferences/subscriptions/