From: dpdklab@iol.unh.edu
To: Test Report <test-report@dpdk.org>
Cc: dpdk-test-reports@iol.unh.edu
Subject: |SUCCESS| pw158206 [PATCH] bitmap: change return value of rte_bitmap
Date: Tue, 28 Oct 2025 23:45:31 -0700 (PDT)	[thread overview]
Message-ID: <6901b80b.530a0220.36b8ca.6d6bSMTPIN_ADDED_MISSING@mx.google.com> (raw)
In-Reply-To: <20251028204432.880074-1-stephen@networkplumber.org>
Test-Label: iol-compile-arm64-testing
Test-Status: SUCCESS
http://dpdk.org/patch/158206
_Testing PASS_
Submitter: Stephen Hemminger <stephen@networkplumber.org>
Date: Tuesday, October 28 2025 20:44:32 
DPDK git baseline: Repo:dpdk
  Branch: master
  CommitID:39b54f2dcf44ad1f91eabc7080cd5dea763607fd
158206 --> testing pass
Upstream job id: Generic-DPDK-Compile-Meson#438803
Test environment and result as below:
+------------------------------+--------------------+
|         Environment          | dpdk_meson_compile |
+==============================+====================+
| Red Hat Enterprise Linux 9.5 | PASS               |
+------------------------------+--------------------+
| Ubuntu 20.04                 | PASS               |
+------------------------------+--------------------+
| Debian GNU/Linux 12          | PASS               |
+------------------------------+--------------------+
| Fedora Linux 42              | PASS               |
+------------------------------+--------------------+
| Ubuntu 22.04                 | PASS               |
+------------------------------+--------------------+
| Ubuntu 24.04                 | PASS               |
+------------------------------+--------------------+
| CentOS Stream 9              | PASS               |
+------------------------------+--------------------+
| CentOS Stream 10             | PASS               |
+------------------------------+--------------------+
Red Hat Enterprise Linux 9.5
	Kernel: 5.4
	Compiler: gcc gcc (GCC) 11.5.0 20240719 (Red Hat 11.5.0-2)
Ubuntu 20.04
	Kernel: 5.15
	Compiler: aarch64-linux-gnu-gcc gcc (Ubuntu 9.4.0-1ubuntu1~20.04.2) 9.4.0
Debian GNU/Linux 12
	Kernel: 5.4
	Compiler: gcc gcc (Debian 12.2.0-14+deb12u1) 12.2.0
Fedora Linux 42
	Kernel: 5.4
	Compiler: gcc gcc (GCC) 15.2.1 20250808 (Red Hat 15.2.1-1)
Ubuntu 22.04
	Kernel: 5.4
	Compiler: gcc gcc (Ubuntu 11.4.0-1ubuntu1~22.04) 11.4.0
Ubuntu 24.04
	Kernel: 5.4
	Compiler: gcc gcc (Ubuntu 13.3.0-6ubuntu2~24.04) 13.3.0
CentOS Stream 9
	Kernel: 5.4
	Compiler: gcc gcc (GCC) 11.5.0 20240719 (Red Hat 11.5.0-11)
CentOS Stream 10
	Kernel: 5.4
	Compiler: gcc gcc (GCC) 14.2.1 20250110 (Red Hat 14.2.1-8)
To view detailed results, visit:
https://lab.dpdk.org/results/dashboard/patchsets/34409/
UNH-IOL DPDK Community Lab
To manage your email subscriptions, visit: 
https://lab.dpdk.org/results/dashboard/preferences/subscriptions/
     prev parent reply	other threads:[~2025-10-29  6:45 UTC|newest]
Thread overview: 27+ messages / expand[flat|nested]  mbox.gz  Atom feed  top
     [not found] <20251028204432.880074-1-stephen@networkplumber.org>
2025-10-28 20:09 ` |SUCCESS| pw158206 [PATCH] bitmap: change return value of rte_bitmap_free qemudev
2025-10-28 20:14 ` qemudev
2025-10-28 20:44 ` checkpatch
2025-10-28 21:14 ` |SUCCESS| pw158206 [PATCH] bitmap: change return value of rte_bitmap dpdklab
2025-10-28 21:19 ` dpdklab
2025-10-28 21:20 ` |PENDING| " dpdklab
2025-10-28 21:32 ` |SUCCESS| " dpdklab
2025-10-28 21:33 ` |PENDING| " dpdklab
2025-10-28 21:34 ` |SUCCESS| " dpdklab
2025-10-28 21:35 ` dpdklab
2025-10-28 21:37 ` dpdklab
2025-10-28 21:45 ` |WARNING| " dpdklab
2025-10-28 21:47 ` dpdklab
2025-10-28 22:18 ` |FAILURE| pw158206 [PATCH] bitmap: change return value of rte_bitmap_free 0-day Robot
2025-10-28 22:43 ` |SUCCESS| pw158206 [PATCH] bitmap: change return value of rte_bitmap dpdklab
2025-10-28 23:46 ` |PENDING| " dpdklab
2025-10-28 23:51 ` |WARNING| " dpdklab
2025-10-28 23:51 ` dpdklab
2025-10-29  0:27 ` |SUCCESS| " dpdklab
2025-10-29  0:33 ` |WARNING| " dpdklab
2025-10-29  0:35 ` dpdklab
2025-10-29  0:36 ` |PENDING| " dpdklab
2025-10-29  0:46 ` |SUCCESS| " dpdklab
2025-10-29  1:08 ` dpdklab
2025-10-29  4:36 ` dpdklab
2025-10-29  4:49 ` dpdklab
2025-10-29  6:45 ` dpdklab [this message]
Reply instructions:
You may reply publicly to this message via plain-text email
using any one of the following methods:
* Save the following mbox file, import it into your mail client,
  and reply-to-all from there: mbox
  Avoid top-posting and favor interleaved quoting:
  https://en.wikipedia.org/wiki/Posting_style#Interleaved_style
* Reply using the --to, --cc, and --in-reply-to
  switches of git-send-email(1):
  git send-email \
    --in-reply-to=6901b80b.530a0220.36b8ca.6d6bSMTPIN_ADDED_MISSING@mx.google.com \
    --to=dpdklab@iol.unh.edu \
    --cc=dpdk-test-reports@iol.unh.edu \
    --cc=test-report@dpdk.org \
    /path/to/YOUR_REPLY
  https://kernel.org/pub/software/scm/git/docs/git-send-email.html
* If your mail client supports setting the In-Reply-To header
  via mailto: links, try the mailto: link
  Be sure your reply has a Subject: header at the top and a blank line
  before the message body.
This is a public inbox, see mirroring instructions
for how to clone and mirror all data and code used for this inbox;
as well as URLs for NNTP newsgroup(s).