From mboxrd@z Thu Jan 1 00:00:00 1970 Return-Path: Received: from mails.dpdk.org (mails.dpdk.org [217.70.189.124]) by inbox.dpdk.org (Postfix) with ESMTP id 6225548A27 for ; Wed, 29 Oct 2025 08:31:33 +0100 (CET) Received: from mails.dpdk.org (localhost [127.0.0.1]) by mails.dpdk.org (Postfix) with ESMTP id 3E9AF40288; Wed, 29 Oct 2025 08:31:33 +0100 (CET) Received: from mail-pl1-f225.google.com (mail-pl1-f225.google.com [209.85.214.225]) by mails.dpdk.org (Postfix) with ESMTP id B865640288 for ; Wed, 29 Oct 2025 08:31:31 +0100 (CET) Received: by mail-pl1-f225.google.com with SMTP id d9443c01a7336-29470bc80ceso9737055ad.1 for ; Wed, 29 Oct 2025 00:31:31 -0700 (PDT) DKIM-Signature: v=1; a=rsa-sha256; c=relaxed/relaxed; d=iol.unh.edu; s=unh-iol; t=1761723091; x=1762327891; darn=dpdk.org; h=cc:to:from:subject:message-id:date:from:to:cc:subject:date :message-id:reply-to; bh=4Zimcmp4gui6IuKMjkSKjhfCrt+sRFns29kIBByBrrU=; b=hFEI8SXmIrzKEiWg8mckIc7JZ8kvNf+SuMaNL2sRceskKj3KUBWs1HRMiYiKu0KVYe /De6gKpDSFbivdqp+4LDlyaMyjoEdQhl19xon02/lp+YTFONgLqkcvjHyqK0GvaX4Azb 4V8pDV+qYA7nFYwA6LjUI7M4ZK4JUIQ47h2Pc= X-Google-DKIM-Signature: v=1; a=rsa-sha256; c=relaxed/relaxed; d=1e100.net; s=20230601; t=1761723091; x=1762327891; h=cc:to:from:subject:message-id:date:x-gm-message-state:from:to:cc :subject:date:message-id:reply-to; bh=4Zimcmp4gui6IuKMjkSKjhfCrt+sRFns29kIBByBrrU=; b=iV/J79RAO+VUASBXlBCbRouvPg+Ne+zliYLIZhUu/e6AKwwliPbC3nALFiXD4CCMqT 7Nk12JJIx4Qk1KweFNQK7C9JhfjUAF8pgX/nVxQfzFxLey8w4OStWdk7+G6/cJYYMWgk kiInOEspRhVzKs0aOHMPG2ZQNxCQvnHsS5MGyVar3feLo2uLxzVw7b9aVDS/dR0lG8tF 4BcPnVUelBDmIoT5w/mBEDy1j8AICxWhFr3PiO+injpqbgXaxm8p2VQzvNsRUo40bin6 KTNYmGmzdMH9qrYMJ8cBFD88Yfp8Otpp79uPCD6tq/dc0s/2w1+dazbHpxZySSivTH/Q ozzQ== X-Gm-Message-State: AOJu0YwZeIvEvIMfbkhN7SbCSIic98cgZw79/2B/UqsjVOYElJFJ4AD1 POta49i6bfHG/Ealxg4NnQzwHcblXck8FkIPcq6AWHEutczZ9NKvf8UrpqejzsUvG6o4r3neJPn mFG8XksWqXth+EVIIe8cerYmaSAWm4AtcBsgWwVklsx7+nN9OJrLK X-Gm-Gg: ASbGncsvLjQCxTB8xM/XmT+K6f3sfDzPibXlJhlt8EePmaCREqWn1z4HY7VTwGgEb9D qcWWdhAgNq+IpQj9Jfy2oRJvmWC1W4/yy/a06tQkroOt/x5TAN5DYXGbklX5CfYSD1mJyW9mPal bHteMq2/9mEWpueXWUT198N9N2U05cvh+vJEwBPWqzMM+dB0mdqHT3hqwzumWOcQvuDA+Ru++7c I/HUh0bmvb8ER+5rFTalVk3dKXYGAK+TdqAalySuzMQJ9/2uT3xG8XAmD+SIC59OMCfPLX+mAjQ QlUdrB6qcxMYC2unLj1rRqsnj2flGywilZhQsaTtmQ4821J15ufUslOJ/MoCyzJOnQwveG/8k2P fMJCzsQTs X-Google-Smtp-Source: AGHT+IHPJkwTRSRbMhRv5zApxpq2pV4jv7yhYqOamw1xr756dbrNKuibasxW5dasxZLfHFTlZv8v/nHyMc38 X-Received: by 2002:a17:902:ea08:b0:273:ef4c:60f3 with SMTP id d9443c01a7336-294cc6868fbmr79680685ad.4.1761723090773; Wed, 29 Oct 2025 00:31:30 -0700 (PDT) Received: from postal.iol.unh.edu (postal.iol.unh.edu. [2606:4100:3880:1234::84]) by smtp-relay.gmail.com with ESMTPS id d9443c01a7336-29498e41172sm12805965ad.55.2025.10.29.00.31.30 (version=TLS1_2 cipher=ECDHE-ECDSA-AES128-GCM-SHA256 bits=128/128); Wed, 29 Oct 2025 00:31:30 -0700 (PDT) X-Relaying-Domain: iol.unh.edu Date: Wed, 29 Oct 2025 00:31:30 -0700 (PDT) Message-ID: <6901c2d2.170a0220.179b86.d74cSMTPIN_ADDED_MISSING@mx.google.com> Received: from [172.21.0.2] (unknown [172.18.0.240]) by postal.iol.unh.edu (Postfix) with ESMTP id DAA516051830; Wed, 29 Oct 2025 03:31:29 -0400 (EDT) Subject: |FAILURE| [GIT MASTER] 62f583c49bf67dd4d6733ece14e55fe6839e66d1 From: dpdklab@iol.unh.edu To: Test Report Cc: dpdk-test-reports@iol.unh.edu, Xueming Li , Christian Ehrhardt , Kevin Traynor , Luca Boccassi Content-Type: text/plain X-BeenThere: test-report@dpdk.org X-Mailman-Version: 2.1.29 Precedence: list List-Id: automatic DPDK test reports List-Unsubscribe: , List-Archive: List-Post: List-Help: List-Subscribe: , Errors-To: test-report-bounces@dpdk.org _Testing issues_ Branch: tags/v23.11 62f583c49bf67dd4d6733ece14e55fe6839e66d1 --> testing issues Upstream job id: Generic-DPDK-Compile-Meson#438903 Test environment and result as below: +------------------------------+--------------------+ | Environment | dpdk_meson_compile | +==============================+====================+ | Red Hat Enterprise Linux 9.5 | PASS | +------------------------------+--------------------+ | Ubuntu 20.04 | PASS | +------------------------------+--------------------+ | Debian GNU/Linux 12 | PASS | +------------------------------+--------------------+ | Fedora Linux 42 | PASS | +------------------------------+--------------------+ | Ubuntu 24.04 | PASS | +------------------------------+--------------------+ | CentOS Stream 10 | PASS | +------------------------------+--------------------+ | CentOS Stream 9 | PASS | +------------------------------+--------------------+ | Ubuntu 22.04 | PASS | +------------------------------+--------------------+ Red Hat Enterprise Linux 9.5 Kernel: 5.4 Compiler: gcc gcc (GCC) 11.5.0 20240719 (Red Hat 11.5.0-2) Ubuntu 20.04 Kernel: 5.15 Compiler: aarch64-linux-gnu-gcc gcc (Ubuntu 9.4.0-1ubuntu1~20.04.2) 9.4.0 Debian GNU/Linux 12 Kernel: 5.4 Compiler: gcc gcc (Debian 12.2.0-14+deb12u1) 12.2.0 Fedora Linux 42 Kernel: 5.4 Compiler: gcc gcc (GCC) 15.2.1 20250808 (Red Hat 15.2.1-1) Ubuntu 24.04 Kernel: 5.4 Compiler: gcc gcc (Ubuntu 13.3.0-6ubuntu2~24.04) 13.3.0 CentOS Stream 10 Kernel: 5.4 Compiler: gcc gcc (GCC) 14.2.1 20250110 (Red Hat 14.2.1-8) CentOS Stream 9 Kernel: 5.4 Compiler: gcc gcc (GCC) 11.5.0 20240719 (Red Hat 11.5.0-11) Ubuntu 22.04 Kernel: 5.4 Compiler: gcc gcc (Ubuntu 11.4.0-1ubuntu1~22.04) 11.4.0 To view detailed results, visit: https://lab.dpdk.org/results/dashboard/tarballs/35384/ UNH-IOL DPDK Community Lab To manage your email subscriptions, visit: https://lab.dpdk.org/results/dashboard/preferences/subscriptions/