From mboxrd@z Thu Jan 1 00:00:00 1970 Return-Path: Received: from mails.dpdk.org (mails.dpdk.org [217.70.189.124]) by inbox.dpdk.org (Postfix) with ESMTP id E877148A42 for ; Wed, 29 Oct 2025 10:01:16 +0100 (CET) Received: from mails.dpdk.org (localhost [127.0.0.1]) by mails.dpdk.org (Postfix) with ESMTP id E2D0740288; Wed, 29 Oct 2025 10:01:16 +0100 (CET) Received: from mail-oa1-f99.google.com (mail-oa1-f99.google.com [209.85.160.99]) by mails.dpdk.org (Postfix) with ESMTP id 3C96740288 for ; Wed, 29 Oct 2025 10:01:16 +0100 (CET) Received: by mail-oa1-f99.google.com with SMTP id 586e51a60fabf-3d199f29161so3024861fac.0 for ; Wed, 29 Oct 2025 02:01:16 -0700 (PDT) DKIM-Signature: v=1; a=rsa-sha256; c=relaxed/relaxed; d=iol.unh.edu; s=unh-iol; t=1761728475; x=1762333275; darn=dpdk.org; h=references:in-reply-to:cc:to:from:subject:message-id:date:from:to :cc:subject:date:message-id:reply-to; bh=r+Yn6ujS9BZKT8fQ56IgvfDSRO7YO5nTeb+KkkSqNak=; b=goycaiYVcz7XB3iUAUyUjos3c3KAocE7MAKPQa4Xz2TLe8XVbqiCOt4mqb3nK/pzpw +6OJ/HH6pbGm1tlIJ/fnvX4TEAy7suqJ8NFSKcz7RU63cBzQ6lb/90uEhwz5Un6kgsSD NLJLR9YkuRZBBN7fRL5iaTLHrAhQwGJypscPk= X-Google-DKIM-Signature: v=1; a=rsa-sha256; c=relaxed/relaxed; d=1e100.net; s=20230601; t=1761728475; x=1762333275; h=references:in-reply-to:cc:to:from:subject:message-id:date :x-gm-message-state:from:to:cc:subject:date:message-id:reply-to; bh=r+Yn6ujS9BZKT8fQ56IgvfDSRO7YO5nTeb+KkkSqNak=; b=AZvcW/4mvATcmxTOofTbPZ7Mc2Ws6NKJSsyTsMzloqMXMREuqGDCJDYQ9OQL59RUIf OpsQoHNy3w1F5KqxB8c/e9p409v5Mf6hBNvUP0JRqL/T61n9PDbK4PEQ8Ph32r6YcTIE d3AOoKWGlD40sntYHNGnJJFA9OPE5HvUxc82oi1CjPlQerpeNeVepe8hMRGoSNZG0Z5w KW5jXY/7KgCPR6jm09HRxBDaqOuiA9sfclR6gCgPy0AorQDlkVkpnyJvtNpP0LTzgI3G Ucy9RlLCSQsbvUl4GjhoDPJkTwwpM7dZT17WQqR5kjSyYutRp1JuxXWL/qcVDWPemx5J mIOg== X-Gm-Message-State: AOJu0Yyk0cFZflbjUJqIaPY6n8JDX5nzlx0W0Y6DtGyKU7/YOlRpKfcW Jq/0rHfvL4DnB0l4F+l+FTKFeqho7cqamh3z6ZOtU6oS8FiNYuP6JyTB2BUVBmo9IpaoJQ/GVXt t08DiwSvKxQNrjAkqd+6fqN8Kt+24Kvn42oS0ji7pqMIufytmmI7a2w9M0uc9 X-Gm-Gg: ASbGncsBAa7b1e8ffgfB1xdOFBkYRXvUxUUIvrtZcG8bChoXItg0d5Xoftm1ag/LaFB I5EpGeGTyw7fRBorwFBnx7oBl9uh1p/4HYoAtzBInKH8yYb6p9RFKNAndSPMwuA7AQwwTIGbdW9 /G9OGWAFNjsQjNiFObTY/m/kvWt2UN7efo18wLJWR2yDaGTNTA8GEG+uEYkHaicXCEQMKVd+tb/ v6ihNQRDAH/u2jSgXecTPLJ4Tv2wZPdi4roi8ZqaL57G4vZTI7K1bdWtbhv1bIbwcs773sPsgxt /ctSAdUIptPkCjKnKNVNmoDEWqzhodLjwPrjRARkr+Z1jeAKE5vW2lP1U7Li/irZtwZLHMOdyfm oIm2JmuAG X-Google-Smtp-Source: AGHT+IHHhkyW8AhFZs+9Xxejvuvfgr3F4g8b+EqF8UNZHP1kDnDG7orBhislifaQzhWxxc87xVvIbbXb8KxR X-Received: by 2002:a05:6870:ac0e:b0:3d3:599d:fe98 with SMTP id 586e51a60fabf-3d747801999mr1047481fac.41.1761728475351; Wed, 29 Oct 2025 02:01:15 -0700 (PDT) Received: from postal.iol.unh.edu (postal.iol.unh.edu. [2606:4100:3880:1234::84]) by smtp-relay.gmail.com with ESMTPS id 586e51a60fabf-3d1e21f340dsm1252170fac.3.2025.10.29.02.01.15 (version=TLS1_2 cipher=ECDHE-ECDSA-AES128-GCM-SHA256 bits=128/128); Wed, 29 Oct 2025 02:01:15 -0700 (PDT) X-Relaying-Domain: iol.unh.edu Date: Wed, 29 Oct 2025 02:01:15 -0700 (PDT) Message-ID: <6901d7db.050a0220.7c7ec.9c0eSMTPIN_ADDED_MISSING@mx.google.com> Received: from [172.21.0.3] (unknown [172.18.0.240]) by postal.iol.unh.edu (Postfix) with ESMTP id CE3F96051830; Wed, 29 Oct 2025 05:01:14 -0400 (EDT) Subject: |FAILURE| pw158194-158201 [PATCH] [v1,8/8] vfio: deprecate group-bas From: dpdklab@iol.unh.edu To: Test Report Cc: dpdk-test-reports@iol.unh.edu, Anatoly Burakov In-Reply-To: References: Content-Type: text/plain X-BeenThere: test-report@dpdk.org X-Mailman-Version: 2.1.29 Precedence: list List-Id: automatic DPDK test reports List-Unsubscribe: , List-Archive: List-Post: List-Help: List-Subscribe: , Errors-To: test-report-bounces@dpdk.org Test-Label: iol-unit-arm64-testing Test-Status: FAILURE http://dpdk.org/patch/158201 _Testing issues_ Submitter: Anatoly Burakov Date: Tuesday, October 28 2025 16:43:21 DPDK git baseline: Repo:dpdk Branch: master CommitID:39b54f2dcf44ad1f91eabc7080cd5dea763607fd 158194-158201 --> testing issues Upstream job id: Generic-Unit-Test-DPDK#386302 Test environment and result as below: +------------------------------+----------------+---------------------------+--------------+------------------------------+ | Environment | dpdk_unit_test | cryptodev_sw_zuc_autotest | lpm_autotest | cryptodev_sw_snow3g_autotest | +==============================+================+===========================+==============+==============================+ | CentOS Stream 10 | WARN | SKIPPED | SKIPPED | SKIPPED | +------------------------------+----------------+---------------------------+--------------+------------------------------+ | CentOS Stream 9 | PEND | SKIPPED | SKIPPED | SKIPPED | +------------------------------+----------------+---------------------------+--------------+------------------------------+ | Debian GNU/Linux 12 | PEND | SKIPPED | SKIPPED | SKIPPED | +------------------------------+----------------+---------------------------+--------------+------------------------------+ | Fedora Linux 40 | PEND | SKIPPED | SKIPPED | SKIPPED | +------------------------------+----------------+---------------------------+--------------+------------------------------+ | Ubuntu 22.04 | PEND | SKIPPED | SKIPPED | SKIPPED | +------------------------------+----------------+---------------------------+--------------+------------------------------+ | Fedora Linux 41 | PEND | SKIPPED | SKIPPED | SKIPPED | +------------------------------+----------------+---------------------------+--------------+------------------------------+ | Fedora Linux 42 | PEND | SKIPPED | SKIPPED | SKIPPED | +------------------------------+----------------+---------------------------+--------------+------------------------------+ | Ubuntu 20.04 | PEND | SKIPPED | WARN | SKIPPED | +------------------------------+----------------+---------------------------+--------------+------------------------------+ | Ubuntu 24.04 | PEND | SKIPPED | SKIPPED | SKIPPED | +------------------------------+----------------+---------------------------+--------------+------------------------------+ | Red Hat Enterprise Linux 9.5 | PEND | SKIPPED | SKIPPED | SKIPPED | +------------------------------+----------------+---------------------------+--------------+------------------------------+ | Debian 12 (arm) | SKIPPED | WARN | SKIPPED | PEND | +------------------------------+----------------+---------------------------+--------------+------------------------------+ ==== 20 line log output for Debian 12 (arm) (cryptodev_sw_zuc_autotest): ==== ../lib/eal/linux/eal_vfio_group.c:331:17: note: include '' or provide a declaration of 'free' ../lib/eal/linux/eal_vfio_group.c: In function 'vfio_group_request_fd': ../lib/eal/linux/eal_vfio_group.c:614:9: error: incompatible implicit declaration of built-in function 'free' [-Werror=builtin-declaration-mismatch] 614 | free(mp_reply.msgs); | ^~~~ ../lib/eal/linux/eal_vfio_group.c:614:9: note: include '' or provide a declaration of 'free' ../lib/eal/linux/eal_vfio_group.c: In function 'vfio_group_sync_iommu_ops': ../lib/eal/linux/eal_vfio_group.c:664:9: error: incompatible implicit declaration of built-in function 'free' [-Werror=builtin-declaration-mismatch] 664 | free(mp_reply.msgs); | ^~~~ ../lib/eal/linux/eal_vfio_group.c:664:9: note: include '' or provide a declaration of 'free' ../lib/eal/linux/eal_vfio_group.c: In function 'vfio_group_get_num': ../lib/eal/linux/eal_vfio_group.c:973:21: error: implicit declaration of function 'strtol'; did you mean 'strtok'? [-Werror=implicit-function-declaration] 973 | group_num = strtol(group_tok, &end, 10); | ^~~~~~ | strtok ../lib/eal/linux/eal_vfio_group.c:973:21: error: nested extern declaration of 'strtol' [-Werror=nested-externs] cc1: all warnings being treated as errors [101/3818] Compiling C object lib/librte_eal.a.p/eal_linux_eal_vfio.c.o ninja: build stopped: subcommand failed. ==== End log output ==== CentOS Stream 10 Kernel: 5.4 Compiler: gcc gcc (GCC) 14.2.1 20250110 (Red Hat 14.2.1-8) CentOS Stream 9 Kernel: 5.4 Compiler: gcc gcc (GCC) 11.5.0 20240719 (Red Hat 11.5.0-11) Debian GNU/Linux 12 Kernel: 5.4 Compiler: gcc gcc (Debian 12.2.0-14+deb12u1) 12.2.0 Fedora Linux 40 Kernel: 5.4 Compiler: gcc gcc (GCC) 14.2.1 20240912 (Red Hat 14.2.1-3) Ubuntu 22.04 Kernel: 5.15 Compiler: gcc gcc (Ubuntu 11.4.0-1ubuntu1~22.04.2) 11.4.0 Fedora Linux 41 Kernel: 5.4 Compiler: gcc gcc (GCC) 14.3.1 20250523 (Red Hat 14.3.1-1) Fedora Linux 42 Kernel: 5.4 Compiler: gcc gcc (GCC) 15.2.1 20250808 (Red Hat 15.2.1-1) Ubuntu 20.04 Kernel: 5.4 Compiler: gcc gcc (Ubuntu 9.4.0-1ubuntu1~20.04.2) 9.4.0 Ubuntu 24.04 Kernel: 5.4 Compiler: gcc gcc (Ubuntu 13.3.0-6ubuntu2~24.04) 13.3.0 Red Hat Enterprise Linux 9.5 Kernel: 5.4 Compiler: gcc gcc (GCC) 11.5.0 20240719 (Red Hat 11.5.0-2) Debian 12 (arm) Kernel: Depends on container host Compiler: gcc (Debian 12.2.0-14) 12.2.0 To view detailed results, visit: https://lab.dpdk.org/results/dashboard/patchsets/34406/ UNH-IOL DPDK Community Lab To manage your email subscriptions, visit: https://lab.dpdk.org/results/dashboard/preferences/subscriptions/