From mboxrd@z Thu Jan 1 00:00:00 1970 Return-Path: Received: from mails.dpdk.org (mails.dpdk.org [217.70.189.124]) by inbox.dpdk.org (Postfix) with ESMTP id 3B7BA48A42 for ; Wed, 29 Oct 2025 10:03:29 +0100 (CET) Received: from mails.dpdk.org (localhost [127.0.0.1]) by mails.dpdk.org (Postfix) with ESMTP id 3620040288; Wed, 29 Oct 2025 10:03:29 +0100 (CET) Received: from mail-pf1-f226.google.com (mail-pf1-f226.google.com [209.85.210.226]) by mails.dpdk.org (Postfix) with ESMTP id 8416540288 for ; Wed, 29 Oct 2025 10:03:27 +0100 (CET) Received: by mail-pf1-f226.google.com with SMTP id d2e1a72fcca58-7a2738daea2so5982189b3a.0 for ; Wed, 29 Oct 2025 02:03:27 -0700 (PDT) DKIM-Signature: v=1; a=rsa-sha256; c=relaxed/relaxed; d=iol.unh.edu; s=unh-iol; t=1761728606; x=1762333406; darn=dpdk.org; h=references:in-reply-to:cc:to:from:subject:message-id:date:from:to :cc:subject:date:message-id:reply-to; bh=AamGAgDq6Y7a36C8etmE2lDkHFnNSqEwrQFnyTMs3gg=; b=S2cFWX/IvBOWEht2zdpqRTXqIMRBFSGs78HiyBeUsqnUDxZRv/uzYhz4AhhQrVhCtx krKaBhLOKCSpcOE18xabn5neqj1hRBS4xYUNtaCg+85fXXSxJzi/ftAvjiblNA7SeRvh eJXxmVIfjwXSC7IgecYvyorkCyQd/R8H6ZNNI= X-Google-DKIM-Signature: v=1; a=rsa-sha256; c=relaxed/relaxed; d=1e100.net; s=20230601; t=1761728606; x=1762333406; h=references:in-reply-to:cc:to:from:subject:message-id:date :x-gm-message-state:from:to:cc:subject:date:message-id:reply-to; bh=AamGAgDq6Y7a36C8etmE2lDkHFnNSqEwrQFnyTMs3gg=; b=cAJ2NHf/4ubqTbZr4zjs1TwxO6vyaeMK2x8+4HoRe39PPkuTO24pWJAUSCxdtfMjjG ODOqAlH4r/8Mf3V/4Gf1Rr3d2/peT0J5hwVgAe0sHaGz49D4VOSAOghbnpDyNJ/g9kgL n2+4kvef7tq94al6jydr8l8NwhhxGKnlfzGWCTVAr6XgTa2zERomK7W6L7Qoqxd3litf J8UpCObKZ5G42ZK9Jdrc9kawGFsjZ0P5zG5tzL0Nbbl+Q/x/atAsb55UAnC3ZZh0yXNX hWRBMrUJb64O4vK/9N6CLGivXgeujpWfoj1aigU7ANQ6iJqMdC41xm4RHlDDG5hbBC0R XIeg== X-Gm-Message-State: AOJu0Yz172g211XaK+IGkpF4u6TxFUK7W6UwziW0HTuAra3VEJX3c33L vPrHZ+vH+OJrVJ1uiAg81v8H+bl6TGEyflVMQJcGt44oflVODCBsKMSdbKuHvWhJpC8DmJe+VYV N9RzStqRpCWZwKhNs2sDdK7OFK8Z6veTDvUqexQt9XAgV0u/S0WxIWfdPxSVB X-Gm-Gg: ASbGncuXYOMXoF/r7v9yszkl0eYgDR3PNcJ9TOTMW4l/g5PvEgZ4eQG/n/sk3eqTPv6 vEuoXzjVoANILb/8bk4QKODj8wtbfr19l5v8GKYTd+R0FcrpW3ntVJBJFXa3PnbIgUrAOtUdFzh y+4yrjILMGgz5WNawEShrpDIANZJtz8FiK7d+LTmrw3KDUqLYyOkjg1EhuLqG2/ENfFBnaz8Ld2 b5nkvzPEnJV6ix6gNBRePpmtW8n1iyijyvt58XJ6tR94egnSF2QmyM7OnSc4M6Do/Z6+5p3LkVD PecORra0mlWqZicPKPyOSjF3Y1rJoa9D8FQ40YriMqDPvylha7f2O9+yHlfexm1tWUU8e+zbk8P DNELMlBjq X-Google-Smtp-Source: AGHT+IF0hf4ssYAg98JHVn70jb65d5sRuZyJMT7aYDqxP189eceZByLrCPDhB6J3h7bf1i8BfRFbYEbLDM2/ X-Received: by 2002:a05:6a20:158a:b0:33f:4e3d:b003 with SMTP id adf61e73a8af0-34653822545mr2977072637.25.1761728606409; Wed, 29 Oct 2025 02:03:26 -0700 (PDT) Received: from postal.iol.unh.edu (postal.iol.unh.edu. [2606:4100:3880:1234::84]) by smtp-relay.gmail.com with ESMTPS id 41be03b00d2f7-b712772afd6sm985834a12.0.2025.10.29.02.03.26 (version=TLS1_2 cipher=ECDHE-ECDSA-AES128-GCM-SHA256 bits=128/128); Wed, 29 Oct 2025 02:03:26 -0700 (PDT) X-Relaying-Domain: iol.unh.edu Date: Wed, 29 Oct 2025 02:03:26 -0700 (PDT) Message-ID: <6901d85e.050a0220.33f9e5.e4ecSMTPIN_ADDED_MISSING@mx.google.com> Received: from [172.21.0.2] (unknown [172.18.0.240]) by postal.iol.unh.edu (Postfix) with ESMTP id 8EDBD6051830; Wed, 29 Oct 2025 05:03:25 -0400 (EDT) Subject: |FAILURE| pw158194-158201 [PATCH] [v1,8/8] vfio: deprecate group-bas From: dpdklab@iol.unh.edu To: Test Report Cc: dpdk-test-reports@iol.unh.edu, Anatoly Burakov In-Reply-To: References: Content-Type: text/plain X-BeenThere: test-report@dpdk.org X-Mailman-Version: 2.1.29 Precedence: list List-Id: automatic DPDK test reports List-Unsubscribe: , List-Archive: List-Post: List-Help: List-Subscribe: , Errors-To: test-report-bounces@dpdk.org Test-Label: iol-unit-arm64-testing Test-Status: FAILURE http://dpdk.org/patch/158201 _Testing issues_ Submitter: Anatoly Burakov Date: Tuesday, October 28 2025 16:43:21 DPDK git baseline: Repo:dpdk Branch: master CommitID:39b54f2dcf44ad1f91eabc7080cd5dea763607fd 158194-158201 --> testing issues Upstream job id: Generic-Unit-Test-DPDK#386303 Test environment and result as below: +------------------------------+----------------+---------------------------+--------------+------------------------------+ | Environment | dpdk_unit_test | cryptodev_sw_zuc_autotest | lpm_autotest | cryptodev_sw_snow3g_autotest | +==============================+================+===========================+==============+==============================+ | CentOS Stream 10 | WARN | SKIPPED | SKIPPED | SKIPPED | +------------------------------+----------------+---------------------------+--------------+------------------------------+ | CentOS Stream 9 | WARN | SKIPPED | SKIPPED | SKIPPED | +------------------------------+----------------+---------------------------+--------------+------------------------------+ | Debian GNU/Linux 12 | WARN | SKIPPED | SKIPPED | SKIPPED | +------------------------------+----------------+---------------------------+--------------+------------------------------+ | Fedora Linux 40 | PEND | SKIPPED | SKIPPED | SKIPPED | +------------------------------+----------------+---------------------------+--------------+------------------------------+ | Ubuntu 22.04 | PEND | SKIPPED | SKIPPED | SKIPPED | +------------------------------+----------------+---------------------------+--------------+------------------------------+ | Fedora Linux 41 | PEND | SKIPPED | SKIPPED | SKIPPED | +------------------------------+----------------+---------------------------+--------------+------------------------------+ | Fedora Linux 42 | PEND | SKIPPED | SKIPPED | SKIPPED | +------------------------------+----------------+---------------------------+--------------+------------------------------+ | Ubuntu 20.04 | PEND | SKIPPED | WARN | SKIPPED | +------------------------------+----------------+---------------------------+--------------+------------------------------+ | Ubuntu 24.04 | PEND | SKIPPED | SKIPPED | SKIPPED | +------------------------------+----------------+---------------------------+--------------+------------------------------+ | Red Hat Enterprise Linux 9.5 | PEND | SKIPPED | SKIPPED | SKIPPED | +------------------------------+----------------+---------------------------+--------------+------------------------------+ | Debian 12 (arm) | SKIPPED | WARN | SKIPPED | WARN | +------------------------------+----------------+---------------------------+--------------+------------------------------+ ==== 20 line log output for Debian 12 (arm) (cryptodev_sw_snow3g_autotest): ==== | ^~~~ ../lib/eal/linux/eal_vfio_group.c:331:17: note: include '' or provide a declaration of 'free' ../lib/eal/linux/eal_vfio_group.c: In function 'vfio_group_request_fd': ../lib/eal/linux/eal_vfio_group.c:614:9: error: incompatible implicit declaration of built-in function 'free' [-Werror=builtin-declaration-mismatch] 614 | free(mp_reply.msgs); | ^~~~ ../lib/eal/linux/eal_vfio_group.c:614:9: note: include '' or provide a declaration of 'free' ../lib/eal/linux/eal_vfio_group.c: In function 'vfio_group_sync_iommu_ops': ../lib/eal/linux/eal_vfio_group.c:664:9: error: incompatible implicit declaration of built-in function 'free' [-Werror=builtin-declaration-mismatch] 664 | free(mp_reply.msgs); | ^~~~ ../lib/eal/linux/eal_vfio_group.c:664:9: note: include '' or provide a declaration of 'free' ../lib/eal/linux/eal_vfio_group.c: In function 'vfio_group_get_num': ../lib/eal/linux/eal_vfio_group.c:973:21: error: implicit declaration of function 'strtol'; did you mean 'strtok'? [-Werror=implicit-function-declaration] 973 | group_num = strtol(group_tok, &end, 10); | ^~~~~~ | strtok ../lib/eal/linux/eal_vfio_group.c:973:21: error: nested extern declaration of 'strtol' [-Werror=nested-externs] cc1: all warnings being treated as errors ninja: build stopped: subcommand failed. ==== End log output ==== CentOS Stream 10 Kernel: 5.4 Compiler: gcc gcc (GCC) 14.2.1 20250110 (Red Hat 14.2.1-8) CentOS Stream 9 Kernel: 5.4 Compiler: gcc gcc (GCC) 11.5.0 20240719 (Red Hat 11.5.0-11) Debian GNU/Linux 12 Kernel: 5.4 Compiler: gcc gcc (Debian 12.2.0-14+deb12u1) 12.2.0 Fedora Linux 40 Kernel: 5.4 Compiler: gcc gcc (GCC) 14.2.1 20240912 (Red Hat 14.2.1-3) Ubuntu 22.04 Kernel: 5.15 Compiler: gcc gcc (Ubuntu 11.4.0-1ubuntu1~22.04.2) 11.4.0 Fedora Linux 41 Kernel: 5.4 Compiler: gcc gcc (GCC) 14.3.1 20250523 (Red Hat 14.3.1-1) Fedora Linux 42 Kernel: 5.4 Compiler: gcc gcc (GCC) 15.2.1 20250808 (Red Hat 15.2.1-1) Ubuntu 20.04 Kernel: 5.4 Compiler: gcc gcc (Ubuntu 9.4.0-1ubuntu1~20.04.2) 9.4.0 Ubuntu 24.04 Kernel: 5.4 Compiler: gcc gcc (Ubuntu 13.3.0-6ubuntu2~24.04) 13.3.0 Red Hat Enterprise Linux 9.5 Kernel: 5.4 Compiler: gcc gcc (GCC) 11.5.0 20240719 (Red Hat 11.5.0-2) Debian 12 (arm) Kernel: Depends on container host Compiler: gcc (Debian 12.2.0-14) 12.2.0 To view detailed results, visit: https://lab.dpdk.org/results/dashboard/patchsets/34406/ UNH-IOL DPDK Community Lab To manage your email subscriptions, visit: https://lab.dpdk.org/results/dashboard/preferences/subscriptions/