From mboxrd@z Thu Jan 1 00:00:00 1970 Return-Path: Received: from mails.dpdk.org (mails.dpdk.org [217.70.189.124]) by inbox.dpdk.org (Postfix) with ESMTP id AC3A148A42 for ; Wed, 29 Oct 2025 10:06:49 +0100 (CET) Received: from mails.dpdk.org (localhost [127.0.0.1]) by mails.dpdk.org (Postfix) with ESMTP id A689640288; Wed, 29 Oct 2025 10:06:49 +0100 (CET) Received: from mail-ua1-f97.google.com (mail-ua1-f97.google.com [209.85.222.97]) by mails.dpdk.org (Postfix) with ESMTP id 8465740288 for ; Wed, 29 Oct 2025 10:06:48 +0100 (CET) Received: by mail-ua1-f97.google.com with SMTP id a1e0cc1a2514c-932bf9d3deeso6229669241.2 for ; Wed, 29 Oct 2025 02:06:48 -0700 (PDT) DKIM-Signature: v=1; a=rsa-sha256; c=relaxed/relaxed; d=iol.unh.edu; s=unh-iol; t=1761728808; x=1762333608; darn=dpdk.org; h=references:in-reply-to:cc:to:from:subject:message-id:date:from:to :cc:subject:date:message-id:reply-to; bh=YCSnJbYBWz7yqACOtNbyCkNQ3zNO6DBMMjnEJ1Mhpn8=; b=TUBrUEmFsDZKfp5bKjgVYmqHEIn+miM9MXIz6DkD0E45ImkIrC89fQoKsulK7b+pI1 RxJd9txvqGv7ytGf4mGoOnmwYzbnF0JAx6w/LHmW16cPfqUYq7p3/TaDbI2d18PxJku8 OEW3PngmskY3lNHwGKHXGagjIzXApG8S/Lbhc= X-Google-DKIM-Signature: v=1; a=rsa-sha256; c=relaxed/relaxed; d=1e100.net; s=20230601; t=1761728808; x=1762333608; h=references:in-reply-to:cc:to:from:subject:message-id:date :x-gm-message-state:from:to:cc:subject:date:message-id:reply-to; bh=YCSnJbYBWz7yqACOtNbyCkNQ3zNO6DBMMjnEJ1Mhpn8=; b=n6TaOPkTYdXNx7/A6TY+x+u5OjtZw07j83Rn3VNmrIb9j1ktgxb6hzYKMpVmwzgB5e wJN8oa372DYpENWmFvEGPWnn5n3yaiJl23mAvXGhEVsFdiqVTXZ+5Gt3A65eTdDmB8nv POWM2FmXlHFc5Iv+bnpFN8YCsue/1wQg1OhcbpvuC+gofjQfTDrrLMcAuB0LBEql5xXo e522Niww8FxbK1HKDPfJ97VWiEouB9O2yNQzDzZaEw8rh97JJC8GSR2Ngr9y/o8Fo+XL q6G6pxfDPEdv3ie/z4ODQXcDar/cYxbOIp68UtZiP825beUymy8fnlZekeUt3hK2T6ws 4I8g== X-Gm-Message-State: AOJu0YzckHxFwTsvhUxUlFCOU4s7vrLzDBFNuAhVu9Bg7VI9pzHqNCn8 Ggyf1J7dsYFfxUA/Zehf9BWN/o2uU96IJH4TYnQecMkglleb5Zi4E8cEMoVAxsFKEcZnUs52t9T M+ykbSGJ4CgomudqOuL87WbNPNaw69MfLJcDK86T73wkVAkOe9jHI8GiGUCW3 X-Gm-Gg: ASbGncsF1PNTSkN3bp118RmzoPANkCxIGHevrJN96Fkm4lQZrMcykCH6VPZUi27nJFK s4Rq6LfQVdNOEgNca1K0EGDnjy0V/fmLDxMDiAWax4kHeEBjSrE3oVGN2fK3/6XWh55DHkgV0EK ludFwHKcM3VcZRYFIyXktmCwn+W6Z6nPg/x9r2J4s1N2KUcSKVLb43DyUVtO1VL2PGhYaj7yF0w 8mPJ3tP8MbNpt1HVsJ5snPvWvQUUCakQkySnNDsSG8zTvBerrB01o7EoMBZB9QISUx9fYfaoo0W uyfmBtzFxdjS9L/8Xwjk6xy1kF0p7pSDu85lKd3/vsNXy32uWixYTfX/sn3Xg1yHE1+B3QQxaxb PRjBY8BVT X-Google-Smtp-Source: AGHT+IF1DYOpJKHDPQwBJ1P2KLMLqyQ2YDPfc8NE/cZGVmXUwINyH9pQafC+bU9Ileg7elV5mOpmerSOFvVG X-Received: by 2002:a05:6102:3e27:b0:5d5:f6ae:38f0 with SMTP id ada2fe7eead31-5db9068dd48mr680049137.39.1761728807859; Wed, 29 Oct 2025 02:06:47 -0700 (PDT) Received: from postal.iol.unh.edu (postal.iol.unh.edu. [2606:4100:3880:1234::84]) by smtp-relay.gmail.com with ESMTPS id ada2fe7eead31-5db4e60e0c8sm1456611137.4.2025.10.29.02.06.47 (version=TLS1_2 cipher=ECDHE-ECDSA-AES128-GCM-SHA256 bits=128/128); Wed, 29 Oct 2025 02:06:47 -0700 (PDT) X-Relaying-Domain: iol.unh.edu Date: Wed, 29 Oct 2025 02:06:47 -0700 (PDT) Message-ID: <6901d927.050a0220.23c27f.6827SMTPIN_ADDED_MISSING@mx.google.com> Received: from [172.21.0.2] (unknown [172.18.0.240]) by postal.iol.unh.edu (Postfix) with ESMTP id 80A5E6051830; Wed, 29 Oct 2025 05:06:47 -0400 (EDT) Subject: |FAILURE| pw158194-158201 [PATCH] [v1,8/8] vfio: deprecate group-bas From: dpdklab@iol.unh.edu To: Test Report Cc: dpdk-test-reports@iol.unh.edu, Anatoly Burakov In-Reply-To: References: Content-Type: text/plain X-BeenThere: test-report@dpdk.org X-Mailman-Version: 2.1.29 Precedence: list List-Id: automatic DPDK test reports List-Unsubscribe: , List-Archive: List-Post: List-Help: List-Subscribe: , Errors-To: test-report-bounces@dpdk.org Test-Label: iol-unit-arm64-testing Test-Status: FAILURE http://dpdk.org/patch/158201 _Testing issues_ Submitter: Anatoly Burakov Date: Tuesday, October 28 2025 16:43:21 DPDK git baseline: Repo:dpdk Branch: master CommitID:39b54f2dcf44ad1f91eabc7080cd5dea763607fd 158194-158201 --> testing issues Upstream job id: Generic-Unit-Test-DPDK#386321 Test environment and result as below: +------------------------------+----------------+---------------------------+--------------+------------------------------+ | Environment | dpdk_unit_test | cryptodev_sw_zuc_autotest | lpm_autotest | cryptodev_sw_snow3g_autotest | +==============================+================+===========================+==============+==============================+ | CentOS Stream 10 | WARN | SKIPPED | SKIPPED | SKIPPED | +------------------------------+----------------+---------------------------+--------------+------------------------------+ | CentOS Stream 9 | WARN | SKIPPED | SKIPPED | SKIPPED | +------------------------------+----------------+---------------------------+--------------+------------------------------+ | Debian GNU/Linux 12 | WARN | SKIPPED | SKIPPED | SKIPPED | +------------------------------+----------------+---------------------------+--------------+------------------------------+ | Fedora Linux 40 | WARN | SKIPPED | SKIPPED | SKIPPED | +------------------------------+----------------+---------------------------+--------------+------------------------------+ | Ubuntu 22.04 | PEND | SKIPPED | SKIPPED | SKIPPED | +------------------------------+----------------+---------------------------+--------------+------------------------------+ | Fedora Linux 41 | PEND | SKIPPED | SKIPPED | SKIPPED | +------------------------------+----------------+---------------------------+--------------+------------------------------+ | Fedora Linux 42 | PEND | SKIPPED | SKIPPED | SKIPPED | +------------------------------+----------------+---------------------------+--------------+------------------------------+ | Ubuntu 20.04 | WARN | SKIPPED | WARN | SKIPPED | +------------------------------+----------------+---------------------------+--------------+------------------------------+ | Ubuntu 24.04 | PEND | SKIPPED | SKIPPED | SKIPPED | +------------------------------+----------------+---------------------------+--------------+------------------------------+ | Red Hat Enterprise Linux 9.5 | PEND | SKIPPED | SKIPPED | SKIPPED | +------------------------------+----------------+---------------------------+--------------+------------------------------+ | Debian 12 (arm) | SKIPPED | WARN | SKIPPED | WARN | +------------------------------+----------------+---------------------------+--------------+------------------------------+ ==== 20 line log output for Debian 12 (arm) (cryptodev_sw_snow3g_autotest): ==== | ^~~~ ../lib/eal/linux/eal_vfio_group.c:331:17: note: include '' or provide a declaration of 'free' ../lib/eal/linux/eal_vfio_group.c: In function 'vfio_group_request_fd': ../lib/eal/linux/eal_vfio_group.c:614:9: error: incompatible implicit declaration of built-in function 'free' [-Werror=builtin-declaration-mismatch] 614 | free(mp_reply.msgs); | ^~~~ ../lib/eal/linux/eal_vfio_group.c:614:9: note: include '' or provide a declaration of 'free' ../lib/eal/linux/eal_vfio_group.c: In function 'vfio_group_sync_iommu_ops': ../lib/eal/linux/eal_vfio_group.c:664:9: error: incompatible implicit declaration of built-in function 'free' [-Werror=builtin-declaration-mismatch] 664 | free(mp_reply.msgs); | ^~~~ ../lib/eal/linux/eal_vfio_group.c:664:9: note: include '' or provide a declaration of 'free' ../lib/eal/linux/eal_vfio_group.c: In function 'vfio_group_get_num': ../lib/eal/linux/eal_vfio_group.c:973:21: error: implicit declaration of function 'strtol'; did you mean 'strtok'? [-Werror=implicit-function-declaration] 973 | group_num = strtol(group_tok, &end, 10); | ^~~~~~ | strtok ../lib/eal/linux/eal_vfio_group.c:973:21: error: nested extern declaration of 'strtol' [-Werror=nested-externs] cc1: all warnings being treated as errors ninja: build stopped: subcommand failed. ==== End log output ==== CentOS Stream 10 Kernel: 5.4 Compiler: gcc gcc (GCC) 14.2.1 20250110 (Red Hat 14.2.1-8) CentOS Stream 9 Kernel: 5.4 Compiler: gcc gcc (GCC) 11.5.0 20240719 (Red Hat 11.5.0-11) Debian GNU/Linux 12 Kernel: 5.4 Compiler: gcc gcc (Debian 12.2.0-14+deb12u1) 12.2.0 Fedora Linux 40 Kernel: 5.4 Compiler: gcc gcc (GCC) 14.2.1 20240912 (Red Hat 14.2.1-3) Ubuntu 22.04 Kernel: 5.15 Compiler: gcc gcc (Ubuntu 11.4.0-1ubuntu1~22.04.2) 11.4.0 Fedora Linux 41 Kernel: 5.4 Compiler: gcc gcc (GCC) 14.3.1 20250523 (Red Hat 14.3.1-1) Fedora Linux 42 Kernel: 5.4 Compiler: gcc gcc (GCC) 15.2.1 20250808 (Red Hat 15.2.1-1) Ubuntu 20.04 Kernel: 5.4 Compiler: gcc gcc (Ubuntu 9.4.0-1ubuntu1~20.04.2) 9.4.0 Ubuntu 24.04 Kernel: 5.4 Compiler: gcc gcc (Ubuntu 13.3.0-6ubuntu2~24.04) 13.3.0 Red Hat Enterprise Linux 9.5 Kernel: 5.4 Compiler: gcc gcc (GCC) 11.5.0 20240719 (Red Hat 11.5.0-2) Debian 12 (arm) Kernel: Depends on container host Compiler: gcc (Debian 12.2.0-14) 12.2.0 To view detailed results, visit: https://lab.dpdk.org/results/dashboard/patchsets/34406/ UNH-IOL DPDK Community Lab To manage your email subscriptions, visit: https://lab.dpdk.org/results/dashboard/preferences/subscriptions/