From mboxrd@z Thu Jan 1 00:00:00 1970 Return-Path: Received: from mails.dpdk.org (mails.dpdk.org [217.70.189.124]) by inbox.dpdk.org (Postfix) with ESMTP id E44B648A42 for ; Wed, 29 Oct 2025 10:08:09 +0100 (CET) Received: from mails.dpdk.org (localhost [127.0.0.1]) by mails.dpdk.org (Postfix) with ESMTP id DEC0F40288; Wed, 29 Oct 2025 10:08:09 +0100 (CET) Received: from mail-pl1-f227.google.com (mail-pl1-f227.google.com [209.85.214.227]) by mails.dpdk.org (Postfix) with ESMTP id A7DE240288 for ; Wed, 29 Oct 2025 10:08:08 +0100 (CET) Received: by mail-pl1-f227.google.com with SMTP id d9443c01a7336-29488933a91so70571785ad.2 for ; Wed, 29 Oct 2025 02:08:08 -0700 (PDT) DKIM-Signature: v=1; a=rsa-sha256; c=relaxed/relaxed; d=iol.unh.edu; s=unh-iol; t=1761728888; x=1762333688; darn=dpdk.org; h=references:in-reply-to:cc:to:from:subject:message-id:date:from:to :cc:subject:date:message-id:reply-to; bh=j2SZlmvS7BEfIgh8clF4+KkZwGPq+vPKbb6B1gUQZ7g=; b=b2pEr77HfJADpimNJr5gHvlZ6tMqcXTUdYUZ1Dde022zQpk81x9Uejjny7gBPRCpkn zhrrUu4/JRh0X7YHXwA6gaS8j+VeulNzvTZuwnKhgeBX7B749V/Q2TsSGFhbGLdIwmts fUlFjn9HmgPigiBZQiugK9658oxlvqZAoMwh4= X-Google-DKIM-Signature: v=1; a=rsa-sha256; c=relaxed/relaxed; d=1e100.net; s=20230601; t=1761728888; x=1762333688; h=references:in-reply-to:cc:to:from:subject:message-id:date :x-gm-message-state:from:to:cc:subject:date:message-id:reply-to; bh=j2SZlmvS7BEfIgh8clF4+KkZwGPq+vPKbb6B1gUQZ7g=; b=M0uM/NXkPouaOWu/ZpvJCx/D45bbczH5KwrFeIxqhzzZ9yyi8Z61f8R4Xif2Nhosc8 tTx/+5wpF8Xq/88Adj4H6lLkgPdCV2Cm7gXqKJVNhRK2yr9LtsQ/AwBWZpCt+CzoYFkb jhlpqucYaa+bJKaL4vYV+e8mcsQ4Xe636bzUhoT4KRLrxuCJgu57R5a55sYor8fKlsIg PxvFlPgVDStsFm6s8CH7gq7fmmfTVabTjFsLgWEkfN3zxkXmmeF0x2bq2A9YLcoXTazf iZrjz1L5AeqU0nQBSgU0bbe1YJpZOPc5IQ20qyUZNyZkoYhk65LNMruRT75B6ihHXxv/ HpxA== X-Gm-Message-State: AOJu0YyZNo0+c2jgvtMb/VMwO80GAf8w6BvKnGNuGxABkMKGb69wG7ag 9rTpQfbnQDCA3XWxgLhyzGfRuge0ybZQ333iw7hFXDi+zjHD7ULajhzDPTkvK/q7rZA9qLSwkqf GwE0hiIkGJqq1PMmkA8wGcnzovofuWzmzYghKy9zRK3nFU89N6A58PUpncys7 X-Gm-Gg: ASbGncsv8OEwD856glTk/BTEP1siwaGWgjnLb8tIQW4DbmJgs/vJJVKZJTAk/Y5Gyox PzpkN1CgtWS7nDMwyMKDhxeOc2JGyBeZCOKTdsghBwWHCHXW3Eyd5b60WoHmVevrlvnT+LujxxQ G2HY8NSDS7J7pD5JEZZxmtscUdP0E6J85STVBDMS/fjTWVG+BJ7RjJM6Lp67Y6jHduE6AFPHRIX nEHC47XCCi5VC/evMeGpKyIRIvJe7crUKRorUFAD2yXJHSobJChoYeKo7JnninkrFJze31bH5wa oIUrNYowdPWxeMls224JUaexlDE4QIWBUi5uCoghids3kryp7zs5ZClUUDRtTcZ4waBMBGiCsxc vWT9+Ycmn X-Google-Smtp-Source: AGHT+IHnU84rHc9XBdghbcpkGSOH3hlspRNX9XOBE40RDPrOue/CKAbXfSFxWfBBOF3EUIEqij6/iDKCDUgH X-Received: by 2002:a17:902:d4ce:b0:28c:2db3:b9ab with SMTP id d9443c01a7336-294dee25ef7mr31240145ad.26.1761728887886; Wed, 29 Oct 2025 02:08:07 -0700 (PDT) Received: from postal.iol.unh.edu (postal.iol.unh.edu. [2606:4100:3880:1234::84]) by smtp-relay.gmail.com with ESMTPS id d9443c01a7336-29498d40e05sm13853475ad.44.2025.10.29.02.08.07 (version=TLS1_2 cipher=ECDHE-ECDSA-AES128-GCM-SHA256 bits=128/128); Wed, 29 Oct 2025 02:08:07 -0700 (PDT) X-Relaying-Domain: iol.unh.edu Date: Wed, 29 Oct 2025 02:08:07 -0700 (PDT) Message-ID: <6901d977.170a0220.1722f0.1af2SMTPIN_ADDED_MISSING@mx.google.com> Received: from [172.21.0.2] (unknown [172.18.0.240]) by postal.iol.unh.edu (Postfix) with ESMTP id 2F4F56051830; Wed, 29 Oct 2025 05:08:07 -0400 (EDT) Subject: |FAILURE| pw158194-158201 [PATCH] [v1,8/8] vfio: deprecate group-bas From: dpdklab@iol.unh.edu To: Test Report Cc: dpdk-test-reports@iol.unh.edu, Anatoly Burakov In-Reply-To: References: Content-Type: text/plain X-BeenThere: test-report@dpdk.org X-Mailman-Version: 2.1.29 Precedence: list List-Id: automatic DPDK test reports List-Unsubscribe: , List-Archive: List-Post: List-Help: List-Subscribe: , Errors-To: test-report-bounces@dpdk.org Test-Label: iol-unit-arm64-testing Test-Status: FAILURE http://dpdk.org/patch/158201 _Testing issues_ Submitter: Anatoly Burakov Date: Tuesday, October 28 2025 16:43:21 DPDK git baseline: Repo:dpdk Branch: master CommitID:39b54f2dcf44ad1f91eabc7080cd5dea763607fd 158194-158201 --> testing issues Upstream job id: Generic-Unit-Test-DPDK#386325 Test environment and result as below: +------------------------------+----------------+---------------------------+--------------+------------------------------+ | Environment | dpdk_unit_test | cryptodev_sw_zuc_autotest | lpm_autotest | cryptodev_sw_snow3g_autotest | +==============================+================+===========================+==============+==============================+ | CentOS Stream 10 | WARN | SKIPPED | SKIPPED | SKIPPED | +------------------------------+----------------+---------------------------+--------------+------------------------------+ | CentOS Stream 9 | WARN | SKIPPED | SKIPPED | SKIPPED | +------------------------------+----------------+---------------------------+--------------+------------------------------+ | Debian GNU/Linux 12 | WARN | SKIPPED | SKIPPED | SKIPPED | +------------------------------+----------------+---------------------------+--------------+------------------------------+ | Fedora Linux 40 | WARN | SKIPPED | SKIPPED | SKIPPED | +------------------------------+----------------+---------------------------+--------------+------------------------------+ | Ubuntu 22.04 | PEND | SKIPPED | SKIPPED | SKIPPED | +------------------------------+----------------+---------------------------+--------------+------------------------------+ | Fedora Linux 41 | WARN | SKIPPED | SKIPPED | SKIPPED | +------------------------------+----------------+---------------------------+--------------+------------------------------+ | Fedora Linux 42 | WARN | SKIPPED | SKIPPED | SKIPPED | +------------------------------+----------------+---------------------------+--------------+------------------------------+ | Ubuntu 20.04 | WARN | SKIPPED | WARN | SKIPPED | +------------------------------+----------------+---------------------------+--------------+------------------------------+ | Ubuntu 24.04 | WARN | SKIPPED | SKIPPED | SKIPPED | +------------------------------+----------------+---------------------------+--------------+------------------------------+ | Red Hat Enterprise Linux 9.5 | PEND | SKIPPED | SKIPPED | SKIPPED | +------------------------------+----------------+---------------------------+--------------+------------------------------+ | Debian 12 (arm) | SKIPPED | WARN | SKIPPED | WARN | +------------------------------+----------------+---------------------------+--------------+------------------------------+ ==== 20 line log output for Debian 12 (arm) (cryptodev_sw_snow3g_autotest): ==== | ^~~~ ../lib/eal/linux/eal_vfio_group.c:331:17: note: include '' or provide a declaration of 'free' ../lib/eal/linux/eal_vfio_group.c: In function 'vfio_group_request_fd': ../lib/eal/linux/eal_vfio_group.c:614:9: error: incompatible implicit declaration of built-in function 'free' [-Werror=builtin-declaration-mismatch] 614 | free(mp_reply.msgs); | ^~~~ ../lib/eal/linux/eal_vfio_group.c:614:9: note: include '' or provide a declaration of 'free' ../lib/eal/linux/eal_vfio_group.c: In function 'vfio_group_sync_iommu_ops': ../lib/eal/linux/eal_vfio_group.c:664:9: error: incompatible implicit declaration of built-in function 'free' [-Werror=builtin-declaration-mismatch] 664 | free(mp_reply.msgs); | ^~~~ ../lib/eal/linux/eal_vfio_group.c:664:9: note: include '' or provide a declaration of 'free' ../lib/eal/linux/eal_vfio_group.c: In function 'vfio_group_get_num': ../lib/eal/linux/eal_vfio_group.c:973:21: error: implicit declaration of function 'strtol'; did you mean 'strtok'? [-Werror=implicit-function-declaration] 973 | group_num = strtol(group_tok, &end, 10); | ^~~~~~ | strtok ../lib/eal/linux/eal_vfio_group.c:973:21: error: nested extern declaration of 'strtol' [-Werror=nested-externs] cc1: all warnings being treated as errors ninja: build stopped: subcommand failed. ==== End log output ==== CentOS Stream 10 Kernel: 5.4 Compiler: gcc gcc (GCC) 14.2.1 20250110 (Red Hat 14.2.1-8) CentOS Stream 9 Kernel: 5.4 Compiler: gcc gcc (GCC) 11.5.0 20240719 (Red Hat 11.5.0-11) Debian GNU/Linux 12 Kernel: 5.4 Compiler: gcc gcc (Debian 12.2.0-14+deb12u1) 12.2.0 Fedora Linux 40 Kernel: 5.4 Compiler: gcc gcc (GCC) 14.2.1 20240912 (Red Hat 14.2.1-3) Ubuntu 22.04 Kernel: 5.15 Compiler: gcc gcc (Ubuntu 11.4.0-1ubuntu1~22.04.2) 11.4.0 Fedora Linux 41 Kernel: 5.4 Compiler: gcc gcc (GCC) 14.3.1 20250523 (Red Hat 14.3.1-1) Fedora Linux 42 Kernel: 5.4 Compiler: gcc gcc (GCC) 15.2.1 20250808 (Red Hat 15.2.1-1) Ubuntu 20.04 Kernel: 5.4 Compiler: gcc gcc (Ubuntu 9.4.0-1ubuntu1~20.04.2) 9.4.0 Ubuntu 24.04 Kernel: 5.4 Compiler: gcc gcc (Ubuntu 13.3.0-6ubuntu2~24.04) 13.3.0 Red Hat Enterprise Linux 9.5 Kernel: 5.4 Compiler: gcc gcc (GCC) 11.5.0 20240719 (Red Hat 11.5.0-2) Debian 12 (arm) Kernel: Depends on container host Compiler: gcc (Debian 12.2.0-14) 12.2.0 To view detailed results, visit: https://lab.dpdk.org/results/dashboard/patchsets/34406/ UNH-IOL DPDK Community Lab To manage your email subscriptions, visit: https://lab.dpdk.org/results/dashboard/preferences/subscriptions/