From mboxrd@z Thu Jan 1 00:00:00 1970 Return-Path: Received: from mails.dpdk.org (mails.dpdk.org [217.70.189.124]) by inbox.dpdk.org (Postfix) with ESMTP id 08B5F48A42 for ; Wed, 29 Oct 2025 10:08:53 +0100 (CET) Received: from mails.dpdk.org (localhost [127.0.0.1]) by mails.dpdk.org (Postfix) with ESMTP id 013F440288; Wed, 29 Oct 2025 10:08:53 +0100 (CET) Received: from mail-pg1-f225.google.com (mail-pg1-f225.google.com [209.85.215.225]) by mails.dpdk.org (Postfix) with ESMTP id 51B4D40288 for ; Wed, 29 Oct 2025 10:08:51 +0100 (CET) Received: by mail-pg1-f225.google.com with SMTP id 41be03b00d2f7-b5a631b9c82so4278015a12.1 for ; Wed, 29 Oct 2025 02:08:51 -0700 (PDT) DKIM-Signature: v=1; a=rsa-sha256; c=relaxed/relaxed; d=iol.unh.edu; s=unh-iol; t=1761728930; x=1762333730; darn=dpdk.org; h=references:in-reply-to:cc:to:from:subject:message-id:date:from:to :cc:subject:date:message-id:reply-to; bh=6JjsIkHc7nr3SCNMMo/4pbVYv3C5qbt4zr6VRLyvnxU=; b=RdOyU9pzXdW+McjtFCAorLZZuaT0ijEB2ukDTt3wZ6R+Y44Yw4fzvUOSNgeW2LO/3Y NM8fodOwn8I6ZM5PI3ZhaW6xMEla5IP4AywmnyMOZPtTi7rtWhlRCQ0fTbwycWdkExWa xB2Auu/jHdgLAyHh9Bs3qb9zjfpiXIiQ4Tg5o= X-Google-DKIM-Signature: v=1; a=rsa-sha256; c=relaxed/relaxed; d=1e100.net; s=20230601; t=1761728930; x=1762333730; h=references:in-reply-to:cc:to:from:subject:message-id:date :x-gm-message-state:from:to:cc:subject:date:message-id:reply-to; bh=6JjsIkHc7nr3SCNMMo/4pbVYv3C5qbt4zr6VRLyvnxU=; b=fEG6bSvHCvvF8JDnQgiXby3mSEfJpKrp7aiHyRtx1T3glBvNN+v4db+Z9fC7LFbjVw cc5RBwhnQjDXZq2jcbsz2GHVhqMDy0qYCVwlM6uhV36kwD3fxiC1HZSJflRUv+tMD13c hjFzlozmf0bh9PMUXAav3WiGffsL1k9GPcgrw196mhVeYjGCQ/UudmmMx4pIN9iypVLg sgTu40+663K8Jj/hgGcLyRLqMevu5eAqh2PfGMTeUKaPPVMcduF4Z+pPLxk3+J0/yLSg uMFVk3xoA5zKH9wPE3tPwilYNfTgGrfdzXgG5lJs1vo3rTI7B9sM1fBpl93REdkNaZnL UBeQ== X-Gm-Message-State: AOJu0YwYB6S+CFWnLHiTRCmktyGHSkQTZjqur3LxVUpmFmK5c9oq9x/0 B0nGX1ic7VDPZ3H1sCvR0tOQX3uQn/QW2XMuJmE8Vr/tlXL3bDS27az+WR/dt8Iqs+yQ+oymHHA WZy7N7FszUqH6oeqVszDnJVcr15LQNKASew+2K0hHyKEQHleh3wlPpVjjgSvm X-Gm-Gg: ASbGnctB382xzDQB8I0kwrt1GEfrHc+yAZUfqFcISuWSQen2/ttZwNb6S6CZqmAiWxp +QShpYaW8Ec2GlrQcfTb2w1Oeyh+FYkmxRwWnApIlVDoDKNN6XdxH5OOkMKk+OMfoUiyXCWc1KP kewrmgQvFr+jAzA6YwzHIPEUBZM/r+GXnf/Ep5AD5n+Z7X22oj6nRCAyPjbMtPah9t3FXP5ROYL +IGZm1iybTheiMCH89KX4XsqDJYW9UGDQNaUnD3ucb87tm69MDj2ZFuRNCGEUqU8wuwGTIReJiQ KGwQNIe+6ZZxIdAbIpP4Yj76oZalu4ZcmUNZ3ub8CV9nVHZyuvAX0PDpznN2GYrOT+zy5tPblnZ xjxhiaImj X-Google-Smtp-Source: AGHT+IFtkXQcJAO7JbsC44mB/B7nYUvzs7AP8hDS2OET7DyhZ2OqmYQI5SQmmqwPtQH2KJjX/heEc1DMjanl X-Received: by 2002:a17:902:b696:b0:24c:caab:dfd2 with SMTP id d9443c01a7336-294def53dd5mr15151815ad.61.1761728930532; Wed, 29 Oct 2025 02:08:50 -0700 (PDT) Received: from postal.iol.unh.edu (postal.iol.unh.edu. [2606:4100:3880:1234::84]) by smtp-relay.gmail.com with ESMTPS id d9443c01a7336-29498d428c7sm12631335ad.46.2025.10.29.02.08.50 (version=TLS1_2 cipher=ECDHE-ECDSA-AES128-GCM-SHA256 bits=128/128); Wed, 29 Oct 2025 02:08:50 -0700 (PDT) X-Relaying-Domain: iol.unh.edu Date: Wed, 29 Oct 2025 02:08:50 -0700 (PDT) Message-ID: <6901d9a2.170a0220.b190e.b0faSMTPIN_ADDED_MISSING@mx.google.com> Received: from [172.21.0.2] (unknown [172.18.0.240]) by postal.iol.unh.edu (Postfix) with ESMTP id EAA406051830; Wed, 29 Oct 2025 05:08:49 -0400 (EDT) Subject: |FAILURE| pw158194-158201 [PATCH] [v1,8/8] vfio: deprecate group-bas From: dpdklab@iol.unh.edu To: Test Report Cc: dpdk-test-reports@iol.unh.edu, Anatoly Burakov In-Reply-To: References: Content-Type: text/plain X-BeenThere: test-report@dpdk.org X-Mailman-Version: 2.1.29 Precedence: list List-Id: automatic DPDK test reports List-Unsubscribe: , List-Archive: List-Post: List-Help: List-Subscribe: , Errors-To: test-report-bounces@dpdk.org Test-Label: iol-unit-arm64-testing Test-Status: FAILURE http://dpdk.org/patch/158201 _Testing issues_ Submitter: Anatoly Burakov Date: Tuesday, October 28 2025 16:43:21 DPDK git baseline: Repo:dpdk Branch: master CommitID:39b54f2dcf44ad1f91eabc7080cd5dea763607fd 158194-158201 --> testing issues Upstream job id: Generic-Unit-Test-DPDK#386323 Test environment and result as below: +------------------------------+----------------+---------------------------+--------------+------------------------------+ | Environment | dpdk_unit_test | cryptodev_sw_zuc_autotest | lpm_autotest | cryptodev_sw_snow3g_autotest | +==============================+================+===========================+==============+==============================+ | CentOS Stream 10 | WARN | SKIPPED | SKIPPED | SKIPPED | +------------------------------+----------------+---------------------------+--------------+------------------------------+ | CentOS Stream 9 | WARN | SKIPPED | SKIPPED | SKIPPED | +------------------------------+----------------+---------------------------+--------------+------------------------------+ | Debian GNU/Linux 12 | WARN | SKIPPED | SKIPPED | SKIPPED | +------------------------------+----------------+---------------------------+--------------+------------------------------+ | Fedora Linux 40 | WARN | SKIPPED | SKIPPED | SKIPPED | +------------------------------+----------------+---------------------------+--------------+------------------------------+ | Ubuntu 22.04 | WARN | SKIPPED | SKIPPED | SKIPPED | +------------------------------+----------------+---------------------------+--------------+------------------------------+ | Fedora Linux 41 | WARN | SKIPPED | SKIPPED | SKIPPED | +------------------------------+----------------+---------------------------+--------------+------------------------------+ | Fedora Linux 42 | WARN | SKIPPED | SKIPPED | SKIPPED | +------------------------------+----------------+---------------------------+--------------+------------------------------+ | Ubuntu 20.04 | WARN | SKIPPED | WARN | SKIPPED | +------------------------------+----------------+---------------------------+--------------+------------------------------+ | Ubuntu 24.04 | WARN | SKIPPED | SKIPPED | SKIPPED | +------------------------------+----------------+---------------------------+--------------+------------------------------+ | Red Hat Enterprise Linux 9.5 | PEND | SKIPPED | SKIPPED | SKIPPED | +------------------------------+----------------+---------------------------+--------------+------------------------------+ | Debian 12 (arm) | SKIPPED | WARN | SKIPPED | WARN | +------------------------------+----------------+---------------------------+--------------+------------------------------+ ==== 20 line log output for Debian 12 (arm) (cryptodev_sw_snow3g_autotest): ==== | ^~~~ ../lib/eal/linux/eal_vfio_group.c:331:17: note: include '' or provide a declaration of 'free' ../lib/eal/linux/eal_vfio_group.c: In function 'vfio_group_request_fd': ../lib/eal/linux/eal_vfio_group.c:614:9: error: incompatible implicit declaration of built-in function 'free' [-Werror=builtin-declaration-mismatch] 614 | free(mp_reply.msgs); | ^~~~ ../lib/eal/linux/eal_vfio_group.c:614:9: note: include '' or provide a declaration of 'free' ../lib/eal/linux/eal_vfio_group.c: In function 'vfio_group_sync_iommu_ops': ../lib/eal/linux/eal_vfio_group.c:664:9: error: incompatible implicit declaration of built-in function 'free' [-Werror=builtin-declaration-mismatch] 664 | free(mp_reply.msgs); | ^~~~ ../lib/eal/linux/eal_vfio_group.c:664:9: note: include '' or provide a declaration of 'free' ../lib/eal/linux/eal_vfio_group.c: In function 'vfio_group_get_num': ../lib/eal/linux/eal_vfio_group.c:973:21: error: implicit declaration of function 'strtol'; did you mean 'strtok'? [-Werror=implicit-function-declaration] 973 | group_num = strtol(group_tok, &end, 10); | ^~~~~~ | strtok ../lib/eal/linux/eal_vfio_group.c:973:21: error: nested extern declaration of 'strtol' [-Werror=nested-externs] cc1: all warnings being treated as errors ninja: build stopped: subcommand failed. ==== End log output ==== CentOS Stream 10 Kernel: 5.4 Compiler: gcc gcc (GCC) 14.2.1 20250110 (Red Hat 14.2.1-8) CentOS Stream 9 Kernel: 5.4 Compiler: gcc gcc (GCC) 11.5.0 20240719 (Red Hat 11.5.0-11) Debian GNU/Linux 12 Kernel: 5.4 Compiler: gcc gcc (Debian 12.2.0-14+deb12u1) 12.2.0 Fedora Linux 40 Kernel: 5.4 Compiler: gcc gcc (GCC) 14.2.1 20240912 (Red Hat 14.2.1-3) Ubuntu 22.04 Kernel: 5.15 Compiler: gcc gcc (Ubuntu 11.4.0-1ubuntu1~22.04.2) 11.4.0 Fedora Linux 41 Kernel: 5.4 Compiler: gcc gcc (GCC) 14.3.1 20250523 (Red Hat 14.3.1-1) Fedora Linux 42 Kernel: 5.4 Compiler: gcc gcc (GCC) 15.2.1 20250808 (Red Hat 15.2.1-1) Ubuntu 20.04 Kernel: 5.4 Compiler: gcc gcc (Ubuntu 9.4.0-1ubuntu1~20.04.2) 9.4.0 Ubuntu 24.04 Kernel: 5.4 Compiler: gcc gcc (Ubuntu 13.3.0-6ubuntu2~24.04) 13.3.0 Red Hat Enterprise Linux 9.5 Kernel: 5.4 Compiler: gcc gcc (GCC) 11.5.0 20240719 (Red Hat 11.5.0-2) Debian 12 (arm) Kernel: Depends on container host Compiler: gcc (Debian 12.2.0-14) 12.2.0 To view detailed results, visit: https://lab.dpdk.org/results/dashboard/patchsets/34406/ UNH-IOL DPDK Community Lab To manage your email subscriptions, visit: https://lab.dpdk.org/results/dashboard/preferences/subscriptions/