From mboxrd@z Thu Jan 1 00:00:00 1970 Return-Path: Received: from mails.dpdk.org (mails.dpdk.org [217.70.189.124]) by inbox.dpdk.org (Postfix) with ESMTP id 11A2248A20 for ; Wed, 29 Oct 2025 11:41:13 +0100 (CET) Received: from mails.dpdk.org (localhost [127.0.0.1]) by mails.dpdk.org (Postfix) with ESMTP id 0C43D40288; Wed, 29 Oct 2025 11:41:13 +0100 (CET) Received: from mail-pf1-f225.google.com (mail-pf1-f225.google.com [209.85.210.225]) by mails.dpdk.org (Postfix) with ESMTP id D6EC540288 for ; Wed, 29 Oct 2025 11:41:11 +0100 (CET) Received: by mail-pf1-f225.google.com with SMTP id d2e1a72fcca58-7833765433cso8971084b3a.0 for ; Wed, 29 Oct 2025 03:41:11 -0700 (PDT) DKIM-Signature: v=1; a=rsa-sha256; c=relaxed/relaxed; d=iol.unh.edu; s=unh-iol; t=1761734471; x=1762339271; darn=dpdk.org; h=references:in-reply-to:cc:to:from:subject:message-id:date:from:to :cc:subject:date:message-id:reply-to; bh=MLW+04soqz6fwrgk1CZe32P3ll9aDizZBPhLmgOQZoE=; b=BcPdcypZh1Wr3aabwaR0Rx8J9oRA4BzCXUy92oxG1+OxDUKQ7aIO51iNfONqOxeUVh ffAQm+wSgjtSoX4gmTh+nO9BgoYjx3qpeH2wCYkMWRdti5Jg60FZ5PNRH6lhvUDty1vp 16dlUlv0x3Z0jDD+9R8YkCAfQVkoyPmFaRCcM= X-Google-DKIM-Signature: v=1; a=rsa-sha256; c=relaxed/relaxed; d=1e100.net; s=20230601; t=1761734471; x=1762339271; h=references:in-reply-to:cc:to:from:subject:message-id:date :x-gm-message-state:from:to:cc:subject:date:message-id:reply-to; bh=MLW+04soqz6fwrgk1CZe32P3ll9aDizZBPhLmgOQZoE=; b=ohjfVkX7dNULcwBwuj0XMqEROzKREcfMdChDYKbaXhzNx5F1cHqugUtAnJt9VodmX6 b6a3tenfLqqwDszDGIoyAwLtogaGBo4hIrCX2KXu9fPpcdI9dWHDPWYCj6Z6vaf5Z+zM 19O+o1k7dQIgs5zThthMi5jwM8dLvOh18UiVmCkXIrhlZM5IOk4rEJkkrhHciTm0amoN fdoJB6BoDbuuLUJEr5eoo8siaDjLSIZZ5hx5gLZe0uxTXisMMvCbWv32yk/QRC+KvhsD XK3v0SL4oXxGY7qi9g+1pgi+Z4sk2r1l3QIrvrGPLQLFX37PZJDV5HHujuyiL053JTU2 Nu/g== X-Gm-Message-State: AOJu0YzZpHuNAUurAMzn9K7PTIYldnxiFn6D0il++z13G9i1snGSnFGY UUZyoqe8bYVMfobjNtHobJX7l1EmPsSfkrRbSqmDbKRYE/vooMfhWuyKwTQ6ogTyoLYS2lbmdSL B5ZUtMVGPabD6dxnqf9hidDlcOebVSWbFilstkmxlio5qmOscpd13IYrk8U81 X-Gm-Gg: ASbGncu9MXIPrz8l8m7yyln1PqLg4euMiADaZSFXohw4R5BWPc/yafr8XVaRtf1YsQp yB+A4P0Mqh3OaWkVZxEQnAq61kJzmTo43P+EfZYd+7cPGoBiDYyrNS/gTXy/vTiqvVWHJzseh93 crlKdnL8p2ffUGcn+JpxcZUqF79ENGp4KVZ6LrhfDKyhuY5vWlJ+B6NRZZ4tPwnDr003uPK/lAb 8/PqXuceWWim0FLXbppk5gTbKl5U4j9jE8btSVIX+89Omb9jWccrhVhpKzhMkJ+1XR79A0EUxcT fkWsasl3UoNW4FmvY4VQsetetAIx+X7L+o4Po7OITNv8T46LZDaQXl21T3SLlI87c7ewAV3qpse iIvEFkzu0 X-Google-Smtp-Source: AGHT+IG8xpX9ZVwBLX+57QEpA1bOoJkm1Ek8Yexy3vFPcicscBo9O/B2Y99KnNQ5hVNEL7JH1T6zteoDgAmu X-Received: by 2002:a05:6a20:3d85:b0:33f:4e3d:afef with SMTP id adf61e73a8af0-34658057feemr2969889637.16.1761734470953; Wed, 29 Oct 2025 03:41:10 -0700 (PDT) Received: from postal.iol.unh.edu (postal.iol.unh.edu. [2606:4100:3880:1234::84]) by smtp-relay.gmail.com with ESMTPS id 41be03b00d2f7-b712c87b656sm851053a12.7.2025.10.29.03.41.10 (version=TLS1_2 cipher=ECDHE-ECDSA-AES128-GCM-SHA256 bits=128/128); Wed, 29 Oct 2025 03:41:10 -0700 (PDT) X-Relaying-Domain: iol.unh.edu Date: Wed, 29 Oct 2025 03:41:10 -0700 (PDT) Message-ID: <6901ef46.630a0220.fd0a7.7590SMTPIN_ADDED_MISSING@mx.google.com> Received: from [172.21.0.2] (unknown [172.18.0.240]) by postal.iol.unh.edu (Postfix) with ESMTP id 3BCC56051830; Wed, 29 Oct 2025 06:41:10 -0400 (EDT) Subject: |FAILURE| pw158212-158213 [PATCH] [2/2] net/mlx5: fix unnecessary co From: dpdklab@iol.unh.edu To: Test Report Cc: dpdk-test-reports@iol.unh.edu, Gregory Etelson In-Reply-To: <20251029095505.100582-2-getelson@nvidia.com> References: <20251029095505.100582-2-getelson@nvidia.com> Content-Type: text/plain X-BeenThere: test-report@dpdk.org X-Mailman-Version: 2.1.29 Precedence: list List-Id: automatic DPDK test reports List-Unsubscribe: , List-Archive: List-Post: List-Help: List-Subscribe: , Errors-To: test-report-bounces@dpdk.org Test-Label: iol-compile-amd64-testing Test-Status: FAILURE http://dpdk.org/patch/158213 _Testing issues_ Submitter: Gregory Etelson Date: Wednesday, October 29 2025 09:55:04 DPDK git baseline: Repo:dpdk-next-net-mlx Branch: master CommitID:39b54f2dcf44ad1f91eabc7080cd5dea763607fd 158212-158213 --> testing issues Upstream job id: Generic-DPDK-Compile-Meson#438968 Test environment and result as below: +-------------------------------+--------------------+-------------------+------------------+-------------------------+-------------------+----------------------+ | Environment | dpdk_meson_compile | dpdk_compile_spdk | dpdk_compile_ovs | dpdk_llvm_clang_compile | dpdk_msvc_compile | dpdk_mingw64_compile | +===============================+====================+===================+==================+=========================+===================+======================+ | CentOS Stream 9 | PEND | PEND | SKIPPED | SKIPPED | SKIPPED | SKIPPED | +-------------------------------+--------------------+-------------------+------------------+-------------------------+-------------------+----------------------+ | Debian GNU/Linux 12 | PEND | PEND | SKIPPED | SKIPPED | SKIPPED | SKIPPED | +-------------------------------+--------------------+-------------------+------------------+-------------------------+-------------------+----------------------+ | Fedora Linux 42 | PEND | PEND | PEND | SKIPPED | SKIPPED | SKIPPED | +-------------------------------+--------------------+-------------------+------------------+-------------------------+-------------------+----------------------+ | CentOS Stream 10 | PASS | SKIPPED | SKIPPED | SKIPPED | SKIPPED | SKIPPED | +-------------------------------+--------------------+-------------------+------------------+-------------------------+-------------------+----------------------+ | openSUSE Leap 15.6 | PASS | SKIPPED | SKIPPED | SKIPPED | SKIPPED | SKIPPED | +-------------------------------+--------------------+-------------------+------------------+-------------------------+-------------------+----------------------+ | Red Hat Enterprise Linux 8.10 | PASS | SKIPPED | SKIPPED | SKIPPED | SKIPPED | SKIPPED | +-------------------------------+--------------------+-------------------+------------------+-------------------------+-------------------+----------------------+ | Ubuntu 22.04 | PASS | WARN | SKIPPED | SKIPPED | SKIPPED | SKIPPED | +-------------------------------+--------------------+-------------------+------------------+-------------------------+-------------------+----------------------+ | Ubuntu 20.04 | PASS | SKIPPED | SKIPPED | SKIPPED | SKIPPED | SKIPPED | +-------------------------------+--------------------+-------------------+------------------+-------------------------+-------------------+----------------------+ | Red Hat Enterprise Linux 9.5 | PASS | SKIPPED | SKIPPED | SKIPPED | SKIPPED | SKIPPED | +-------------------------------+--------------------+-------------------+------------------+-------------------------+-------------------+----------------------+ | Ubuntu 24.04 | PEND | PEND | PEND | SKIPPED | SKIPPED | SKIPPED | +-------------------------------+--------------------+-------------------+------------------+-------------------------+-------------------+----------------------+ | FreeBSD 14.2 | PASS | SKIPPED | SKIPPED | SKIPPED | SKIPPED | SKIPPED | +-------------------------------+--------------------+-------------------+------------------+-------------------------+-------------------+----------------------+ | Alpine Linux 3.22.0 | PASS | SKIPPED | SKIPPED | SKIPPED | SKIPPED | SKIPPED | +-------------------------------+--------------------+-------------------+------------------+-------------------------+-------------------+----------------------+ | Windows Server 2022 | SKIPPED | SKIPPED | SKIPPED | PASS | PEND | PEND | +-------------------------------+--------------------+-------------------+------------------+-------------------------+-------------------+----------------------+ ==== 20 line log output for Ubuntu 22.04 (dpdk_compile_spdk): ==== --- Failed to get log output --- ==== End log output ==== CentOS Stream 9 Kernel: 5.15 Compiler: gcc gcc (GCC) 11.5.0 20240719 (Red Hat 11.5.0-11) Debian GNU/Linux 12 Kernel: 5.15 Compiler: gcc gcc (Debian 12.2.0-14+deb12u1) 12.2.0 Fedora Linux 42 Kernel: 5.15 Compiler: clang gcc (GCC) 15.2.1 20250808 (Red Hat 15.2.1-1) CentOS Stream 10 Kernel: 5.15 Compiler: gcc gcc (GCC) 14.2.1 20250110 (Red Hat 14.2.1-8) openSUSE Leap 15.6 Kernel: 5.15 Compiler: gcc gcc (SUSE Linux) 7.5.0 Red Hat Enterprise Linux 8.10 Kernel: 5.15 Compiler: gcc gcc (GCC) 8.5.0 20210514 (Red Hat 8.5.0-22) Ubuntu 22.04 Kernel: 5.15 Compiler: gcc gcc (Ubuntu 11.4.0-1ubuntu1~22.04) 11.4.0 Ubuntu 20.04 Kernel: 5.15 Compiler: gcc gcc (Ubuntu 9.4.0-1ubuntu1~20.04.2) 9.4.0 Red Hat Enterprise Linux 9.5 Kernel: 5.15 Compiler: gcc gcc (GCC) 11.5.0 20240719 (Red Hat 11.5.0-2) Ubuntu 24.04 Kernel: 5.15 Compiler: gcc gcc (Ubuntu 13.3.0-6ubuntu2~24.04) 13.3.0 FreeBSD 14.2 Kernel: 14.2-RELEASE Compiler: clang 18.1.6 Alpine Linux 3.22.0 Kernel: 5.15 Compiler: gcc gcc (Alpine 14.2.0) 14.2.0 Windows Server 2022 Kernel: 10.0.20348.2031 Compiler: clang 15.0.7, gcc 14.1.0 (MinGW), and MSVC VS 19.39.33521 To view detailed results, visit: https://lab.dpdk.org/results/dashboard/patchsets/34413/ UNH-IOL DPDK Community Lab To manage your email subscriptions, visit: https://lab.dpdk.org/results/dashboard/preferences/subscriptions/