From: dpdklab@iol.unh.edu
To: Test Report <test-report@dpdk.org>
Cc: dpdk-test-reports@iol.unh.edu
Subject: |PENDING| pw158219 [PATCH] [v1,1/1] net: fix inner L2 length for GRE
Date: Wed, 29 Oct 2025 06:39:53 -0700 (PDT) [thread overview]
Message-ID: <69021929.050a0220.26c458.47b4SMTPIN_ADDED_MISSING@mx.google.com> (raw)
In-Reply-To: <20251029130523.1642847-1-rkudurumalla@marvell.com>
Test-Label: iol-unit-arm64-testing
Test-Status: PENDING
http://dpdk.org/patch/158219
_Testing pending_
Submitter: Rakesh Kudurumalla <rkudurumalla@marvell.com>
Date: Wednesday, October 29 2025 13:05:23
DPDK git baseline: Repo:dpdk
Branch: master
CommitID:39b54f2dcf44ad1f91eabc7080cd5dea763607fd
158219 --> testing pending
Upstream job id: Generic-Unit-Test-DPDK#386616
Test environment and result as below:
+------------------------------+----------------+------------------------------+---------------------------+--------------+
| Environment | dpdk_unit_test | cryptodev_sw_snow3g_autotest | cryptodev_sw_zuc_autotest | lpm_autotest |
+==============================+================+==============================+===========================+==============+
| CentOS Stream 9 | PEND | SKIPPED | SKIPPED | SKIPPED |
+------------------------------+----------------+------------------------------+---------------------------+--------------+
| CentOS Stream 10 | PEND | SKIPPED | SKIPPED | SKIPPED |
+------------------------------+----------------+------------------------------+---------------------------+--------------+
| Fedora Linux 40 | PEND | SKIPPED | SKIPPED | SKIPPED |
+------------------------------+----------------+------------------------------+---------------------------+--------------+
| Debian GNU/Linux 12 | PEND | SKIPPED | SKIPPED | SKIPPED |
+------------------------------+----------------+------------------------------+---------------------------+--------------+
| Fedora Linux 41 | PEND | SKIPPED | SKIPPED | SKIPPED |
+------------------------------+----------------+------------------------------+---------------------------+--------------+
| Fedora Linux 42 | PEND | SKIPPED | SKIPPED | SKIPPED |
+------------------------------+----------------+------------------------------+---------------------------+--------------+
| Red Hat Enterprise Linux 9.5 | PEND | SKIPPED | SKIPPED | SKIPPED |
+------------------------------+----------------+------------------------------+---------------------------+--------------+
| Ubuntu 22.04 | PEND | SKIPPED | SKIPPED | SKIPPED |
+------------------------------+----------------+------------------------------+---------------------------+--------------+
| Ubuntu 24.04 | PEND | SKIPPED | SKIPPED | SKIPPED |
+------------------------------+----------------+------------------------------+---------------------------+--------------+
| Ubuntu 20.04 | PEND | SKIPPED | SKIPPED | PASS |
+------------------------------+----------------+------------------------------+---------------------------+--------------+
| Debian 12 (arm) | SKIPPED | PEND | PEND | SKIPPED |
+------------------------------+----------------+------------------------------+---------------------------+--------------+
CentOS Stream 9
Kernel: 5.4
Compiler: gcc gcc (GCC) 11.5.0 20240719 (Red Hat 11.5.0-11)
CentOS Stream 10
Kernel: 5.4
Compiler: gcc gcc (GCC) 14.2.1 20250110 (Red Hat 14.2.1-8)
Fedora Linux 40
Kernel: 5.4
Compiler: gcc gcc (GCC) 14.2.1 20240912 (Red Hat 14.2.1-3)
Debian GNU/Linux 12
Kernel: 5.4
Compiler: gcc gcc (Debian 12.2.0-14+deb12u1) 12.2.0
Fedora Linux 41
Kernel: 5.4
Compiler: clang gcc (GCC) 14.3.1 20250523 (Red Hat 14.3.1-1)
Fedora Linux 42
Kernel: 5.4
Compiler: gcc gcc (GCC) 15.2.1 20250808 (Red Hat 15.2.1-1)
Red Hat Enterprise Linux 9.5
Kernel: 5.4
Compiler: gcc gcc (GCC) 11.5.0 20240719 (Red Hat 11.5.0-2)
Ubuntu 22.04
Kernel: 5.4
Compiler: gcc gcc (Ubuntu 11.4.0-1ubuntu1~22.04) 11.4.0
Ubuntu 24.04
Kernel: 5.4
Compiler: gcc gcc (Ubuntu 13.3.0-6ubuntu2~24.04) 13.3.0
Ubuntu 20.04
Kernel: 5.4
Compiler: gcc gcc (Ubuntu 9.4.0-1ubuntu1~20.04.2) 9.4.0
Debian 12 (arm)
Kernel: Depends on container host
Compiler: gcc (Debian 12.2.0-14) 12.2.0
To view detailed results, visit:
https://lab.dpdk.org/results/dashboard/patchsets/34414/
UNH-IOL DPDK Community Lab
To manage your email subscriptions, visit:
https://lab.dpdk.org/results/dashboard/preferences/subscriptions/
next prev parent reply other threads:[~2025-10-29 13:39 UTC|newest]
Thread overview: 24+ messages / expand[flat|nested] mbox.gz Atom feed top
[not found] <20251029130523.1642847-1-rkudurumalla@marvell.com>
2025-10-29 12:34 ` |SUCCESS| pw158219 [PATCH v1 1/1] net: fix inner L2 length for GRE and NVGRE qemudev
2025-10-29 12:39 ` qemudev
2025-10-29 13:06 ` checkpatch
2025-10-29 13:32 ` |PENDING| pw158219 [PATCH] [v1,1/1] net: fix inner L2 length for GRE dpdklab
2025-10-29 13:33 ` dpdklab
2025-10-29 13:34 ` |SUCCESS| " dpdklab
2025-10-29 13:39 ` dpdklab
2025-10-29 13:39 ` dpdklab [this message]
2025-10-29 13:43 ` |PENDING| " dpdklab
2025-10-29 13:44 ` |FAILURE| " dpdklab
2025-10-29 13:44 ` dpdklab
2025-10-29 13:50 ` |SUCCESS| " dpdklab
2025-10-29 13:54 ` dpdklab
2025-10-29 13:56 ` dpdklab
2025-10-29 14:13 ` |FAILURE| pw158219 [PATCH v1 1/1] net: fix inner L2 length for GRE and NVGRE 0-day Robot
2025-10-29 14:15 ` |WARNING| pw158219 [PATCH] [v1,1/1] net: fix inner L2 length for GRE dpdklab
2025-10-29 14:24 ` |SUCCESS| " dpdklab
2025-10-29 14:24 ` dpdklab
2025-10-29 14:29 ` dpdklab
2025-10-29 14:39 ` dpdklab
2025-10-29 14:46 ` |WARNING| " dpdklab
2025-10-29 15:03 ` |SUCCESS| " dpdklab
2025-10-29 22:28 ` dpdklab
2025-10-30 3:29 ` dpdklab
Reply instructions:
You may reply publicly to this message via plain-text email
using any one of the following methods:
* Save the following mbox file, import it into your mail client,
and reply-to-all from there: mbox
Avoid top-posting and favor interleaved quoting:
https://en.wikipedia.org/wiki/Posting_style#Interleaved_style
* Reply using the --to, --cc, and --in-reply-to
switches of git-send-email(1):
git send-email \
--in-reply-to=69021929.050a0220.26c458.47b4SMTPIN_ADDED_MISSING@mx.google.com \
--to=dpdklab@iol.unh.edu \
--cc=dpdk-test-reports@iol.unh.edu \
--cc=test-report@dpdk.org \
/path/to/YOUR_REPLY
https://kernel.org/pub/software/scm/git/docs/git-send-email.html
* If your mail client supports setting the In-Reply-To header
via mailto: links, try the mailto: link
Be sure your reply has a Subject: header at the top and a blank line
before the message body.
This is a public inbox, see mirroring instructions
for how to clone and mirror all data and code used for this inbox;
as well as URLs for NNTP newsgroup(s).