From mboxrd@z Thu Jan 1 00:00:00 1970 Return-Path: Received: from mails.dpdk.org (mails.dpdk.org [217.70.189.124]) by inbox.dpdk.org (Postfix) with ESMTP id 0C3B948A46 for ; Wed, 29 Oct 2025 14:44:43 +0100 (CET) Received: from mails.dpdk.org (localhost [127.0.0.1]) by mails.dpdk.org (Postfix) with ESMTP id 0601740288; Wed, 29 Oct 2025 14:44:43 +0100 (CET) Received: from mail-io1-f100.google.com (mail-io1-f100.google.com [209.85.166.100]) by mails.dpdk.org (Postfix) with ESMTP id EA39440288 for ; Wed, 29 Oct 2025 14:44:41 +0100 (CET) Received: by mail-io1-f100.google.com with SMTP id ca18e2360f4ac-92790f12293so331342339f.2 for ; Wed, 29 Oct 2025 06:44:41 -0700 (PDT) DKIM-Signature: v=1; a=rsa-sha256; c=relaxed/relaxed; d=iol.unh.edu; s=unh-iol; t=1761745481; x=1762350281; darn=dpdk.org; h=references:in-reply-to:cc:to:from:subject:message-id:date:from:to :cc:subject:date:message-id:reply-to; bh=n6OmREJAIUsYMJMMeAEvmLU+8hub8V4tL/trxuJ5wiM=; b=diWcw7GXgOSeeL0rvLJ5M4QFBfWxgDUXJg8/EZgCZRoqJr0XiKgCy3N4uA58vRscbu 5ia5Lml3FpuQJRFXmLo//kNWsL9Z+ZCiKvK2IJrova4YxZWBl91vsBxw1/tGnh7vdxIS qjBtnKNAqhvgHG5nhZFSQSWjNvVWIFziPpOmA= X-Google-DKIM-Signature: v=1; a=rsa-sha256; c=relaxed/relaxed; d=1e100.net; s=20230601; t=1761745481; x=1762350281; h=references:in-reply-to:cc:to:from:subject:message-id:date :x-gm-message-state:from:to:cc:subject:date:message-id:reply-to; bh=n6OmREJAIUsYMJMMeAEvmLU+8hub8V4tL/trxuJ5wiM=; b=C9lUjWV7UiwmUKvrF6BDZvRazgHofxLciPjZ02U/4wf2KYQxgOc0uew7N6SqbAPIPs lNwW4KAjDQDbfooj9j0sqGQaoEXK5p2Lyhp9M8MxKhSv/+1D/jAC5e2X+n1ujAbXnqEJ kDxED2fnjkpyl1D+BgXl0GZzydb5Q4N/kR28WKzg9KPEL+ZaCRb0qkkoZxuyYwyc9oWU ipJeirUrCSuGZGFLlckYwrCvzXcqidfkRCH6mT4KH/zk96pB4PVhYk6vnXlVwcvkexbJ frs+GgQc/iUmGxInyzo0siTcsB469hMbDwIBygnZ9DKWe6ybnAQmEltvvgDLyI3VqI5x CsXw== X-Gm-Message-State: AOJu0YznGHJJ4DAoawU0agPXVKmVvfKQtn+3Kc+znsq8rZlKH4zrdas/ YAaxf7WGewOX0NIbeQgYV0Kmqy4jGUKBP7L0tQTDy6qnyxEDAbjFE7GRnfGHbOrzTsuSOfuMRBx RgyvTx8u66NGBPkYAK1cRJT/Pi8yjZyHLpnwjApWoV5Aa X-Gm-Gg: ASbGncvCr6SDgo2wUnz7zmGoa87l02VPtJLi99y5SrmUA2v/5oFyCqKLVTEYnzSTa5J 1BYGQW8wfAK0ho3YfmfkjliT/y9I6ezfIWDGxLSRzS77qXC1/pJwNdA3I+j0m53X2l0XvLCieV1 X1kABWhzDHHvcDSi1/QoVqCdZzKhocgr3eGN8L4oGDCYYFkHwbr1VBFnOJ1ahhc0Q4gMM7//au9 B8qBG8+0jS+OU8zBGvDy6abwqtE2xJ8irwQQtcGyF01RmitIvHQQIkzZloVGxuF+k7mulGft8Uq CnII8XNB9AAWKoS4y6C4zpBqzKwvlZoxWcSGy6AGDX5x1rq/INscg3Vqkkn6yQfkMG/3lDRuof6 0S+IJQGTHbFe5+TGe+Z8WIQ5pXk0nvQI= X-Google-Smtp-Source: AGHT+IHUdsyg/GTIuKCd84vdgHPx7zVErxGeJiiLQ5hcRsVMgSLkgWEW/g+Rze1NJq8q2sgmXrOUEVHfxcBG X-Received: by 2002:a05:6e02:4515:10b0:432:fbe2:35e1 with SMTP id e9e14a558f8ab-432fbe238d1mr16475775ab.4.1761745481126; Wed, 29 Oct 2025 06:44:41 -0700 (PDT) Received: from postal.iol.unh.edu (postal.iol.unh.edu. [132.177.123.84]) by smtp-relay.gmail.com with ESMTPS id 8926c6da1cb9f-5aea76ea618sm1109779173.4.2025.10.29.06.44.41 (version=TLS1_2 cipher=ECDHE-ECDSA-AES128-GCM-SHA256 bits=128/128); Wed, 29 Oct 2025 06:44:41 -0700 (PDT) X-Relaying-Domain: iol.unh.edu Date: Wed, 29 Oct 2025 06:44:41 -0700 (PDT) Message-ID: <69021a49.050a0220.1429e5.3be7SMTPIN_ADDED_MISSING@mx.google.com> Received: from [172.21.0.2] (unknown [172.18.0.240]) by postal.iol.unh.edu (Postfix) with ESMTP id AEDB66051830; Wed, 29 Oct 2025 09:44:40 -0400 (EDT) Subject: |FAILURE| pw158219 [PATCH] [v1,1/1] net: fix inner L2 length for GRE From: dpdklab@iol.unh.edu To: Test Report Cc: dpdk-test-reports@iol.unh.edu, Rakesh Kudurumalla In-Reply-To: <20251029130523.1642847-1-rkudurumalla@marvell.com> References: <20251029130523.1642847-1-rkudurumalla@marvell.com> Content-Type: text/plain X-BeenThere: test-report@dpdk.org X-Mailman-Version: 2.1.29 Precedence: list List-Id: automatic DPDK test reports List-Unsubscribe: , List-Archive: List-Post: List-Help: List-Subscribe: , Errors-To: test-report-bounces@dpdk.org Test-Label: iol-compile-amd64-testing Test-Status: FAILURE http://dpdk.org/patch/158219 _Testing issues_ Submitter: Rakesh Kudurumalla Date: Wednesday, October 29 2025 13:05:23 DPDK git baseline: Repo:dpdk Branch: master CommitID:39b54f2dcf44ad1f91eabc7080cd5dea763607fd 158219 --> testing issues Upstream job id: Generic-DPDK-Compile-Meson#438991 Test environment and result as below: +-------------------------------+--------------------+-------------------+------------------+-------------------------+-------------------+----------------------+ | Environment | dpdk_meson_compile | dpdk_compile_spdk | dpdk_compile_ovs | dpdk_llvm_clang_compile | dpdk_msvc_compile | dpdk_mingw64_compile | +===============================+====================+===================+==================+=========================+===================+======================+ | CentOS Stream 9 | PEND | PEND | SKIPPED | SKIPPED | SKIPPED | SKIPPED | +-------------------------------+--------------------+-------------------+------------------+-------------------------+-------------------+----------------------+ | CentOS Stream 10 | PASS | SKIPPED | SKIPPED | SKIPPED | SKIPPED | SKIPPED | +-------------------------------+--------------------+-------------------+------------------+-------------------------+-------------------+----------------------+ | Debian GNU/Linux 12 | PEND | PEND | SKIPPED | SKIPPED | SKIPPED | SKIPPED | +-------------------------------+--------------------+-------------------+------------------+-------------------------+-------------------+----------------------+ | Fedora Linux 42 | PEND | PEND | PEND | SKIPPED | SKIPPED | SKIPPED | +-------------------------------+--------------------+-------------------+------------------+-------------------------+-------------------+----------------------+ | openSUSE Leap 15.6 | PASS | SKIPPED | SKIPPED | SKIPPED | SKIPPED | SKIPPED | +-------------------------------+--------------------+-------------------+------------------+-------------------------+-------------------+----------------------+ | Red Hat Enterprise Linux 9.5 | PASS | SKIPPED | SKIPPED | SKIPPED | SKIPPED | SKIPPED | +-------------------------------+--------------------+-------------------+------------------+-------------------------+-------------------+----------------------+ | Red Hat Enterprise Linux 8.10 | PASS | SKIPPED | SKIPPED | SKIPPED | SKIPPED | SKIPPED | +-------------------------------+--------------------+-------------------+------------------+-------------------------+-------------------+----------------------+ | Ubuntu 20.04 | PASS | SKIPPED | SKIPPED | SKIPPED | SKIPPED | SKIPPED | +-------------------------------+--------------------+-------------------+------------------+-------------------------+-------------------+----------------------+ | Ubuntu 22.04 | PASS | WARN | SKIPPED | SKIPPED | SKIPPED | SKIPPED | +-------------------------------+--------------------+-------------------+------------------+-------------------------+-------------------+----------------------+ | FreeBSD 14.2 | PASS | SKIPPED | SKIPPED | SKIPPED | SKIPPED | SKIPPED | +-------------------------------+--------------------+-------------------+------------------+-------------------------+-------------------+----------------------+ | Ubuntu 24.04 | PEND | PEND | PEND | SKIPPED | SKIPPED | SKIPPED | +-------------------------------+--------------------+-------------------+------------------+-------------------------+-------------------+----------------------+ | Alpine Linux 3.22.0 | PASS | SKIPPED | SKIPPED | SKIPPED | SKIPPED | SKIPPED | +-------------------------------+--------------------+-------------------+------------------+-------------------------+-------------------+----------------------+ | Windows Server 2022 | SKIPPED | SKIPPED | SKIPPED | PASS | PEND | PEND | +-------------------------------+--------------------+-------------------+------------------+-------------------------+-------------------+----------------------+ ==== 20 line log output for Ubuntu 22.04 (dpdk_compile_spdk): ==== --- Failed to get log output --- ==== End log output ==== CentOS Stream 9 Kernel: 5.15 Compiler: gcc gcc (GCC) 11.5.0 20240719 (Red Hat 11.5.0-11) CentOS Stream 10 Kernel: 5.15 Compiler: gcc gcc (GCC) 14.2.1 20250110 (Red Hat 14.2.1-8) Debian GNU/Linux 12 Kernel: 5.15 Compiler: gcc gcc (Debian 12.2.0-14+deb12u1) 12.2.0 Fedora Linux 42 Kernel: 5.15 Compiler: gcc gcc (GCC) 15.2.1 20250808 (Red Hat 15.2.1-1) openSUSE Leap 15.6 Kernel: 5.15 Compiler: gcc gcc (SUSE Linux) 7.5.0 Red Hat Enterprise Linux 9.5 Kernel: 5.15 Compiler: gcc gcc (GCC) 11.5.0 20240719 (Red Hat 11.5.0-2) Red Hat Enterprise Linux 8.10 Kernel: 5.15 Compiler: gcc gcc (GCC) 8.5.0 20210514 (Red Hat 8.5.0-22) Ubuntu 20.04 Kernel: 4.19 Compiler: gcc gcc (Ubuntu 9.4.0-1ubuntu1~20.04.2) 9.4.0 Ubuntu 22.04 Kernel: 5.15 Compiler: gcc gcc (Ubuntu 11.4.0-1ubuntu1~22.04) 11.4.0 FreeBSD 14.2 Kernel: 14.2-RELEASE Compiler: clang 18.1.6 Ubuntu 24.04 Kernel: 5.15 Compiler: gcc gcc (Ubuntu 13.3.0-6ubuntu2~24.04) 13.3.0 Alpine Linux 3.22.0 Kernel: 5.15 Compiler: gcc gcc (Alpine 14.2.0) 14.2.0 Windows Server 2022 Kernel: 10.0.20348.2031 Compiler: clang 15.0.7, gcc 14.1.0 (MinGW), and MSVC VS 19.39.33521 To view detailed results, visit: https://lab.dpdk.org/results/dashboard/patchsets/34414/ UNH-IOL DPDK Community Lab To manage your email subscriptions, visit: https://lab.dpdk.org/results/dashboard/preferences/subscriptions/