From mboxrd@z Thu Jan 1 00:00:00 1970 Return-Path: Received: from mails.dpdk.org (mails.dpdk.org [217.70.189.124]) by inbox.dpdk.org (Postfix) with ESMTP id 18D1648A46 for ; Wed, 29 Oct 2025 14:44:53 +0100 (CET) Received: from mails.dpdk.org (localhost [127.0.0.1]) by mails.dpdk.org (Postfix) with ESMTP id 1277040288; Wed, 29 Oct 2025 14:44:53 +0100 (CET) Received: from mail-il1-f228.google.com (mail-il1-f228.google.com [209.85.166.228]) by mails.dpdk.org (Postfix) with ESMTP id AF04F402A6 for ; Wed, 29 Oct 2025 14:44:51 +0100 (CET) Received: by mail-il1-f228.google.com with SMTP id e9e14a558f8ab-431da4fa224so66840625ab.2 for ; Wed, 29 Oct 2025 06:44:51 -0700 (PDT) DKIM-Signature: v=1; a=rsa-sha256; c=relaxed/relaxed; d=iol.unh.edu; s=unh-iol; t=1761745491; x=1762350291; darn=dpdk.org; h=references:in-reply-to:cc:to:from:subject:message-id:date:from:to :cc:subject:date:message-id:reply-to; bh=oFratyQTMIeVsQEnCeKrPWNpT/40ptqDv65rLRW3gU8=; b=eD19wXPfSLShPLghBFHYGpJ2Alb74Tso8neDIzNBPO2JWsjPGD0djgZD20D47f8eqk FVPYEP5JnrrmYcKoa2YhaD+Zl7jKWXGZzc7M5Tqx+k2WeJ+FRcF3ZZwGZ02Xh8YuIZJD I0+jF1pZnOwKjJJYDnXeCwdPwVBImlgssZr38= X-Google-DKIM-Signature: v=1; a=rsa-sha256; c=relaxed/relaxed; d=1e100.net; s=20230601; t=1761745491; x=1762350291; h=references:in-reply-to:cc:to:from:subject:message-id:date :x-gm-message-state:from:to:cc:subject:date:message-id:reply-to; bh=oFratyQTMIeVsQEnCeKrPWNpT/40ptqDv65rLRW3gU8=; b=K9aiRIZCobJykwnAG9xAEFabekCyxiBpf9hXnJOled1MC/wQ1NTwox5Ky7cZkRkbda Ma1d5+GDRiHY47RAsZOKrzx38e/3oBJrvx3MsKHMcdE7Z2wxtDAkKU/f9fv6vy50+xXg jU/cNoLAFuM5sv5OIO4hisljp+lPueR4oXAphIxpFDmRZC8oF8CwAuQL0FfaKTT9l0Cj neABOwITUTscQkPwRMCYnpG96tXDr2GaUPq5Zdd6LkIVkWr2xI366BvZOWcRxLqFnf2T ye7VfhcrtdVZWILRaR7u0FwHeCFyliwoY+CBMY/5oy3l8vf4VU6fEyipPTgWqB1uDByn 64kQ== X-Gm-Message-State: AOJu0Yyoc99CBdcex0Nzj8FvXT6nd+yR31Xpe/Yqdt1uffspqVfGWns5 MZtbiLjCHlK8DYQDiDcrw/Q1v7B9gtYEBcFbFSnclgmep5rdzu9O8zAx/uKx/8K2DlbLjHDiyrA 5Ba3dycs4YiRgAHzDZf0XP8w/Qtzd+2xZhuQmdwP0mV7oLsJ7/+XY/VZjGPk6 X-Gm-Gg: ASbGncumm3DfVF1DvN02o4PoNHnaJI6N0wtVnHSeg2lXNrEm9bmGO85YoUQ7RUgx1Ci uNNhC3bmV0d77HtAm+zFr4ZcT5CLBfhllqzOH3aCw00mG+hHZdRHrbAmAa41+scVN6Z8xBJb2sX 2T1Mt2ESRsBO6s0Di/sngnPYkrf6/Aeo/poJRM+l4QxhuBKYqU1bK+iY5s4eJUJ/ULeAgm/0ft+ O0cL48dCcDhRrS8wVFWQ1JJaRGhnhYYjCDW8frrxbvr+0sTNgI8FBAh9miND5EgLuBGBEHztMLj etOaZHo8jVc3WxE+/6S5gcVNOfiJMAqO6tecQWSDEhZvcmjE7NH5nTV8bbORQUDLS7SCYR/oxXi d94DguiUn X-Google-Smtp-Source: AGHT+IE/3Lx8t6+tKkjLe9SzZ8OBcqQbhKqzmlcr1HW5+DgIE8YH4JLz5POKt06zmxr5NJOk+Lf6KD1GzQMs X-Received: by 2002:a92:ca4b:0:b0:431:da08:d652 with SMTP id e9e14a558f8ab-432f8e5dfb9mr43094445ab.0.1761745491026; Wed, 29 Oct 2025 06:44:51 -0700 (PDT) Received: from postal.iol.unh.edu (postal.iol.unh.edu. [2606:4100:3880:1234::84]) by smtp-relay.gmail.com with ESMTPS id 8926c6da1cb9f-5aeaa31bb61sm1047197173.36.2025.10.29.06.44.50 (version=TLS1_2 cipher=ECDHE-ECDSA-AES128-GCM-SHA256 bits=128/128); Wed, 29 Oct 2025 06:44:51 -0700 (PDT) X-Relaying-Domain: iol.unh.edu Date: Wed, 29 Oct 2025 06:44:51 -0700 (PDT) Message-ID: <69021a53.050a0220.26d4f7.1647SMTPIN_ADDED_MISSING@mx.google.com> Received: from [172.21.0.2] (unknown [172.18.0.240]) by postal.iol.unh.edu (Postfix) with ESMTP id 962C16051830; Wed, 29 Oct 2025 09:44:50 -0400 (EDT) Subject: |FAILURE| pw158219 [PATCH] [v1,1/1] net: fix inner L2 length for GRE From: dpdklab@iol.unh.edu To: Test Report Cc: dpdk-test-reports@iol.unh.edu, Rakesh Kudurumalla In-Reply-To: <20251029130523.1642847-1-rkudurumalla@marvell.com> References: <20251029130523.1642847-1-rkudurumalla@marvell.com> Content-Type: text/plain X-BeenThere: test-report@dpdk.org X-Mailman-Version: 2.1.29 Precedence: list List-Id: automatic DPDK test reports List-Unsubscribe: , List-Archive: List-Post: List-Help: List-Subscribe: , Errors-To: test-report-bounces@dpdk.org Test-Label: iol-compile-amd64-testing Test-Status: FAILURE http://dpdk.org/patch/158219 _Testing issues_ Submitter: Rakesh Kudurumalla Date: Wednesday, October 29 2025 13:05:23 DPDK git baseline: Repo:dpdk Branch: master CommitID:39b54f2dcf44ad1f91eabc7080cd5dea763607fd 158219 --> testing issues Upstream job id: Generic-DPDK-Compile-Meson#438984 Test environment and result as below: +-------------------------------+--------------------+-------------------+------------------+-------------------------+-------------------+----------------------+ | Environment | dpdk_meson_compile | dpdk_compile_spdk | dpdk_compile_ovs | dpdk_llvm_clang_compile | dpdk_msvc_compile | dpdk_mingw64_compile | +===============================+====================+===================+==================+=========================+===================+======================+ | CentOS Stream 9 | PEND | PEND | SKIPPED | SKIPPED | SKIPPED | SKIPPED | +-------------------------------+--------------------+-------------------+------------------+-------------------------+-------------------+----------------------+ | CentOS Stream 10 | PASS | SKIPPED | SKIPPED | SKIPPED | SKIPPED | SKIPPED | +-------------------------------+--------------------+-------------------+------------------+-------------------------+-------------------+----------------------+ | Debian GNU/Linux 12 | PEND | PEND | SKIPPED | SKIPPED | SKIPPED | SKIPPED | +-------------------------------+--------------------+-------------------+------------------+-------------------------+-------------------+----------------------+ | Fedora Linux 42 | PEND | PEND | PEND | SKIPPED | SKIPPED | SKIPPED | +-------------------------------+--------------------+-------------------+------------------+-------------------------+-------------------+----------------------+ | openSUSE Leap 15.6 | PASS | SKIPPED | SKIPPED | SKIPPED | SKIPPED | SKIPPED | +-------------------------------+--------------------+-------------------+------------------+-------------------------+-------------------+----------------------+ | Red Hat Enterprise Linux 9.5 | PASS | SKIPPED | SKIPPED | SKIPPED | SKIPPED | SKIPPED | +-------------------------------+--------------------+-------------------+------------------+-------------------------+-------------------+----------------------+ | Red Hat Enterprise Linux 8.10 | PASS | SKIPPED | SKIPPED | SKIPPED | SKIPPED | SKIPPED | +-------------------------------+--------------------+-------------------+------------------+-------------------------+-------------------+----------------------+ | Ubuntu 20.04 | PASS | SKIPPED | SKIPPED | SKIPPED | SKIPPED | SKIPPED | +-------------------------------+--------------------+-------------------+------------------+-------------------------+-------------------+----------------------+ | Ubuntu 22.04 | PASS | WARN | SKIPPED | SKIPPED | SKIPPED | SKIPPED | +-------------------------------+--------------------+-------------------+------------------+-------------------------+-------------------+----------------------+ | FreeBSD 14.2 | PASS | SKIPPED | SKIPPED | SKIPPED | SKIPPED | SKIPPED | +-------------------------------+--------------------+-------------------+------------------+-------------------------+-------------------+----------------------+ | Ubuntu 24.04 | PEND | PEND | PEND | SKIPPED | SKIPPED | SKIPPED | +-------------------------------+--------------------+-------------------+------------------+-------------------------+-------------------+----------------------+ | Alpine Linux 3.22.0 | PASS | SKIPPED | SKIPPED | SKIPPED | SKIPPED | SKIPPED | +-------------------------------+--------------------+-------------------+------------------+-------------------------+-------------------+----------------------+ | Windows Server 2022 | SKIPPED | SKIPPED | SKIPPED | PASS | PEND | PEND | +-------------------------------+--------------------+-------------------+------------------+-------------------------+-------------------+----------------------+ ==== 20 line log output for Ubuntu 22.04 (dpdk_compile_spdk): ==== --- Failed to get log output --- ==== End log output ==== CentOS Stream 9 Kernel: 5.15 Compiler: gcc gcc (GCC) 11.5.0 20240719 (Red Hat 11.5.0-11) CentOS Stream 10 Kernel: 5.15 Compiler: gcc gcc (GCC) 14.2.1 20250110 (Red Hat 14.2.1-8) Debian GNU/Linux 12 Kernel: 5.15 Compiler: gcc gcc (Debian 12.2.0-14+deb12u1) 12.2.0 Fedora Linux 42 Kernel: 5.15 Compiler: gcc gcc (GCC) 15.2.1 20250808 (Red Hat 15.2.1-1) openSUSE Leap 15.6 Kernel: 5.15 Compiler: gcc gcc (SUSE Linux) 7.5.0 Red Hat Enterprise Linux 9.5 Kernel: 5.15 Compiler: gcc gcc (GCC) 11.5.0 20240719 (Red Hat 11.5.0-2) Red Hat Enterprise Linux 8.10 Kernel: 5.15 Compiler: gcc gcc (GCC) 8.5.0 20210514 (Red Hat 8.5.0-22) Ubuntu 20.04 Kernel: 4.19 Compiler: gcc gcc (Ubuntu 9.4.0-1ubuntu1~20.04.2) 9.4.0 Ubuntu 22.04 Kernel: 5.15 Compiler: gcc gcc (Ubuntu 11.4.0-1ubuntu1~22.04) 11.4.0 FreeBSD 14.2 Kernel: 14.2-RELEASE Compiler: clang 18.1.6 Ubuntu 24.04 Kernel: 5.15 Compiler: gcc gcc (Ubuntu 13.3.0-6ubuntu2~24.04) 13.3.0 Alpine Linux 3.22.0 Kernel: 5.15 Compiler: gcc gcc (Alpine 14.2.0) 14.2.0 Windows Server 2022 Kernel: 10.0.20348.2031 Compiler: clang 15.0.7, gcc 14.1.0 (MinGW), and MSVC VS 19.39.33521 To view detailed results, visit: https://lab.dpdk.org/results/dashboard/patchsets/34414/ UNH-IOL DPDK Community Lab To manage your email subscriptions, visit: https://lab.dpdk.org/results/dashboard/preferences/subscriptions/