From mboxrd@z Thu Jan 1 00:00:00 1970 Return-Path: Received: from mails.dpdk.org (mails.dpdk.org [217.70.189.124]) by inbox.dpdk.org (Postfix) with ESMTP id 4C23148A4B for ; Wed, 29 Oct 2025 16:41:53 +0100 (CET) Received: from mails.dpdk.org (localhost [127.0.0.1]) by mails.dpdk.org (Postfix) with ESMTP id 48F484025E; Wed, 29 Oct 2025 16:41:53 +0100 (CET) Received: from mail-yx1-f100.google.com (mail-yx1-f100.google.com [74.125.224.100]) by mails.dpdk.org (Postfix) with ESMTP id E4F494025E for ; Wed, 29 Oct 2025 16:41:51 +0100 (CET) Received: by mail-yx1-f100.google.com with SMTP id 956f58d0204a3-63e11347fd9so99999d50.1 for ; Wed, 29 Oct 2025 08:41:51 -0700 (PDT) DKIM-Signature: v=1; a=rsa-sha256; c=relaxed/relaxed; d=iol.unh.edu; s=unh-iol; t=1761752511; x=1762357311; darn=dpdk.org; h=references:in-reply-to:cc:to:from:subject:message-id:date:from:to :cc:subject:date:message-id:reply-to; bh=sxn+/aHtz7UDnXy25y2R71yREEsu7uHSiVwpIuqpN/g=; b=X3crvPNiNQP/Ml//gEQkXF4L+8cmqx/XcIAzfN7lPa48oxFseXeqFEXgQKgJATqIpu HG0Pm9sHy0xUxiVIkGHLdBZHJCjAg8WRLk2AYp9ANSlyu3hFGhZw8v9KHdKEARcCpgIW 1P7Zle+mC2xYgr3bC9M+r2HT6TfOmV3rb0D18= X-Google-DKIM-Signature: v=1; a=rsa-sha256; c=relaxed/relaxed; d=1e100.net; s=20230601; t=1761752511; x=1762357311; h=references:in-reply-to:cc:to:from:subject:message-id:date :x-gm-message-state:from:to:cc:subject:date:message-id:reply-to; bh=sxn+/aHtz7UDnXy25y2R71yREEsu7uHSiVwpIuqpN/g=; b=XsBA1kwvO/q4gqHm3C/39ZNS+lh/vdPZfNRsGotqIJ+HLEItpI6yhn6ozMK+MpDGwq XRrLS4qs2r0uY0hvK5GBFvLyw24nFH55/P8gyIcWgoumkYVJuD/HuTLjl/zoZuBVZyeY vxP2DAe7nJb/zOChXvaQ4ZO8lLrShCQ76+SafLFEvNXTXGJIDmDjnkF6Qmj0DDtiYBlE DBJqzuaQlZYNoGQ6vUqh5XL2jOc9hhQMShETmcIZHIEmPCxQNSLWGXnALFGBgV4hRgT1 tyYPzJE805TAVDYXBNj89YnsFunpU9prUWYGExlxn5O0yMzWm7y1W9UgaPwUvPstmtqL mMcQ== X-Gm-Message-State: AOJu0Yz0RoCvCVmmeenIocA7Ba4twNjr02O/TSQnouI6OosetdTexxUy oRRkWCPZBVYZcHI1sni1q4lS3EkUvJFVE/nyWStD1ddYa0W1vbnUh1FPtIpypJy/mOo8J92nD5j Z9qvCgEVXHzWU4MM/LiaQCjxrukT7UhJq7Zoeu95GT4eX X-Gm-Gg: ASbGncswQyGCTcR0fctTKXCSKnwffdkhEIx/J3zz2jhEbQwRhP7C4GEvsnS36/Lk/3E 7OlDg2M0iKBWzpORQ+C4K+a8AIfQjQV5hUOHC4qaUGsFih2AdIgwocStJaMdn69YnUqaumBDH1+ Sm5DgPd8tvaZGes+fe7cgR7+l76w99RFl1YnXmP9d0ju8rfa+QZ1zOtI6gPKSyHSKBjoyF9Nyqg jNIfBkj97vtJbfpXlQYTannmH7dHF8/tkeIwXEvRFbBa3LeWONMfopZV1V833P8TvHVBKC1ElAz 1VkHxEkcDukOo6jp11+0uyXBHj7sYw/eLqSyHuL6mjlBb9Fy08GwucA8G11kq7nP7vrlehkSHMV pz97+ryBlEOJuZGydRGtiy3UubFJshuQ= X-Google-Smtp-Source: AGHT+IEeaYp51Hjg3wDo0kJcEHgJuWGG9ZpXGuJeFu7JHEhvtMvo6duZ4B2JtN2i6bJcJPqyyn35ZkV15i8i X-Received: by 2002:a53:d058:0:20b0:63e:2a4c:cdc4 with SMTP id 956f58d0204a3-63f76d573f0mr2534061d50.16.1761752511296; Wed, 29 Oct 2025 08:41:51 -0700 (PDT) Received: from postal.iol.unh.edu (postal.iol.unh.edu. [132.177.123.84]) by smtp-relay.gmail.com with ESMTPS id 956f58d0204a3-63f4c3d0078sm1280433d50.4.2025.10.29.08.41.51 (version=TLS1_2 cipher=ECDHE-ECDSA-AES128-GCM-SHA256 bits=128/128); Wed, 29 Oct 2025 08:41:51 -0700 (PDT) X-Relaying-Domain: iol.unh.edu Date: Wed, 29 Oct 2025 08:41:51 -0700 (PDT) Message-ID: <690235bf.050a0220.3a75e6.e19cSMTPIN_ADDED_MISSING@mx.google.com> Received: from [172.21.0.2] (unknown [172.18.0.240]) by postal.iol.unh.edu (Postfix) with ESMTP id F1E4B604D420; Wed, 29 Oct 2025 11:41:50 -0400 (EDT) Subject: |FAILURE| pw158220 [PATCH] [v2] bitmap: change return value of rte_b From: dpdklab@iol.unh.edu To: Test Report Cc: dpdk-test-reports@iol.unh.edu, Stephen Hemminger In-Reply-To: <20251029145055.990899-1-stephen@networkplumber.org> References: <20251029145055.990899-1-stephen@networkplumber.org> Content-Type: text/plain X-BeenThere: test-report@dpdk.org X-Mailman-Version: 2.1.29 Precedence: list List-Id: automatic DPDK test reports List-Unsubscribe: , List-Archive: List-Post: List-Help: List-Subscribe: , Errors-To: test-report-bounces@dpdk.org Test-Label: iol-compile-amd64-testing Test-Status: FAILURE http://dpdk.org/patch/158220 _Testing issues_ Submitter: Stephen Hemminger Date: Wednesday, October 29 2025 14:50:55 DPDK git baseline: Repo:dpdk Branch: master CommitID:39b54f2dcf44ad1f91eabc7080cd5dea763607fd 158220 --> testing issues Upstream job id: Generic-DPDK-Compile-Meson#439040 Test environment and result as below: +-------------------------------+--------------------+-------------------+------------------+-------------------+ | Environment | dpdk_meson_compile | dpdk_compile_spdk | dpdk_compile_ovs | dpdk_msvc_compile | +===============================+====================+===================+==================+===================+ | CentOS Stream 9 | PEND | PEND | SKIPPED | SKIPPED | +-------------------------------+--------------------+-------------------+------------------+-------------------+ | CentOS Stream 10 | PASS | SKIPPED | SKIPPED | SKIPPED | +-------------------------------+--------------------+-------------------+------------------+-------------------+ | Debian GNU/Linux 12 | PEND | PEND | SKIPPED | SKIPPED | +-------------------------------+--------------------+-------------------+------------------+-------------------+ | Fedora Linux 42 | PEND | PEND | PEND | SKIPPED | +-------------------------------+--------------------+-------------------+------------------+-------------------+ | Ubuntu 20.04 | PASS | SKIPPED | SKIPPED | SKIPPED | +-------------------------------+--------------------+-------------------+------------------+-------------------+ | openSUSE Leap 15.6 | PEND | SKIPPED | SKIPPED | SKIPPED | +-------------------------------+--------------------+-------------------+------------------+-------------------+ | Red Hat Enterprise Linux 8.10 | PASS | SKIPPED | SKIPPED | SKIPPED | +-------------------------------+--------------------+-------------------+------------------+-------------------+ | Red Hat Enterprise Linux 9.5 | PEND | SKIPPED | SKIPPED | SKIPPED | +-------------------------------+--------------------+-------------------+------------------+-------------------+ | Ubuntu 24.04 | PASS | PEND | PEND | SKIPPED | +-------------------------------+--------------------+-------------------+------------------+-------------------+ | Ubuntu 22.04 | PASS | WARN | SKIPPED | SKIPPED | +-------------------------------+--------------------+-------------------+------------------+-------------------+ | Alpine Linux 3.22.0 | PASS | SKIPPED | SKIPPED | SKIPPED | +-------------------------------+--------------------+-------------------+------------------+-------------------+ | FreeBSD 14.2 | PASS | SKIPPED | SKIPPED | SKIPPED | +-------------------------------+--------------------+-------------------+------------------+-------------------+ | Windows Server 2022 | SKIPPED | SKIPPED | SKIPPED | PEND | +-------------------------------+--------------------+-------------------+------------------+-------------------+ ==== 20 line log output for Ubuntu 22.04 (dpdk_compile_spdk): ==== --- Failed to get log output --- ==== End log output ==== CentOS Stream 9 Kernel: 5.15 Compiler: gcc gcc (GCC) 11.5.0 20240719 (Red Hat 11.5.0-11) CentOS Stream 10 Kernel: 5.15 Compiler: gcc gcc (GCC) 14.2.1 20250110 (Red Hat 14.2.1-8) Debian GNU/Linux 12 Kernel: 5.15 Compiler: gcc gcc (Debian 12.2.0-14+deb12u1) 12.2.0 Fedora Linux 42 Kernel: 5.15 Compiler: clang gcc (GCC) 15.2.1 20250808 (Red Hat 15.2.1-1) Ubuntu 20.04 Kernel: 4.19 Compiler: gcc gcc (Ubuntu 9.4.0-1ubuntu1~20.04.2) 9.4.0 openSUSE Leap 15.6 Kernel: 5.15 Compiler: gcc gcc (SUSE Linux) 7.5.0 Red Hat Enterprise Linux 8.10 Kernel: 5.15 Compiler: gcc gcc (GCC) 8.5.0 20210514 (Red Hat 8.5.0-22) Red Hat Enterprise Linux 9.5 Kernel: 5.15 Compiler: gcc gcc (GCC) 11.5.0 20240719 (Red Hat 11.5.0-2) Ubuntu 24.04 Kernel: 5.15 Compiler: gcc gcc (Ubuntu 13.3.0-6ubuntu2~24.04) 13.3.0 Ubuntu 22.04 Kernel: 5.15 Compiler: gcc gcc (Ubuntu 11.4.0-1ubuntu1~22.04) 11.4.0 Alpine Linux 3.22.0 Kernel: 5.15 Compiler: gcc gcc (Alpine 14.2.0) 14.2.0 FreeBSD 14.2 Kernel: 14.2-RELEASE Compiler: clang 18.1.6 Windows Server 2022 Kernel: 10.0.20348.2031 Compiler: clang 15.0.7, gcc 14.1.0 (MinGW), and MSVC VS 19.39.33521 To view detailed results, visit: https://lab.dpdk.org/results/dashboard/patchsets/34416/ UNH-IOL DPDK Community Lab To manage your email subscriptions, visit: https://lab.dpdk.org/results/dashboard/preferences/subscriptions/