From mboxrd@z Thu Jan 1 00:00:00 1970 Return-Path: Received: from mails.dpdk.org (mails.dpdk.org [217.70.189.124]) by inbox.dpdk.org (Postfix) with ESMTP id 5BD9B48A4B for ; Wed, 29 Oct 2025 16:42:02 +0100 (CET) Received: from mails.dpdk.org (localhost [127.0.0.1]) by mails.dpdk.org (Postfix) with ESMTP id 5821540150; Wed, 29 Oct 2025 16:42:02 +0100 (CET) Received: from mail-yx1-f100.google.com (mail-yx1-f100.google.com [74.125.224.100]) by mails.dpdk.org (Postfix) with ESMTP id E7A9340150 for ; Wed, 29 Oct 2025 16:42:00 +0100 (CET) Received: by mail-yx1-f100.google.com with SMTP id 956f58d0204a3-63e35e48a25so81474d50.1 for ; Wed, 29 Oct 2025 08:42:00 -0700 (PDT) DKIM-Signature: v=1; a=rsa-sha256; c=relaxed/relaxed; d=iol.unh.edu; s=unh-iol; t=1761752520; x=1762357320; darn=dpdk.org; h=references:in-reply-to:cc:to:from:subject:message-id:date:from:to :cc:subject:date:message-id:reply-to; bh=IdWJzmL8Vx14dCf0yB8HtWWMsztwEQAei7A04WpOWmQ=; b=amm3BEo/S3CNSetPzQda4itsqDRMzbsNT1Uyt1RgSKtgZMPwPI4Ji/Z4xpLmrCJmAb Dwlqasdw4Jb8bXLYYwNrBI/gqRrIYLCRTE9H5yNw7BDDefwmvui5pIEmdGLtCwmPlxtO XQTd924PlO5yxUsgXCQxdS7aOsGFt5Eqk1ftw= X-Google-DKIM-Signature: v=1; a=rsa-sha256; c=relaxed/relaxed; d=1e100.net; s=20230601; t=1761752520; x=1762357320; h=references:in-reply-to:cc:to:from:subject:message-id:date :x-gm-message-state:from:to:cc:subject:date:message-id:reply-to; bh=IdWJzmL8Vx14dCf0yB8HtWWMsztwEQAei7A04WpOWmQ=; b=DJFneCAy1Xqi1Ceudh+A0CLW9gpOY+Bg8N+yZEJtDnlJICFU98QDewAYqPy/QFjyCG Zi7xqte+Evz8iqEa2C1hwLM9Tcot4OPogJvE6lCaYBIfkQWb3UD5X8KPJLnyuA3iUjCP rtL7uwzXIuBhqEnQLSetRf0BhhmjuEky2CVBo4JXBHzjeSG9qjaUO0dVkspo8LeiMwzv dDsdCkgzbl7ytQmFytAbpMoQqBwLQqcpdl+sD1vkdi3M3SQk7oROvHWcKz4lW8kk9xud guOUa39o8lSsAdMs4co94MfnJDMgcxq/Y66JOcUeM9BChONjk21UaXA0B4Wu+SKUTPZb +Nhg== X-Gm-Message-State: AOJu0Yw1wLr/Gw1vn9+L4BBlaWbYf8u9TfJeg0jmp67R7fSB3pcGNcIY nhzrykvnRDk7dPLFYFyM3V5+6SBSvNUB5gz/+yoiIl5muU36TMBpcihWvVuccDiXQTYTnO0wqOY NFtWrPLVgnBqmKLcT9/5GsTVeEDRPj74+MJ+aC2DI1oFX X-Gm-Gg: ASbGnctBIMrI+V0WEAko0V4IRFyOhffvRj2YW7f5GdYgCuT0c90RrTB4l/8nDM7yXdB KSo/WbcssiTq0OLGDh8I/yjkKSCXLT2n36HQXHKBJdbQPvU5c8szfxidtxpRhjTFurnpHeHbx0T y0hXj8+sDO0Wu9QCIM0L1qHjG/5YEmDIPcasrQVL4T7IqijT89nzkZz3ugAn4Hs3ae/6SecnqJb G/haL9zZt0w684VgVEAnpV8Wkxy9ALfVfa9ygwQ8Nwdlem8I66emhPn2Qj7/Lz0udFMp/cwmRd2 QVHAbdTr+Q6lood/+5Ge616DLMqhj8GZxRxkQxJ8JgX0R1LTer2EqpbLHHSSbfk/TNgG0z4MyxA g5SSAixURnvm0NCcnXZYFMuTkUiG7GJ8= X-Google-Smtp-Source: AGHT+IGmQf1zkXHwE36P8dEfRCA98G9zcNiydvEiqsAMQqnmWt+5EVMXbv4AZAFip6EguZ67ck819M4kZbnZ X-Received: by 2002:a53:e02a:0:b0:63f:55de:63cb with SMTP id 956f58d0204a3-63f76d92460mr2392031d50.43.1761752520263; Wed, 29 Oct 2025 08:42:00 -0700 (PDT) Received: from postal.iol.unh.edu (postal.iol.unh.edu. [132.177.123.84]) by smtp-relay.gmail.com with ESMTPS id 00721157ae682-785ed1a6708sm10134047b3.17.2025.10.29.08.42.00 (version=TLS1_2 cipher=ECDHE-ECDSA-AES128-GCM-SHA256 bits=128/128); Wed, 29 Oct 2025 08:42:00 -0700 (PDT) X-Relaying-Domain: iol.unh.edu Date: Wed, 29 Oct 2025 08:42:00 -0700 (PDT) Message-ID: <690235c8.050a0220.18d3b5.36e5SMTPIN_ADDED_MISSING@mx.google.com> Received: from [172.21.0.2] (unknown [172.18.0.240]) by postal.iol.unh.edu (Postfix) with ESMTP id E8A66604D420; Wed, 29 Oct 2025 11:41:59 -0400 (EDT) Subject: |FAILURE| pw158220 [PATCH] [v2] bitmap: change return value of rte_b From: dpdklab@iol.unh.edu To: Test Report Cc: dpdk-test-reports@iol.unh.edu, Stephen Hemminger In-Reply-To: <20251029145055.990899-1-stephen@networkplumber.org> References: <20251029145055.990899-1-stephen@networkplumber.org> Content-Type: text/plain X-BeenThere: test-report@dpdk.org X-Mailman-Version: 2.1.29 Precedence: list List-Id: automatic DPDK test reports List-Unsubscribe: , List-Archive: List-Post: List-Help: List-Subscribe: , Errors-To: test-report-bounces@dpdk.org Test-Label: iol-compile-amd64-testing Test-Status: FAILURE http://dpdk.org/patch/158220 _Testing issues_ Submitter: Stephen Hemminger Date: Wednesday, October 29 2025 14:50:55 DPDK git baseline: Repo:dpdk Branch: master CommitID:39b54f2dcf44ad1f91eabc7080cd5dea763607fd 158220 --> testing issues Upstream job id: Generic-DPDK-Compile-Meson#439037 Test environment and result as below: +-------------------------------+--------------------+-------------------+------------------+-------------------+ | Environment | dpdk_meson_compile | dpdk_compile_spdk | dpdk_compile_ovs | dpdk_msvc_compile | +===============================+====================+===================+==================+===================+ | CentOS Stream 9 | PEND | PEND | SKIPPED | SKIPPED | +-------------------------------+--------------------+-------------------+------------------+-------------------+ | CentOS Stream 10 | PASS | SKIPPED | SKIPPED | SKIPPED | +-------------------------------+--------------------+-------------------+------------------+-------------------+ | Debian GNU/Linux 12 | PEND | PEND | SKIPPED | SKIPPED | +-------------------------------+--------------------+-------------------+------------------+-------------------+ | Fedora Linux 42 | PEND | PEND | PEND | SKIPPED | +-------------------------------+--------------------+-------------------+------------------+-------------------+ | Ubuntu 20.04 | PASS | SKIPPED | SKIPPED | SKIPPED | +-------------------------------+--------------------+-------------------+------------------+-------------------+ | openSUSE Leap 15.6 | PEND | SKIPPED | SKIPPED | SKIPPED | +-------------------------------+--------------------+-------------------+------------------+-------------------+ | Red Hat Enterprise Linux 8.10 | PASS | SKIPPED | SKIPPED | SKIPPED | +-------------------------------+--------------------+-------------------+------------------+-------------------+ | Red Hat Enterprise Linux 9.5 | PEND | SKIPPED | SKIPPED | SKIPPED | +-------------------------------+--------------------+-------------------+------------------+-------------------+ | Ubuntu 24.04 | PASS | PEND | PEND | SKIPPED | +-------------------------------+--------------------+-------------------+------------------+-------------------+ | Ubuntu 22.04 | PASS | WARN | SKIPPED | SKIPPED | +-------------------------------+--------------------+-------------------+------------------+-------------------+ | Alpine Linux 3.22.0 | PASS | SKIPPED | SKIPPED | SKIPPED | +-------------------------------+--------------------+-------------------+------------------+-------------------+ | FreeBSD 14.2 | PASS | SKIPPED | SKIPPED | SKIPPED | +-------------------------------+--------------------+-------------------+------------------+-------------------+ | Windows Server 2022 | SKIPPED | SKIPPED | SKIPPED | PEND | +-------------------------------+--------------------+-------------------+------------------+-------------------+ ==== 20 line log output for Ubuntu 22.04 (dpdk_compile_spdk): ==== --- Failed to get log output --- ==== End log output ==== CentOS Stream 9 Kernel: 5.15 Compiler: gcc gcc (GCC) 11.5.0 20240719 (Red Hat 11.5.0-11) CentOS Stream 10 Kernel: 5.15 Compiler: gcc gcc (GCC) 14.2.1 20250110 (Red Hat 14.2.1-8) Debian GNU/Linux 12 Kernel: 5.15 Compiler: gcc gcc (Debian 12.2.0-14+deb12u1) 12.2.0 Fedora Linux 42 Kernel: 5.15 Compiler: clang gcc (GCC) 15.2.1 20250808 (Red Hat 15.2.1-1) Ubuntu 20.04 Kernel: 4.19 Compiler: gcc gcc (Ubuntu 9.4.0-1ubuntu1~20.04.2) 9.4.0 openSUSE Leap 15.6 Kernel: 5.15 Compiler: gcc gcc (SUSE Linux) 7.5.0 Red Hat Enterprise Linux 8.10 Kernel: 5.15 Compiler: gcc gcc (GCC) 8.5.0 20210514 (Red Hat 8.5.0-22) Red Hat Enterprise Linux 9.5 Kernel: 5.15 Compiler: gcc gcc (GCC) 11.5.0 20240719 (Red Hat 11.5.0-2) Ubuntu 24.04 Kernel: 5.15 Compiler: gcc gcc (Ubuntu 13.3.0-6ubuntu2~24.04) 13.3.0 Ubuntu 22.04 Kernel: 5.15 Compiler: gcc gcc (Ubuntu 11.4.0-1ubuntu1~22.04) 11.4.0 Alpine Linux 3.22.0 Kernel: 5.15 Compiler: gcc gcc (Alpine 14.2.0) 14.2.0 FreeBSD 14.2 Kernel: 14.2-RELEASE Compiler: clang 18.1.6 Windows Server 2022 Kernel: 10.0.20348.2031 Compiler: clang 15.0.7, gcc 14.1.0 (MinGW), and MSVC VS 19.39.33521 To view detailed results, visit: https://lab.dpdk.org/results/dashboard/patchsets/34416/ UNH-IOL DPDK Community Lab To manage your email subscriptions, visit: https://lab.dpdk.org/results/dashboard/preferences/subscriptions/