From mboxrd@z Thu Jan 1 00:00:00 1970 Return-Path: Received: from mails.dpdk.org (mails.dpdk.org [217.70.189.124]) by inbox.dpdk.org (Postfix) with ESMTP id 6471B48A51 for ; Wed, 29 Oct 2025 17:38:07 +0100 (CET) Received: from mails.dpdk.org (localhost [127.0.0.1]) by mails.dpdk.org (Postfix) with ESMTP id 4CAE040647; Wed, 29 Oct 2025 17:38:07 +0100 (CET) Received: from mail-ua1-f99.google.com (mail-ua1-f99.google.com [209.85.222.99]) by mails.dpdk.org (Postfix) with ESMTP id 3E1A440647 for ; Wed, 29 Oct 2025 17:38:06 +0100 (CET) Received: by mail-ua1-f99.google.com with SMTP id a1e0cc1a2514c-934f0e9d4afso22895241.1 for ; Wed, 29 Oct 2025 09:38:06 -0700 (PDT) DKIM-Signature: v=1; a=rsa-sha256; c=relaxed/relaxed; d=iol.unh.edu; s=unh-iol; t=1761755885; x=1762360685; darn=dpdk.org; h=cc:to:from:subject:message-id:date:from:to:cc:subject:date :message-id:reply-to; bh=q0f3mH0uWe1rm4b817rDX7lOIuHIsYcW17uVRJ3nw8I=; b=EGto9C6gxApOocm1lH5QTVj3NL2+2TfbqjeRI7G0PGhzNOE++LfT/21pL/dt3d8TF/ H6+szXoMakuGiyvPdxCV4W7AGjpfGf/YPz6t3TgpnPD3x/3nXGEXCQoApFHLXE/JUEmM oiZ818zzyszAHGA1nWEn0PVjlFKCCwhoeuaJw= X-Google-DKIM-Signature: v=1; a=rsa-sha256; c=relaxed/relaxed; d=1e100.net; s=20230601; t=1761755885; x=1762360685; h=cc:to:from:subject:message-id:date:x-gm-message-state:from:to:cc :subject:date:message-id:reply-to; bh=q0f3mH0uWe1rm4b817rDX7lOIuHIsYcW17uVRJ3nw8I=; b=CHzCUYq6+mMxj9/XRg2hXUy4cgVpU3lBnqicjfBVFYksmIBeqSPXLN25vgGj/Dyb0d /p1ec/cuEWXi4XM9uOFFDPE72AHy4TEQRnPiPKUghliBYjVhuC1owzadRlOpTY/uISDM CCpX0FdffSz5CKWPy4AZnIt+sLk5YiclwulMwz4vTVOr2FFTxel1kcMQR/REwnieG/GD G8Hff062663wgs6OnEL61wrkA47HBEZ2rhZAnuNnxUeXT1gq6uuWlbHeDoXJR2Xl0BKo TFrMkXvp8b//coszAg9eELryP5frweIyN0BHoEQSnqERj1Ab/xcrZUeAxIedEp6qYoSc us2Q== X-Gm-Message-State: AOJu0YwpXcIvQpeqO5A8OmwIEersnoy8N3ZTPY7rqAf4r976hrIg8SHC O4tp8HZwzP/22Rw/JscOCXpP65f7EPTSBoiV35rNIah1nq3h4AEpZDp7waYNKBY+Fho9UUELqN7 C2zw14z/87ut7ZFzhwCqNIoDXFn3VZVnIQ5kH X-Gm-Gg: ASbGncvu5ryTG333wSVfxoCXgcQJvRoPO2r2PbNYF36gfkCRcmEINT+usug8TPbVt2x hM4SUQwcEX4TJBfp9Ho4PHQaL9aaD5Dre9d37At9ILdS0M2bh8rahsIVQoM3QgSLf+L7MtTyuNm ZEy58aJZaW+m5fezZXtmdmokbuuCmlEBiBQ27pck81b4wqH6hrRU8QKxmLgT6iS9FW6WNjTbK3G pwExGeKHt2NZ+iDQM0vyAi7PWwSPfAPpvW5IaRhTVlRt5GrKrVTCldKOXe7vK2f+pV6fd/332jK Y50EHYcydA1Ot2hljn554TtnzhyIbG4Cc3f/mwyxQPP/AHnZ2gawChC+d69p6ACR1zXM1epu8kQ GBQtL/9hWAe4431gbVzdIvhncsd+x4cI= X-Google-Smtp-Source: AGHT+IEHSsL3MlD+yKQ+E4wZiSD3+gnSWQ7SXHUp4kv0xDX6RFpxABzhOtSG3m29u3WLfbyGYL9hXWVFxjfK X-Received: by 2002:a05:6102:5087:b0:4f9:d929:8558 with SMTP id ada2fe7eead31-5db905d89cfmr936814137.10.1761755885619; Wed, 29 Oct 2025 09:38:05 -0700 (PDT) Received: from postal.iol.unh.edu (postal.iol.unh.edu. [132.177.123.84]) by smtp-relay.gmail.com with ESMTPS id a1e0cc1a2514c-934c3d5abe9sm296707241.0.2025.10.29.09.38.05 (version=TLS1_2 cipher=ECDHE-ECDSA-AES128-GCM-SHA256 bits=128/128); Wed, 29 Oct 2025 09:38:05 -0700 (PDT) X-Relaying-Domain: iol.unh.edu Date: Wed, 29 Oct 2025 09:38:05 -0700 (PDT) Message-ID: <690242ed.050a0220.2a81d2.e4b6SMTPIN_ADDED_MISSING@mx.google.com> Received: from [172.21.0.2] (unknown [172.18.0.240]) by postal.iol.unh.edu (Postfix) with ESMTP id 471DC604D420; Wed, 29 Oct 2025 12:38:05 -0400 (EDT) Subject: |FAILURE| [GIT MASTER] 5d40aaf77852b5884e137f1588726c92feb59002 From: dpdklab@iol.unh.edu To: Test Report Cc: dpdk-test-reports@iol.unh.edu, Ajit Khaparde Content-Type: text/plain X-BeenThere: test-report@dpdk.org X-Mailman-Version: 2.1.29 Precedence: list List-Id: automatic DPDK test reports List-Unsubscribe: , List-Archive: List-Post: List-Help: List-Subscribe: , Errors-To: test-report-bounces@dpdk.org _Testing issues_ Branch: next-net-brcm-for-next-net 5d40aaf77852b5884e137f1588726c92feb59002 --> testing issues Upstream job id: Generic-DPDK-Compile-Meson#439077 Test environment and result as below: +-------------------------------+--------------------+-------------------+-------------------+------------------+-------------------------+ | Environment | dpdk_meson_compile | dpdk_msvc_compile | dpdk_compile_spdk | dpdk_compile_ovs | dpdk_llvm_clang_compile | +===============================+====================+===================+===================+==================+=========================+ | Ubuntu 20.04 | PASS | SKIPPED | SKIPPED | SKIPPED | SKIPPED | +-------------------------------+--------------------+-------------------+-------------------+------------------+-------------------------+ | FreeBSD 14.2 | PASS | SKIPPED | SKIPPED | SKIPPED | SKIPPED | +-------------------------------+--------------------+-------------------+-------------------+------------------+-------------------------+ | CentOS Stream 9 | PEND | SKIPPED | PEND | SKIPPED | SKIPPED | +-------------------------------+--------------------+-------------------+-------------------+------------------+-------------------------+ | CentOS Stream 10 | PEND | SKIPPED | SKIPPED | SKIPPED | SKIPPED | +-------------------------------+--------------------+-------------------+-------------------+------------------+-------------------------+ | Debian GNU/Linux 12 | PEND | SKIPPED | PEND | SKIPPED | SKIPPED | +-------------------------------+--------------------+-------------------+-------------------+------------------+-------------------------+ | Fedora Linux 42 | PEND | SKIPPED | PEND | PEND | SKIPPED | +-------------------------------+--------------------+-------------------+-------------------+------------------+-------------------------+ | Red Hat Enterprise Linux 8.10 | PASS | SKIPPED | SKIPPED | SKIPPED | SKIPPED | +-------------------------------+--------------------+-------------------+-------------------+------------------+-------------------------+ | openSUSE Leap 15.6 | PASS | SKIPPED | SKIPPED | SKIPPED | SKIPPED | +-------------------------------+--------------------+-------------------+-------------------+------------------+-------------------------+ | Red Hat Enterprise Linux 9.5 | PASS | SKIPPED | SKIPPED | SKIPPED | SKIPPED | +-------------------------------+--------------------+-------------------+-------------------+------------------+-------------------------+ | Ubuntu 22.04 | PASS | SKIPPED | WARN | SKIPPED | SKIPPED | +-------------------------------+--------------------+-------------------+-------------------+------------------+-------------------------+ | Ubuntu 24.04 | PEND | SKIPPED | PEND | PEND | SKIPPED | +-------------------------------+--------------------+-------------------+-------------------+------------------+-------------------------+ | Alpine Linux 3.22.0 | PEND | SKIPPED | SKIPPED | SKIPPED | SKIPPED | +-------------------------------+--------------------+-------------------+-------------------+------------------+-------------------------+ | Windows Server 2022 | SKIPPED | PEND | SKIPPED | SKIPPED | PEND | +-------------------------------+--------------------+-------------------+-------------------+------------------+-------------------------+ ==== 20 line log output for Ubuntu 22.04 (dpdk_compile_spdk): ==== --- Failed to get log output --- ==== End log output ==== Ubuntu 20.04 Kernel: 4.19 Compiler: gcc gcc (Ubuntu 9.4.0-1ubuntu1~20.04.2) 9.4.0 FreeBSD 14.2 Kernel: 14.2-RELEASE Compiler: clang 18.1.6 CentOS Stream 9 Kernel: 5.15 Compiler: gcc gcc (GCC) 11.5.0 20240719 (Red Hat 11.5.0-11) CentOS Stream 10 Kernel: 5.15 Compiler: gcc gcc (GCC) 14.2.1 20250110 (Red Hat 14.2.1-8) Debian GNU/Linux 12 Kernel: 5.15 Compiler: gcc gcc (Debian 12.2.0-14+deb12u1) 12.2.0 Fedora Linux 42 Kernel: 5.15 Compiler: clang gcc (GCC) 15.2.1 20250808 (Red Hat 15.2.1-1) Red Hat Enterprise Linux 8.10 Kernel: 5.15 Compiler: gcc gcc (GCC) 8.5.0 20210514 (Red Hat 8.5.0-22) openSUSE Leap 15.6 Kernel: 5.15 Compiler: gcc gcc (SUSE Linux) 7.5.0 Red Hat Enterprise Linux 9.5 Kernel: 5.15 Compiler: gcc gcc (GCC) 11.5.0 20240719 (Red Hat 11.5.0-2) Ubuntu 22.04 Kernel: 5.15 Compiler: gcc gcc (Ubuntu 11.4.0-1ubuntu1~22.04) 11.4.0 Ubuntu 24.04 Kernel: 5.15 Compiler: gcc gcc (Ubuntu 13.3.0-6ubuntu2~24.04) 13.3.0 Alpine Linux 3.22.0 Kernel: 5.15 Compiler: gcc gcc (Alpine 14.2.0) 14.2.0 Windows Server 2022 Kernel: 10.0.20348.2031 Compiler: clang 15.0.7, gcc 14.1.0 (MinGW), and MSVC VS 19.39.33521 To view detailed results, visit: https://lab.dpdk.org/results/dashboard/tarballs/35390/ UNH-IOL DPDK Community Lab To manage your email subscriptions, visit: https://lab.dpdk.org/results/dashboard/preferences/subscriptions/