From mboxrd@z Thu Jan 1 00:00:00 1970 Return-Path: Received: from mails.dpdk.org (mails.dpdk.org [217.70.189.124]) by inbox.dpdk.org (Postfix) with ESMTP id 5E0C048A51 for ; Wed, 29 Oct 2025 17:38:13 +0100 (CET) Received: from mails.dpdk.org (localhost [127.0.0.1]) by mails.dpdk.org (Postfix) with ESMTP id 5A6D340647; Wed, 29 Oct 2025 17:38:13 +0100 (CET) Received: from mail-pf1-f226.google.com (mail-pf1-f226.google.com [209.85.210.226]) by mails.dpdk.org (Postfix) with ESMTP id 89F1A40647 for ; Wed, 29 Oct 2025 17:38:12 +0100 (CET) Received: by mail-pf1-f226.google.com with SMTP id d2e1a72fcca58-7a59ec9bef4so150340b3a.2 for ; Wed, 29 Oct 2025 09:38:12 -0700 (PDT) DKIM-Signature: v=1; a=rsa-sha256; c=relaxed/relaxed; d=iol.unh.edu; s=unh-iol; t=1761755892; x=1762360692; darn=dpdk.org; h=cc:to:from:subject:message-id:date:from:to:cc:subject:date :message-id:reply-to; bh=KB0oW3ZkSye2jOQypZTkBVk0ODIzS2VhgxkPl/mWDAs=; b=ZLeRvUSoOuh4TmRA3D4iwznA5KyqoVTj421qMiBcog8sLO9MtUOWen62cTXHuRzjY3 aeLCe5YOd364iw/89ECaUoz8/F5v9q+mdferJrey5Keq+55XH3BFbqtFzg3SoZD6HyBN CACro/lRmGlYuqTENoOTmnB2u0l5kAxRBH68s= X-Google-DKIM-Signature: v=1; a=rsa-sha256; c=relaxed/relaxed; d=1e100.net; s=20230601; t=1761755892; x=1762360692; h=cc:to:from:subject:message-id:date:x-gm-message-state:from:to:cc :subject:date:message-id:reply-to; bh=KB0oW3ZkSye2jOQypZTkBVk0ODIzS2VhgxkPl/mWDAs=; b=RU0HBpqUqFy2zWJkWiohyRCLVMlzJ+U4y32FS/zWTnV+amwyKwOfJPqdAo5rFLJtl0 q5K9LQUFaT7vh9acBYP0LWwiKcjYtiS7sJ+pVSiXpcLSz8UdWLq2VmJ6cc3mP4dJRfcS Mpoc+9lPUIeSEXFk3PZrxdbUeq/IlMU5s3XLkvwhZTmF9yNb1ExGqFG6pyn/tc+3OeiC at1IEvg+WKMJWqW/fE7um13wz5r3bImwLuwfHTVRh0NCh11xUIYbvrn1kCr0OFcnTU4C wVUIfoFaKrEtO7AIR9ztsCYx95sPlOwR2D03nr0VGQ0Uq5zwnlmsm1Em2xD3c5DYhZWs LF1A== X-Gm-Message-State: AOJu0Yz0MgXLG/bB/opZeutmiOhsmm6oLIkyFbODCX/5o40l8yoYDnim 04Q4Qp1PYy09S2mQCV3AC67PQfq/DPsaVWbtjnIYYyl/GzU7ZKyXDpPIogOLoDtVn6184NGX+s9 t9aw5BgG0XRwWluDBIgoZ13Kqtu1QETf8uijoXyCQreqrA7S1qQPT X-Gm-Gg: ASbGncsWrw6VWrJPQwoN6W76X25mYhSgmqGFj70yYr89p1BgRlVqEANEupjcc8eVSg/ Gds9vT56mTS/MenXSEMzEQK3p+9fw5InYwG3QmCdmVAToc+iLKHRgNiNPVWruRuMqQjQTu2S9Sb RhSHDAtlc0xUEF0B6Qbfh64ftMjd+BFy/gUlmpxdj5Kzi9Y1f2SYxNpJtRAW41D0Igw0Nx1BQaq rj1xqWay5xI36KagFwbW9PVpAVNGuNve5Td1hlWkE3zsdmJrgeOaZ7oBl36E+67jcEanlPo6XvO JbZkERJtQB5PM9uigaxtoZ1BcXEG8QneA2BnFQ0BGIY8AVtvOd3B/kMkBOs3wakYtnrnm63hSqn UFIQrKWXS X-Google-Smtp-Source: AGHT+IFegOFg0cXrbPg5+5kd4xkJy9GgVVmiwz1TdT4LGxZIvQ1cARzIuqXQKb/LQRxuEv6eF5f/qPjo413S X-Received: by 2002:a17:903:8d0:b0:27e:ec72:f50 with SMTP id d9443c01a7336-294deee4c0dmr41211875ad.51.1761755891693; Wed, 29 Oct 2025 09:38:11 -0700 (PDT) Received: from postal.iol.unh.edu (postal.iol.unh.edu. [2606:4100:3880:1234::84]) by smtp-relay.gmail.com with ESMTPS id d9443c01a7336-29498d09963sm14470075ad.17.2025.10.29.09.38.11 (version=TLS1_2 cipher=ECDHE-ECDSA-AES128-GCM-SHA256 bits=128/128); Wed, 29 Oct 2025 09:38:11 -0700 (PDT) X-Relaying-Domain: iol.unh.edu Date: Wed, 29 Oct 2025 09:38:11 -0700 (PDT) Message-ID: <690242f3.170a0220.3cbbd4.53b3SMTPIN_ADDED_MISSING@mx.google.com> Received: from [172.21.0.3] (unknown [172.18.0.240]) by postal.iol.unh.edu (Postfix) with ESMTP id 22DC9604D420; Wed, 29 Oct 2025 12:38:11 -0400 (EDT) Subject: |FAILURE| [GIT MASTER] 5d40aaf77852b5884e137f1588726c92feb59002 From: dpdklab@iol.unh.edu To: Test Report Cc: dpdk-test-reports@iol.unh.edu, Ajit Khaparde Content-Type: text/plain X-BeenThere: test-report@dpdk.org X-Mailman-Version: 2.1.29 Precedence: list List-Id: automatic DPDK test reports List-Unsubscribe: , List-Archive: List-Post: List-Help: List-Subscribe: , Errors-To: test-report-bounces@dpdk.org _Testing issues_ Branch: next-net-brcm-for-next-net 5d40aaf77852b5884e137f1588726c92feb59002 --> testing issues Upstream job id: Generic-DPDK-Compile-Meson#439078 Test environment and result as below: +-------------------------------+--------------------+-------------------+-------------------+------------------+-------------------------+ | Environment | dpdk_meson_compile | dpdk_msvc_compile | dpdk_compile_spdk | dpdk_compile_ovs | dpdk_llvm_clang_compile | +===============================+====================+===================+===================+==================+=========================+ | Ubuntu 20.04 | PASS | SKIPPED | SKIPPED | SKIPPED | SKIPPED | +-------------------------------+--------------------+-------------------+-------------------+------------------+-------------------------+ | FreeBSD 14.2 | PASS | SKIPPED | SKIPPED | SKIPPED | SKIPPED | +-------------------------------+--------------------+-------------------+-------------------+------------------+-------------------------+ | CentOS Stream 9 | PEND | SKIPPED | PEND | SKIPPED | SKIPPED | +-------------------------------+--------------------+-------------------+-------------------+------------------+-------------------------+ | CentOS Stream 10 | PEND | SKIPPED | SKIPPED | SKIPPED | SKIPPED | +-------------------------------+--------------------+-------------------+-------------------+------------------+-------------------------+ | Debian GNU/Linux 12 | PEND | SKIPPED | PEND | SKIPPED | SKIPPED | +-------------------------------+--------------------+-------------------+-------------------+------------------+-------------------------+ | Fedora Linux 42 | PEND | SKIPPED | PEND | PEND | SKIPPED | +-------------------------------+--------------------+-------------------+-------------------+------------------+-------------------------+ | Red Hat Enterprise Linux 8.10 | PASS | SKIPPED | SKIPPED | SKIPPED | SKIPPED | +-------------------------------+--------------------+-------------------+-------------------+------------------+-------------------------+ | openSUSE Leap 15.6 | PASS | SKIPPED | SKIPPED | SKIPPED | SKIPPED | +-------------------------------+--------------------+-------------------+-------------------+------------------+-------------------------+ | Red Hat Enterprise Linux 9.5 | PASS | SKIPPED | SKIPPED | SKIPPED | SKIPPED | +-------------------------------+--------------------+-------------------+-------------------+------------------+-------------------------+ | Ubuntu 22.04 | PASS | SKIPPED | WARN | SKIPPED | SKIPPED | +-------------------------------+--------------------+-------------------+-------------------+------------------+-------------------------+ | Ubuntu 24.04 | PEND | SKIPPED | PEND | PEND | SKIPPED | +-------------------------------+--------------------+-------------------+-------------------+------------------+-------------------------+ | Alpine Linux 3.22.0 | PEND | SKIPPED | SKIPPED | SKIPPED | SKIPPED | +-------------------------------+--------------------+-------------------+-------------------+------------------+-------------------------+ | Windows Server 2022 | SKIPPED | PEND | SKIPPED | SKIPPED | PEND | +-------------------------------+--------------------+-------------------+-------------------+------------------+-------------------------+ ==== 20 line log output for Ubuntu 22.04 (dpdk_compile_spdk): ==== --- Failed to get log output --- ==== End log output ==== Ubuntu 20.04 Kernel: 4.19 Compiler: gcc gcc (Ubuntu 9.4.0-1ubuntu1~20.04.2) 9.4.0 FreeBSD 14.2 Kernel: 14.2-RELEASE Compiler: clang 18.1.6 CentOS Stream 9 Kernel: 5.15 Compiler: gcc gcc (GCC) 11.5.0 20240719 (Red Hat 11.5.0-11) CentOS Stream 10 Kernel: 5.15 Compiler: gcc gcc (GCC) 14.2.1 20250110 (Red Hat 14.2.1-8) Debian GNU/Linux 12 Kernel: 5.15 Compiler: gcc gcc (Debian 12.2.0-14+deb12u1) 12.2.0 Fedora Linux 42 Kernel: 5.15 Compiler: clang gcc (GCC) 15.2.1 20250808 (Red Hat 15.2.1-1) Red Hat Enterprise Linux 8.10 Kernel: 5.15 Compiler: gcc gcc (GCC) 8.5.0 20210514 (Red Hat 8.5.0-22) openSUSE Leap 15.6 Kernel: 5.15 Compiler: gcc gcc (SUSE Linux) 7.5.0 Red Hat Enterprise Linux 9.5 Kernel: 5.15 Compiler: gcc gcc (GCC) 11.5.0 20240719 (Red Hat 11.5.0-2) Ubuntu 22.04 Kernel: 5.15 Compiler: gcc gcc (Ubuntu 11.4.0-1ubuntu1~22.04) 11.4.0 Ubuntu 24.04 Kernel: 5.15 Compiler: gcc gcc (Ubuntu 13.3.0-6ubuntu2~24.04) 13.3.0 Alpine Linux 3.22.0 Kernel: 5.15 Compiler: gcc gcc (Alpine 14.2.0) 14.2.0 Windows Server 2022 Kernel: 10.0.20348.2031 Compiler: clang 15.0.7, gcc 14.1.0 (MinGW), and MSVC VS 19.39.33521 To view detailed results, visit: https://lab.dpdk.org/results/dashboard/tarballs/35390/ UNH-IOL DPDK Community Lab To manage your email subscriptions, visit: https://lab.dpdk.org/results/dashboard/preferences/subscriptions/