From: dpdklab@iol.unh.edu
To: Test Report <test-report@dpdk.org>
Cc: dpdk-test-reports@iol.unh.edu
Subject: |WARNING| pw158223-158224 [PATCH] [3/3] net/mlx5: support flow metad
Date: Wed, 29 Oct 2025 12:04:59 -0700 (PDT) [thread overview]
Message-ID: <6902655b.050a0220.1acbcf.0348SMTPIN_ADDED_MISSING@mx.google.com> (raw)
In-Reply-To: <20251029155711.169580-3-getelson@nvidia.com>
Test-Label: iol-compile-amd64-testing
Test-Status: WARNING
http://dpdk.org/patch/158224
_Testing issues_
Submitter: Gregory Etelson <getelson@nvidia.com>
Date: Wednesday, October 29 2025 15:57:10
DPDK git baseline: Repo:dpdk-next-net-mlx
Branch: master
CommitID:39b54f2dcf44ad1f91eabc7080cd5dea763607fd
158223-158224 --> testing issues
Upstream job id: Windows-Compile-DPDK-Native#31989
Test environment and result as below:
+-------------------------------+--------------------+-------------------+------------------+-------------------+-------------------------+
| Environment | dpdk_meson_compile | dpdk_compile_spdk | dpdk_compile_ovs | dpdk_msvc_compile | dpdk_llvm_clang_compile |
+===============================+====================+===================+==================+===================+=========================+
| FreeBSD 14.2 | PASS | SKIPPED | SKIPPED | SKIPPED | SKIPPED |
+-------------------------------+--------------------+-------------------+------------------+-------------------+-------------------------+
| CentOS Stream 9 | PASS | WARN | SKIPPED | SKIPPED | SKIPPED |
+-------------------------------+--------------------+-------------------+------------------+-------------------+-------------------------+
| CentOS Stream 10 | PASS | SKIPPED | SKIPPED | SKIPPED | SKIPPED |
+-------------------------------+--------------------+-------------------+------------------+-------------------+-------------------------+
| Debian GNU/Linux 12 | PASS | WARN | SKIPPED | SKIPPED | SKIPPED |
+-------------------------------+--------------------+-------------------+------------------+-------------------+-------------------------+
| Ubuntu 20.04 | PASS | SKIPPED | SKIPPED | SKIPPED | SKIPPED |
+-------------------------------+--------------------+-------------------+------------------+-------------------+-------------------------+
| Fedora Linux 42 | PASS | WARN | PASS | SKIPPED | SKIPPED |
+-------------------------------+--------------------+-------------------+------------------+-------------------+-------------------------+
| openSUSE Leap 15.6 | PASS | SKIPPED | SKIPPED | SKIPPED | SKIPPED |
+-------------------------------+--------------------+-------------------+------------------+-------------------+-------------------------+
| Red Hat Enterprise Linux 8.10 | PASS | SKIPPED | SKIPPED | SKIPPED | SKIPPED |
+-------------------------------+--------------------+-------------------+------------------+-------------------+-------------------------+
| Red Hat Enterprise Linux 9.5 | PASS | SKIPPED | SKIPPED | SKIPPED | SKIPPED |
+-------------------------------+--------------------+-------------------+------------------+-------------------+-------------------------+
| Ubuntu 22.04 | PASS | WARN | SKIPPED | SKIPPED | SKIPPED |
+-------------------------------+--------------------+-------------------+------------------+-------------------+-------------------------+
| Ubuntu 24.04 | PASS | WARN | PASS | SKIPPED | SKIPPED |
+-------------------------------+--------------------+-------------------+------------------+-------------------+-------------------------+
| Alpine Linux 3.22.0 | PASS | SKIPPED | SKIPPED | SKIPPED | SKIPPED |
+-------------------------------+--------------------+-------------------+------------------+-------------------+-------------------------+
| Windows Server 2022 | SKIPPED | SKIPPED | SKIPPED | PASS | PASS |
+-------------------------------+--------------------+-------------------+------------------+-------------------+-------------------------+
==== 20 line log output for Ubuntu 24.04 (dpdk_compile_spdk): ====
--- Failed to get log output ---
==== End log output ====
FreeBSD 14.2
Kernel: 14.2-RELEASE
Compiler: clang 18.1.6
CentOS Stream 9
Kernel: 5.15
Compiler: gcc gcc (GCC) 11.5.0 20240719 (Red Hat 11.5.0-11)
CentOS Stream 10
Kernel: 5.15
Compiler: gcc gcc (GCC) 14.2.1 20250110 (Red Hat 14.2.1-8)
Debian GNU/Linux 12
Kernel: 5.15
Compiler: gcc gcc (Debian 12.2.0-14+deb12u1) 12.2.0
Ubuntu 20.04
Kernel: 4.19
Compiler: gcc gcc (Ubuntu 9.4.0-1ubuntu1~20.04.2) 9.4.0
Fedora Linux 42
Kernel: 5.15
Compiler: clang gcc (GCC) 15.2.1 20250808 (Red Hat 15.2.1-1)
openSUSE Leap 15.6
Kernel: 5.15
Compiler: gcc gcc (SUSE Linux) 7.5.0
Red Hat Enterprise Linux 8.10
Kernel: 5.15
Compiler: gcc gcc (GCC) 8.5.0 20210514 (Red Hat 8.5.0-22)
Red Hat Enterprise Linux 9.5
Kernel: 5.15
Compiler: gcc gcc (GCC) 11.5.0 20240719 (Red Hat 11.5.0-2)
Ubuntu 22.04
Kernel: 5.15
Compiler: gcc gcc (Ubuntu 11.4.0-1ubuntu1~22.04) 11.4.0
Ubuntu 24.04
Kernel: 5.15
Compiler: gcc gcc (Ubuntu 13.3.0-6ubuntu2~24.04) 13.3.0
Alpine Linux 3.22.0
Kernel: 5.15
Compiler: gcc gcc (Alpine 14.2.0) 14.2.0
Windows Server 2022
Kernel: 10.0.20348.2031
Compiler: clang 15.0.7, gcc 14.1.0 (MinGW), and MSVC VS 19.39.33521
To view detailed results, visit:
https://lab.dpdk.org/results/dashboard/patchsets/34418/
UNH-IOL DPDK Community Lab
To manage your email subscriptions, visit:
https://lab.dpdk.org/results/dashboard/preferences/subscriptions/
next prev parent reply other threads:[~2025-10-29 19:05 UTC|newest]
Thread overview: 27+ messages / expand[flat|nested] mbox.gz Atom feed top
[not found] <20251029155711.169580-3-getelson@nvidia.com>
2025-10-29 15:25 ` |SUCCESS| pw158223-158224 [PATCH 3/3] net/mlx5: support flow metadata exchange between E-Switch and VM qemudev
2025-10-29 15:30 ` qemudev
2025-10-29 16:00 ` |SUCCESS| pw158224 " checkpatch
2025-10-29 16:29 ` |SUCCESS| pw158223-158224 [PATCH] [3/3] net/mlx5: support flow metad dpdklab
2025-10-29 16:38 ` |PENDING| " dpdklab
2025-10-29 16:42 ` dpdklab
2025-10-29 16:43 ` |SUCCESS| " dpdklab
2025-10-29 16:47 ` |PENDING| " dpdklab
2025-10-29 16:58 ` dpdklab
2025-10-29 16:59 ` |WARNING| " dpdklab
2025-10-29 17:03 ` |SUCCESS| " dpdklab
2025-10-29 17:06 ` |PENDING| " dpdklab
2025-10-29 17:09 ` |SUCCESS| " dpdklab
2025-10-29 17:10 ` |WARNING| " dpdklab
2025-10-29 17:38 ` |SUCCESS| " dpdklab
2025-10-29 17:41 ` dpdklab
2025-10-29 17:54 ` |WARNING| " dpdklab
2025-10-29 18:08 ` |SUCCESS| " dpdklab
2025-10-29 18:09 ` |FAILURE| pw158224 [PATCH 3/3] net/mlx5: support flow metadata exchange between E-Switch and VM 0-day Robot
2025-10-29 18:12 ` |WARNING| pw158223-158224 [PATCH] [3/3] net/mlx5: support flow metad dpdklab
2025-10-29 18:15 ` |SUCCESS| " dpdklab
2025-10-29 18:24 ` dpdklab
2025-10-29 18:35 ` dpdklab
2025-10-29 18:38 ` dpdklab
2025-10-29 19:04 ` dpdklab [this message]
2025-10-29 19:48 ` |WARNING| " dpdklab
2025-10-30 3:42 ` |SUCCESS| " dpdklab
Reply instructions:
You may reply publicly to this message via plain-text email
using any one of the following methods:
* Save the following mbox file, import it into your mail client,
and reply-to-all from there: mbox
Avoid top-posting and favor interleaved quoting:
https://en.wikipedia.org/wiki/Posting_style#Interleaved_style
* Reply using the --to, --cc, and --in-reply-to
switches of git-send-email(1):
git send-email \
--in-reply-to=6902655b.050a0220.1acbcf.0348SMTPIN_ADDED_MISSING@mx.google.com \
--to=dpdklab@iol.unh.edu \
--cc=dpdk-test-reports@iol.unh.edu \
--cc=test-report@dpdk.org \
/path/to/YOUR_REPLY
https://kernel.org/pub/software/scm/git/docs/git-send-email.html
* If your mail client supports setting the In-Reply-To header
via mailto: links, try the mailto: link
Be sure your reply has a Subject: header at the top and a blank line
before the message body.
This is a public inbox, see mirroring instructions
for how to clone and mirror all data and code used for this inbox;
as well as URLs for NNTP newsgroup(s).