From mboxrd@z Thu Jan 1 00:00:00 1970 Return-Path: Received: from mails.dpdk.org (mails.dpdk.org [217.70.189.124]) by inbox.dpdk.org (Postfix) with ESMTP id 0A05B489F9 for ; Wed, 29 Oct 2025 20:47:24 +0100 (CET) Received: from mails.dpdk.org (localhost [127.0.0.1]) by mails.dpdk.org (Postfix) with ESMTP id 05B91402AE; Wed, 29 Oct 2025 20:47:24 +0100 (CET) Received: from mail-il1-f226.google.com (mail-il1-f226.google.com [209.85.166.226]) by mails.dpdk.org (Postfix) with ESMTP id 73CB1402AE for ; Wed, 29 Oct 2025 20:47:22 +0100 (CET) Received: by mail-il1-f226.google.com with SMTP id e9e14a558f8ab-430ccd45f19so1780315ab.1 for ; Wed, 29 Oct 2025 12:47:22 -0700 (PDT) DKIM-Signature: v=1; a=rsa-sha256; c=relaxed/relaxed; d=iol.unh.edu; s=unh-iol; t=1761767242; x=1762372042; darn=dpdk.org; h=cc:to:from:subject:message-id:date:from:to:cc:subject:date :message-id:reply-to; bh=gOV1wbbraGb1cqE/Czv959XDTqT812Ea6EdIBrgZD3g=; b=LR11i2GS2OC6EhrUFl0BAcP9yDQhZP0u9iHgR6upvAYCnd0S2oigKA8YrblRo2pwDq DzKBYyzcqYqYHkSZ7nfTlLM0VRVsmcAdlyv5sAFNheQTiVs3iAzu1vcSYHaYKyPcZnog Q4fNwObW9jbObiQhh6xeqCFwt8VQi9r5CV0n8= X-Google-DKIM-Signature: v=1; a=rsa-sha256; c=relaxed/relaxed; d=1e100.net; s=20230601; t=1761767242; x=1762372042; h=cc:to:from:subject:message-id:date:x-gm-message-state:from:to:cc :subject:date:message-id:reply-to; bh=gOV1wbbraGb1cqE/Czv959XDTqT812Ea6EdIBrgZD3g=; b=U1Iv2VO1WKVz6+kBgLRC0PNz+xkwQQ4ptCYUf279VckGobmFdMHVM7Twfb+FPKCjNz gp0GgLaxl826c42/cUMpb0e4WvWCpeRYGRD0ogsMkWRm5NFeJOhWoSBLYgX+v2AFu9xI L93ZhfBypp9JBwz88tpt1TImk3Q0qHngbQgkjzE1FkXkvyMgzx6d45EnRSnI7wBqBYwB nOn9PstlK1YKYstexoVaV+vGNAQrFuxbZ9sdXsbH68RYMAnhsZ1BvWjNAzrQ5zT69tte AngWAdV9q0VvmvqadfuE/LE6JZpaWUiL0ULfhbgs75SKryQuhRDSma+RS0A6HPg8Sxh9 M7tw== X-Gm-Message-State: AOJu0YyWxRvXtnoxIv+POgWrcP7zVcz1Emk++ZBRFtO1dsnNpaMbCdfM ra/ASSihk5FtvY4t6Q2jyVaAWLXregPt71JH3Jpg/4NYNYAscYC1pIvtySfdk3nBPnwsGoTRpwo T0rEhlFuEjRrxcxwZKX4Gc5KA4SkMjAUuTaiA X-Gm-Gg: ASbGnct0Kft9RVK+AYdZ0jHquq15VjT0vM1kNG/c4hgFn4bdVDtqiklO4aKGx6i6+F8 GmUPJDYKsflcXpRW6KtfyeGl8JPaxPfFJTtK72e4VqdWX+ECF27lGwjj1+C66krlM081/UrIEPI /76UixhZxaXBw7lrhrrGdO4tWFp2NgjSSpPs9s/R+4CMtWhA+0Tc7UeNjc1A1SbjovgncaxPy7o imbcspyVZmGURSRLKbyGWUL1wiw89xgEf8jbHA/Csn2arURMdSEzduyD5ykW/5exhzHdCq9eqAz GnXSGCMXN3NP/+cXZDt0u/vlA+tP8O+K78+XQnCxESwwJ4flgxePuWHW378uY/bu9FOnHLwFvYl eShPU6aCzL8eb9TAU04QHQpyPqOvsl+o= X-Google-Smtp-Source: AGHT+IEh1lrAYk7pP9C7lvHpl/7mpDeeSgbU+zhYn+uA0hp5mWYCYJDi3n+anaMqYC2SABtCyNg3zv5+CjQa X-Received: by 2002:a05:6e02:4408:20b0:432:fc9e:ccfc with SMTP id e9e14a558f8ab-432fc9ece7emr29380495ab.32.1761767241739; Wed, 29 Oct 2025 12:47:21 -0700 (PDT) Received: from postal.iol.unh.edu (postal.iol.unh.edu. [132.177.123.84]) by smtp-relay.gmail.com with ESMTPS id e9e14a558f8ab-431f808642asm13251815ab.21.2025.10.29.12.47.21 (version=TLS1_2 cipher=ECDHE-ECDSA-AES128-GCM-SHA256 bits=128/128); Wed, 29 Oct 2025 12:47:21 -0700 (PDT) X-Relaying-Domain: iol.unh.edu Date: Wed, 29 Oct 2025 12:47:21 -0700 (PDT) Message-ID: <69026f49.920a0220.201bb6.dcd7SMTPIN_ADDED_MISSING@mx.google.com> Received: from [172.21.0.2] (unknown [172.18.0.240]) by postal.iol.unh.edu (Postfix) with ESMTP id 619B4604D420; Wed, 29 Oct 2025 15:47:21 -0400 (EDT) Subject: |FAILURE| [GIT MASTER] 3b43ce3f4a54468e7ef65760c2fd7b4d6ee6d9fc From: dpdklab@iol.unh.edu To: Test Report Cc: dpdk-test-reports@iol.unh.edu, Xueming Li , Christian Ehrhardt , Kevin Traynor , Luca Boccassi Content-Type: text/plain X-BeenThere: test-report@dpdk.org X-Mailman-Version: 2.1.29 Precedence: list List-Id: automatic DPDK test reports List-Unsubscribe: , List-Archive: List-Post: List-Help: List-Subscribe: , Errors-To: test-report-bounces@dpdk.org _Testing issues_ Branch: tags/v22.11 3b43ce3f4a54468e7ef65760c2fd7b4d6ee6d9fc --> testing issues Upstream job id: Generic-Unit-Test-DPDK#386508 Test environment and result as below: +-----------------+--------------+------------------------------+---------------------------+----------------+ | Environment | lpm_autotest | cryptodev_sw_snow3g_autotest | cryptodev_sw_zuc_autotest | dpdk_unit_test | +=================+==============+==============================+===========================+================+ | Ubuntu 20.04 | FAIL | SKIPPED | SKIPPED | SKIPPED | +-----------------+--------------+------------------------------+---------------------------+----------------+ | Debian 12 (arm) | SKIPPED | PASS | PASS | SKIPPED | +-----------------+--------------+------------------------------+---------------------------+----------------+ | Ubuntu 22.04 | SKIPPED | SKIPPED | SKIPPED | PASS | +-----------------+--------------+------------------------------+---------------------------+----------------+ ==== 20 line log output for Ubuntu 20.04 (lpm_autotest): ==== [671/690] Compiling C object 'app/test/3062f5d@@dpdk-test@exe/test_threads.c.o'. [672/690] Compiling C object 'app/test/3062f5d@@dpdk-test@exe/test_thash_perf.c.o'. [673/690] Compiling C object 'app/test/3062f5d@@dpdk-test@exe/test_thash.c.o'. [674/690] Compiling C object 'app/test/3062f5d@@dpdk-test@exe/test_timer.c.o'. [675/690] Compiling C object 'app/test/3062f5d@@dpdk-test@exe/test_timer_perf.c.o'. [676/690] Compiling C object 'app/test/3062f5d@@dpdk-test@exe/test_timer_racecond.c.o'. [677/690] Compiling C object 'app/test/3062f5d@@dpdk-test@exe/test_timer_secondary.c.o'. [678/690] Compiling C object 'app/test/3062f5d@@dpdk-test@exe/test_ticketlock.c.o'. [679/690] Compiling C object 'app/test/3062f5d@@dpdk-test@exe/test_trace_register.c.o'. [680/690] Compiling C object 'app/test/3062f5d@@dpdk-test@exe/test_trace.c.o'. [681/690] Compiling C object 'app/test/3062f5d@@dpdk-test@exe/test_version.c.o'. [682/690] Compiling C object 'app/test/3062f5d@@dpdk-test@exe/test_ring.c.o'. [683/690] Compiling C object 'app/test/3062f5d@@dpdk-test@exe/test_telemetry_json.c.o'. [684/690] Compiling C object 'app/test/3062f5d@@dpdk-test@exe/test_telemetry_data.c.o'. [685/690] Compiling C object 'app/test/3062f5d@@dpdk-test@exe/test_pcapng.c.o'. [686/690] Compiling C object 'app/test/3062f5d@@dpdk-test@exe/test_bpf.c.o'. [687/690] Compiling C object 'app/test/3062f5d@@dpdk-test@exe/virtual_pmd.c.o'. [688/690] Compiling C object 'app/test/3062f5d@@dpdk-test@exe/test_compressdev.c.o'. [689/690] Compiling C object 'app/test/3062f5d@@dpdk-test@exe/test_trace_perf.c.o'. [690/690] Linking target app/test/dpdk-test. ==== End log output ==== Ubuntu 20.04 Kernel: 5.4 Compiler: gcc gcc (Ubuntu 9.4.0-1ubuntu1~20.04.2) 9.4.0 Debian 12 (arm) Kernel: Depends on container host Compiler: gcc (Debian 12.2.0-14) 12.2.0 Ubuntu 22.04 Kernel: 5.15 Compiler: gcc gcc (Ubuntu 11.4.0-1ubuntu1~22.04.2) 11.4.0 To view detailed results, visit: https://lab.dpdk.org/results/dashboard/tarballs/35383/ UNH-IOL DPDK Community Lab To manage your email subscriptions, visit: https://lab.dpdk.org/results/dashboard/preferences/subscriptions/