From mboxrd@z Thu Jan 1 00:00:00 1970 Return-Path: Received: from mails.dpdk.org (mails.dpdk.org [217.70.189.124]) by inbox.dpdk.org (Postfix) with ESMTP id F36F8489E6 for ; Wed, 29 Oct 2025 21:34:53 +0100 (CET) Received: from mails.dpdk.org (localhost [127.0.0.1]) by mails.dpdk.org (Postfix) with ESMTP id CB8824025E; Wed, 29 Oct 2025 21:34:53 +0100 (CET) Received: from mail-il1-f227.google.com (mail-il1-f227.google.com [209.85.166.227]) by mails.dpdk.org (Postfix) with ESMTP id 924334025E for ; Wed, 29 Oct 2025 21:34:51 +0100 (CET) Received: by mail-il1-f227.google.com with SMTP id e9e14a558f8ab-4330121a885so925055ab.3 for ; Wed, 29 Oct 2025 13:34:51 -0700 (PDT) DKIM-Signature: v=1; a=rsa-sha256; c=relaxed/relaxed; d=iol.unh.edu; s=unh-iol; t=1761770091; x=1762374891; darn=dpdk.org; h=cc:to:from:subject:message-id:date:from:to:cc:subject:date :message-id:reply-to; bh=q14jmj4gqAmvOXy2b+Fe3SCN7dixbASPceJLCRTW7Uo=; b=NdYu76NnAn7OC7N1WqHHb1tJxRJr5A7iXS7alwE+HVMbDrKTph2pHFzirR5H0Bi4mB VWnNTFohZ5nGprqFzMYVU7ar2KCbQyE+DOiEQMkwxzwvcAqLA1KUyPy+roh5cJ903cHg WBqRcdrYVLXyuSS59Qr26b8hOFKwq8vBaVzV8= X-Google-DKIM-Signature: v=1; a=rsa-sha256; c=relaxed/relaxed; d=1e100.net; s=20230601; t=1761770091; x=1762374891; h=cc:to:from:subject:message-id:date:x-gm-message-state:from:to:cc :subject:date:message-id:reply-to; bh=q14jmj4gqAmvOXy2b+Fe3SCN7dixbASPceJLCRTW7Uo=; b=Z9SVefmAiOj1wvDuB2RhObrWd92hWRy2Om4FEXZ+0cyV/3GSEublp7CgOOrV1DI6zB qPkOZaMj6Ph4otJkZR7jUnrpzSQWmTF8KKAxBdAAC1gkeKgX+lwlHDWlbhFCTlqWv00a ds6TgV5YtnYOCTz/KwjtzGdogIFTnNDqRZTYx3odrEf0ReeusQFnYgkoO3ERcK9nGmeh acWS6CZbVaxtBLnSzA7KaWaC7Wl9KWf7Pgz2bxSP4fcObYN9Ldt2EzNyQcJSu6XHsrw2 HJ+bU2GsUn2GNAaqkbvw6kqdr6LDyg/70erRxHeZ1jxvF4/8gKt4lQYAILrBa0cWM0Oc 7+lg== X-Gm-Message-State: AOJu0YwAkXlyCfa6hiASZ0JK3vWKoTqoSyWNoSor/Yb5smFvD4g+28aB A6mOMPotngcBkCuydL4RqmpYMwbwltVpuzfWc0rUzfokC0XfAYdvH3+PkjfaNEwnyIUiMOXP8jk sSLtyAm/xOJel/qmwqdlqdamYxNZ4PXzXUDxK6ZFXJYmgJ21Sl295 X-Gm-Gg: ASbGncsum9teWtmS8pv7sETAE/5jlkx4BJI52DtY+pMrKtjRt4Ekl70ILG+4IOT6p5d 4Ddmx9fhkeuo+invtK3Fa1/U1AFB/UQ9zWVKvaarafWFIY79V1YfqJ8lR8CpPUxOhRI47PhkgrU 7A643PcIbRmuUdOkRyX+MXD3colL9omVCm1cmnBrmANI3gAY9YCGu/SO9hF+q11OAQcOEb6kL2e noa7AFtoG5KQELQW8XnMOjayHcQTjKsIAdTx+zfaN/MH96aQbvyDORj5ByH1m8Lz0nqIbypmOmc 4xspgjEweSmiVuEHcBWnQg43/saIuBzGDscURgbcOb7NE+Tx9po5okSGXCnmv/M9vF6/YJ3yUZM foBLz70li X-Google-Smtp-Source: AGHT+IGX3axkZ3/czDe/vtob3u/v+cI3OshDhMjiXzHJAsR4g9b1BFEfERTYgAL34cUTiF4tDwFlU5STUbZW X-Received: by 2002:a05:6e02:3711:b0:426:e20b:f5d4 with SMTP id e9e14a558f8ab-433014ecceamr14445375ab.10.1761770090829; Wed, 29 Oct 2025 13:34:50 -0700 (PDT) Received: from postal.iol.unh.edu (postal.iol.unh.edu. [2606:4100:3880:1234::84]) by smtp-relay.gmail.com with ESMTPS id e9e14a558f8ab-432fc2547c3sm2544955ab.16.2025.10.29.13.34.50 (version=TLS1_2 cipher=ECDHE-ECDSA-AES128-GCM-SHA256 bits=128/128); Wed, 29 Oct 2025 13:34:50 -0700 (PDT) X-Relaying-Domain: iol.unh.edu Date: Wed, 29 Oct 2025 13:34:50 -0700 (PDT) Message-ID: <69027a6a.050a0220.20c47c.bea2SMTPIN_ADDED_MISSING@mx.google.com> Received: from [172.21.0.2] (unknown [172.18.0.240]) by postal.iol.unh.edu (Postfix) with ESMTP id 653C26051830; Wed, 29 Oct 2025 16:34:50 -0400 (EDT) Subject: |FAILURE| [GIT MASTER] 62f583c49bf67dd4d6733ece14e55fe6839e66d1 From: dpdklab@iol.unh.edu To: Test Report Cc: dpdk-test-reports@iol.unh.edu, Xueming Li , Christian Ehrhardt , Kevin Traynor , Luca Boccassi Content-Type: text/plain X-BeenThere: test-report@dpdk.org X-Mailman-Version: 2.1.29 Precedence: list List-Id: automatic DPDK test reports List-Unsubscribe: , List-Archive: List-Post: List-Help: List-Subscribe: , Errors-To: test-report-bounces@dpdk.org _Testing issues_ Branch: tags/v23.11 62f583c49bf67dd4d6733ece14e55fe6839e66d1 --> testing issues Upstream job id: Generic-Unit-Test-DPDK#386545 Test environment and result as below: +------------------------------+--------------+---------------------------+------------------------------+----------------+ | Environment | lpm_autotest | cryptodev_sw_zuc_autotest | cryptodev_sw_snow3g_autotest | dpdk_unit_test | +==============================+==============+===========================+==============================+================+ | Ubuntu 20.04 | PASS | SKIPPED | SKIPPED | PEND | +------------------------------+--------------+---------------------------+------------------------------+----------------+ | Debian 12 (arm) | SKIPPED | PEND | PASS | SKIPPED | +------------------------------+--------------+---------------------------+------------------------------+----------------+ | CentOS Stream 10 | SKIPPED | SKIPPED | SKIPPED | PASS | +------------------------------+--------------+---------------------------+------------------------------+----------------+ | Fedora Linux 40 | SKIPPED | SKIPPED | SKIPPED | PEND | +------------------------------+--------------+---------------------------+------------------------------+----------------+ | CentOS Stream 9 | SKIPPED | SKIPPED | SKIPPED | PASS | +------------------------------+--------------+---------------------------+------------------------------+----------------+ | Debian GNU/Linux 12 | SKIPPED | SKIPPED | SKIPPED | PASS | +------------------------------+--------------+---------------------------+------------------------------+----------------+ | Fedora Linux 41 | SKIPPED | SKIPPED | SKIPPED | PEND | +------------------------------+--------------+---------------------------+------------------------------+----------------+ | Fedora Linux 42 | SKIPPED | SKIPPED | SKIPPED | PEND | +------------------------------+--------------+---------------------------+------------------------------+----------------+ | Red Hat Enterprise Linux 9.5 | SKIPPED | SKIPPED | SKIPPED | PEND | +------------------------------+--------------+---------------------------+------------------------------+----------------+ | Ubuntu 24.04 | SKIPPED | SKIPPED | SKIPPED | PEND | +------------------------------+--------------+---------------------------+------------------------------+----------------+ | Ubuntu 22.04 | SKIPPED | SKIPPED | SKIPPED | PASS | +------------------------------+--------------+---------------------------+------------------------------+----------------+ Ubuntu 20.04 Kernel: 5.4 Compiler: gcc gcc (Ubuntu 9.4.0-1ubuntu1~20.04.2) 9.4.0 Debian 12 (arm) Kernel: Depends on container host Compiler: gcc (Debian 12.2.0-14) 12.2.0 CentOS Stream 10 Kernel: 5.4 Compiler: gcc gcc (GCC) 14.2.1 20250110 (Red Hat 14.2.1-8) Fedora Linux 40 Kernel: 5.4 Compiler: clang gcc (GCC) 14.2.1 20240912 (Red Hat 14.2.1-3) CentOS Stream 9 Kernel: 5.4 Compiler: gcc gcc (GCC) 11.5.0 20240719 (Red Hat 11.5.0-11) Debian GNU/Linux 12 Kernel: 5.4 Compiler: gcc gcc (Debian 12.2.0-14+deb12u1) 12.2.0 Fedora Linux 41 Kernel: 5.4 Compiler: gcc gcc (GCC) 14.3.1 20250523 (Red Hat 14.3.1-1) Fedora Linux 42 Kernel: 5.4 Compiler: gcc gcc (GCC) 15.2.1 20250808 (Red Hat 15.2.1-1) Red Hat Enterprise Linux 9.5 Kernel: 5.4 Compiler: gcc gcc (GCC) 11.5.0 20240719 (Red Hat 11.5.0-2) Ubuntu 24.04 Kernel: 5.4 Compiler: gcc gcc (Ubuntu 13.3.0-6ubuntu2~24.04) 13.3.0 Ubuntu 22.04 Kernel: 5.4 Compiler: gcc gcc (Ubuntu 11.4.0-1ubuntu1~22.04) 11.4.0 To view detailed results, visit: https://lab.dpdk.org/results/dashboard/tarballs/35384/ UNH-IOL DPDK Community Lab To manage your email subscriptions, visit: https://lab.dpdk.org/results/dashboard/preferences/subscriptions/