From mboxrd@z Thu Jan 1 00:00:00 1970 Return-Path: Received: from mails.dpdk.org (mails.dpdk.org [217.70.189.124]) by inbox.dpdk.org (Postfix) with ESMTP id 5CF97489FC for ; Thu, 30 Oct 2025 01:20:51 +0100 (CET) Received: from mails.dpdk.org (localhost [127.0.0.1]) by mails.dpdk.org (Postfix) with ESMTP id 55D2F4027A; Thu, 30 Oct 2025 01:20:51 +0100 (CET) Received: from mail-ua1-f98.google.com (mail-ua1-f98.google.com [209.85.222.98]) by mails.dpdk.org (Postfix) with ESMTP id AF4574027A for ; Thu, 30 Oct 2025 01:20:49 +0100 (CET) Received: by mail-ua1-f98.google.com with SMTP id a1e0cc1a2514c-932bcc0bcf3so316953241.3 for ; Wed, 29 Oct 2025 17:20:49 -0700 (PDT) DKIM-Signature: v=1; a=rsa-sha256; c=relaxed/relaxed; d=iol.unh.edu; s=unh-iol; t=1761783649; x=1762388449; darn=dpdk.org; h=cc:to:from:subject:message-id:date:from:to:cc:subject:date :message-id:reply-to; bh=9HrvVVKmIp4Sjv+9BsK+kn8NJujc6b9K7hPc1O3gBTk=; b=c85gM2yIv1GcsRfD0fyrfB8T3ROFNHW23MBgYeJshNwdAstCjftRl9/2+3ZCz++mqL rPCMFFCMIvdo6AgYa/u/SXxVZEE1A+x1m/grGRJF5V4GbUH7dUqvolYWpT0EC3Syoien 8/Mi491W0G/2+uC0URK4qDGezN6Zqfied9BHg= X-Google-DKIM-Signature: v=1; a=rsa-sha256; c=relaxed/relaxed; d=1e100.net; s=20230601; t=1761783649; x=1762388449; h=cc:to:from:subject:message-id:date:x-gm-message-state:from:to:cc :subject:date:message-id:reply-to; bh=9HrvVVKmIp4Sjv+9BsK+kn8NJujc6b9K7hPc1O3gBTk=; b=HDF7cljcFSHaNVOkzaVePS3IoDwxrGsw3dASVCG+tevSyG6TNlqGwxqslCjl0IRS2x Pio7/8aQ1bcPCctECjA/q9FLsZWKklriGvVtuHj1xIKUQWWpN1PHMZYsF1W3HLCuVPBq ipyav6yFzkrSsg28svTsfO/N5r370l+sR2AU3ALd6kANm+b+c1Ln6YsGAO5FM49xIRrX 58L5pO/2eXtlyCj3yECJEUP96PoC5b5Z2/KQCWDQ6tzo5TB91bCZPaMwkpRW6FkI2/N7 uhFFUdW6zPzQH+77ZvGQVherZYvDEHAr8XtnJzrJ/6aMdv8lBUjcbUUEOJVdDUphj/cM 9kNA== X-Gm-Message-State: AOJu0YzOUNCJ7zuRd1+CecKTd2rfdVtsmJAdH0FTQYdaJYVXlro9J6VD qC3sPoJXYr6KOaoSEI+E9yvXlfvDj7kQ76Z5kRPF2fpW6B6ii+ai+NH4+JiacUourCkEJmnfhBQ HLnKy/uuhpLbV0+kXGeS3UWR63N6ZlOkpDp9NudcroqWTofq0vs0SVr1zRoER X-Gm-Gg: ASbGnctm5FrQkj9PS1uqC/z64TC8hBtHAfUv/5o4qcCbcDsofSadtDlsR4l1/c1g+j5 5L4GKkx9gIps9oHYwk6i5EWaetXxIQF06pQj3fBcpMxzCtLZ7+RIjW3BzgTfZFEZdkAorYGaxNu 2QNXgmUfpEZooCplAGJQ3rld/FRk6hcxmz8LAyXnIETSVtIwZ2B4wz1oVgVw3g/3JsUDhtz4l63 l7Ba88vxg8hQncoP7Xpzim7bJTW1fCM0i5PaWVQ3P3tCvoZkQ4cRUUDstM2utQuB+zcnZFlQaI8 Y5bIkW6gUfCFPWQlqYhY+5n9KqxGfei07UtrZ6x+pBkw/BNZYzHjue4pRKAtFo/TVdAt0x6fSW6 S+j3/AtCC X-Google-Smtp-Source: AGHT+IHI0yFDVFMCyStY1Ie62lKvmncPpWWU0DH73kVGaIiiV0j1Yc61z0Nkh/+kwdsWT04IDb1v2L05B9bz X-Received: by 2002:a05:6102:a54:b0:52f:12b3:4505 with SMTP id ada2fe7eead31-5dba1f81c8cmr455515137.23.1761783649025; Wed, 29 Oct 2025 17:20:49 -0700 (PDT) Received: from postal.iol.unh.edu (postal.iol.unh.edu. [2606:4100:3880:1234::84]) by smtp-relay.gmail.com with ESMTPS id ada2fe7eead31-5db4e552b30sm1678841137.0.2025.10.29.17.20.48 (version=TLS1_2 cipher=ECDHE-ECDSA-AES128-GCM-SHA256 bits=128/128); Wed, 29 Oct 2025 17:20:49 -0700 (PDT) X-Relaying-Domain: iol.unh.edu Date: Wed, 29 Oct 2025 17:20:49 -0700 (PDT) Message-ID: <6902af61.050a0220.31d5e3.040cSMTPIN_ADDED_MISSING@mx.google.com> Received: from [172.21.0.2] (unknown [172.18.0.240]) by postal.iol.unh.edu (Postfix) with ESMTP id B2D056051830; Wed, 29 Oct 2025 20:20:48 -0400 (EDT) Subject: |FAILURE| [GIT MASTER] 39b54f2dcf44ad1f91eabc7080cd5dea763607fd From: dpdklab@iol.unh.edu To: Test Report Cc: dpdk-test-reports@iol.unh.edu Content-Type: text/plain X-BeenThere: test-report@dpdk.org X-Mailman-Version: 2.1.29 Precedence: list List-Id: automatic DPDK test reports List-Unsubscribe: , List-Archive: List-Post: List-Help: List-Subscribe: , Errors-To: test-report-bounces@dpdk.org _Testing issues_ Branch: dpdk 39b54f2dcf44ad1f91eabc7080cd5dea763607fd --> testing issues Upstream job id: Generic-DPDK-Compile-Meson#439170 Test environment and result as below: +-------------------------------+--------------------+-------------------+------------------+-------------------------+-------------------+----------------------+ | Environment | dpdk_meson_compile | dpdk_compile_spdk | dpdk_compile_ovs | dpdk_llvm_clang_compile | dpdk_msvc_compile | dpdk_mingw64_compile | +===============================+====================+===================+==================+=========================+===================+======================+ | CentOS Stream 9 | PEND | PEND | SKIPPED | SKIPPED | SKIPPED | SKIPPED | +-------------------------------+--------------------+-------------------+------------------+-------------------------+-------------------+----------------------+ | CentOS Stream 10 | PASS | SKIPPED | SKIPPED | SKIPPED | SKIPPED | SKIPPED | +-------------------------------+--------------------+-------------------+------------------+-------------------------+-------------------+----------------------+ | Debian GNU/Linux 12 | PEND | PEND | SKIPPED | SKIPPED | SKIPPED | SKIPPED | +-------------------------------+--------------------+-------------------+------------------+-------------------------+-------------------+----------------------+ | Fedora Linux 42 | PEND | PEND | PEND | SKIPPED | SKIPPED | SKIPPED | +-------------------------------+--------------------+-------------------+------------------+-------------------------+-------------------+----------------------+ | Ubuntu 20.04 | PASS | SKIPPED | SKIPPED | SKIPPED | SKIPPED | SKIPPED | +-------------------------------+--------------------+-------------------+------------------+-------------------------+-------------------+----------------------+ | openSUSE Leap 15.6 | PASS | SKIPPED | SKIPPED | SKIPPED | SKIPPED | SKIPPED | +-------------------------------+--------------------+-------------------+------------------+-------------------------+-------------------+----------------------+ | Red Hat Enterprise Linux 8.10 | PASS | SKIPPED | SKIPPED | SKIPPED | SKIPPED | SKIPPED | +-------------------------------+--------------------+-------------------+------------------+-------------------------+-------------------+----------------------+ | Ubuntu 24.04 | PEND | PEND | PEND | SKIPPED | SKIPPED | SKIPPED | +-------------------------------+--------------------+-------------------+------------------+-------------------------+-------------------+----------------------+ | Ubuntu 22.04 | PASS | WARN | SKIPPED | SKIPPED | SKIPPED | SKIPPED | +-------------------------------+--------------------+-------------------+------------------+-------------------------+-------------------+----------------------+ | Red Hat Enterprise Linux 9.5 | PASS | SKIPPED | SKIPPED | SKIPPED | SKIPPED | SKIPPED | +-------------------------------+--------------------+-------------------+------------------+-------------------------+-------------------+----------------------+ | Alpine Linux 3.22.0 | PASS | SKIPPED | SKIPPED | SKIPPED | SKIPPED | SKIPPED | +-------------------------------+--------------------+-------------------+------------------+-------------------------+-------------------+----------------------+ | Arch Linux 20250613.0.365270 | PEND | SKIPPED | SKIPPED | SKIPPED | SKIPPED | SKIPPED | +-------------------------------+--------------------+-------------------+------------------+-------------------------+-------------------+----------------------+ | FreeBSD 14.2 | PASS | SKIPPED | SKIPPED | SKIPPED | SKIPPED | SKIPPED | +-------------------------------+--------------------+-------------------+------------------+-------------------------+-------------------+----------------------+ | Windows Server 2022 | SKIPPED | SKIPPED | SKIPPED | PASS | PEND | PEND | +-------------------------------+--------------------+-------------------+------------------+-------------------------+-------------------+----------------------+ ==== 20 line log output for Ubuntu 22.04 (dpdk_compile_spdk): ==== --- Failed to get log output --- ==== End log output ==== CentOS Stream 9 Kernel: 5.15 Compiler: gcc gcc (GCC) 11.5.0 20240719 (Red Hat 11.5.0-11) CentOS Stream 10 Kernel: 5.15 Compiler: gcc gcc (GCC) 14.2.1 20250110 (Red Hat 14.2.1-8) Debian GNU/Linux 12 Kernel: 5.15 Compiler: gcc gcc (Debian 12.2.0-14+deb12u1) 12.2.0 Fedora Linux 42 Kernel: 5.15 Compiler: clang gcc (GCC) 15.2.1 20250808 (Red Hat 15.2.1-1) Ubuntu 20.04 Kernel: 4.19 Compiler: gcc gcc (Ubuntu 9.4.0-1ubuntu1~20.04.2) 9.4.0 openSUSE Leap 15.6 Kernel: 5.15 Compiler: gcc gcc (SUSE Linux) 7.5.0 Red Hat Enterprise Linux 8.10 Kernel: 5.15 Compiler: gcc gcc (GCC) 8.5.0 20210514 (Red Hat 8.5.0-22) Ubuntu 24.04 Kernel: 5.15 Compiler: gcc gcc (Ubuntu 13.3.0-6ubuntu2~24.04) 13.3.0 Ubuntu 22.04 Kernel: 5.15 Compiler: gcc gcc (Ubuntu 11.4.0-1ubuntu1~22.04) 11.4.0 Red Hat Enterprise Linux 9.5 Kernel: 5.15 Compiler: gcc gcc (GCC) 11.5.0 20240719 (Red Hat 11.5.0-2) Alpine Linux 3.22.0 Kernel: 5.15 Compiler: gcc gcc (Alpine 14.2.0) 14.2.0 Arch Linux 20250613.0.365270 Kernel: 5.15 Compiler: gcc gcc (GCC) 15.1.1 20250425 FreeBSD 14.2 Kernel: 14.2-RELEASE Compiler: clang 18.1.6 Windows Server 2022 Kernel: 10.0.20348.2031 Compiler: clang 15.0.7, gcc 14.1.0 (MinGW), and MSVC VS 19.39.33521 To view detailed results, visit: https://lab.dpdk.org/results/dashboard/tarballs/35394/ UNH-IOL DPDK Community Lab To manage your email subscriptions, visit: https://lab.dpdk.org/results/dashboard/preferences/subscriptions/