From mboxrd@z Thu Jan 1 00:00:00 1970 Return-Path: Received: from mails.dpdk.org (mails.dpdk.org [217.70.189.124]) by inbox.dpdk.org (Postfix) with ESMTP id 69E3D489FC for ; Thu, 30 Oct 2025 01:20:58 +0100 (CET) Received: from mails.dpdk.org (localhost [127.0.0.1]) by mails.dpdk.org (Postfix) with ESMTP id 63B344027A; Thu, 30 Oct 2025 01:20:58 +0100 (CET) Received: from mail-qt1-f227.google.com (mail-qt1-f227.google.com [209.85.160.227]) by mails.dpdk.org (Postfix) with ESMTP id BB22D4027A for ; Thu, 30 Oct 2025 01:20:55 +0100 (CET) Received: by mail-qt1-f227.google.com with SMTP id d75a77b69052e-4ed0c162789so4840341cf.3 for ; Wed, 29 Oct 2025 17:20:55 -0700 (PDT) DKIM-Signature: v=1; a=rsa-sha256; c=relaxed/relaxed; d=iol.unh.edu; s=unh-iol; t=1761783655; x=1762388455; darn=dpdk.org; h=cc:to:from:subject:message-id:date:from:to:cc:subject:date :message-id:reply-to; bh=BQIiFEI+JFJCb+kKFUPye7QHWBOTa1vAyW90bWcO9uw=; b=RKqTj3KsxdU4KBeH/azYV8cHpH5kU/IjkkYMBvSsTZ2iW5PvG9wszcgdl4hGk+wfdG sdlnfJDsLBnw4sRVI9n9F0VFGqmlxsCmCwGNyZwlhv65ZkTBjgEvAAH/oMjHWxmXd1LS M0V7ftrO1WbDH4y/loVdg1aCpxVfltQMnoLog= X-Google-DKIM-Signature: v=1; a=rsa-sha256; c=relaxed/relaxed; d=1e100.net; s=20230601; t=1761783655; x=1762388455; h=cc:to:from:subject:message-id:date:x-gm-message-state:from:to:cc :subject:date:message-id:reply-to; bh=BQIiFEI+JFJCb+kKFUPye7QHWBOTa1vAyW90bWcO9uw=; b=rlpaw8pm+cIz8/DlMJbYAFk3ddrwslqRmD9wJFMTyrKjZtKK7J+CvF6R3EgyQ6K4Wr XMSzmZvKz9VsIq0ar2eyLrd1jO2FDGiw8GuBgLurGGJEJMDIJE37abKq9QpLWLo16o7V Df9vrC8ExCrMdFNU0XFptVZQIIB4apGtRi+z/XMDP4mGatpTmVqc7xzflQlysbLaNV1J zGMn9MsUbOAlNCoVLXU2794BAIfU3b9Vd7y+9cbovLCoAgblltI8C4TpkpTBqssF2UpE yyla3eeJ4mD+11NlLV4hATjTjC3W6Eu4pS8phcT9CMZrRv45eK0msQlAhCEX5qT62typ 3Taw== X-Gm-Message-State: AOJu0Yz1ZqbhmbgFi61c4bHgyUJ/IHt946XDc1all9vjXONmxFlLoESS Wi2Rq2je5D0CqhHeDvkddh6kSrCm3EZyIdr9HTkN2pnSBwNY5Q1Nhlba75vciV3C76LKEME//ou cawUwUe4Zl+bkuXNcQLKjnGVUXjB+ApALH5Q/fyK4I1RY X-Gm-Gg: ASbGnctbkOB+S7+A4UD1bL6IUUmo7ct2NTnx3ULQrxldR9JYao/Mt3HMkxR5cEkF9PV 1QgjiIhlhR+HQj5/sfhml0unLGTN/NjhTxs2Q6HqoWV8BmpDkAoLM9JbU4EdGbgP2DE5FFm4fEl +UVmN/OwVGGNX7pCY27FT3dq6CD4MssOImfSUWb88TRR1wp2ldz8qvfXy4XpjIXQSQGDZ0PEmFd dA7ZV0b5pyLhnWMkNx0GC95e9d1uYWjk7iOx65J/mk8QMEFYZdcuyOeDBXoUhJZNcsu4Av9drvH Nid3py7yMQFfGpZ7WSYwaGgQXG4W0LDpj53H1yHgVqqzuzh+dpKo5W3z5dwly+EgNX4q8joTE/X HflkqmpnXiI7PVAUal0seDPLpFjdP+2o= X-Google-Smtp-Source: AGHT+IHECuxZ+M4vo7pGHy88Rz10XpclKX/pX2ZCRhyMlRD3NEUaXGrSe2FZfL+QRGLiosfNvP9f7QNuGXay X-Received: by 2002:ac8:5a42:0:b0:4e8:a967:953e with SMTP id d75a77b69052e-4ed2238c196mr18492121cf.24.1761783655027; Wed, 29 Oct 2025 17:20:55 -0700 (PDT) Received: from postal.iol.unh.edu (postal.iol.unh.edu. [132.177.123.84]) by smtp-relay.gmail.com with ESMTPS id d75a77b69052e-4eba38258fasm3556201cf.6.2025.10.29.17.20.54 (version=TLS1_2 cipher=ECDHE-ECDSA-AES128-GCM-SHA256 bits=128/128); Wed, 29 Oct 2025 17:20:55 -0700 (PDT) X-Relaying-Domain: iol.unh.edu Date: Wed, 29 Oct 2025 17:20:55 -0700 (PDT) Message-ID: <6902af67.050a0220.14473b.0d9cSMTPIN_ADDED_MISSING@mx.google.com> Received: from [172.21.0.3] (unknown [172.18.0.240]) by postal.iol.unh.edu (Postfix) with ESMTP id 987E76051830; Wed, 29 Oct 2025 20:20:54 -0400 (EDT) Subject: |FAILURE| [GIT MASTER] 39b54f2dcf44ad1f91eabc7080cd5dea763607fd From: dpdklab@iol.unh.edu To: Test Report Cc: dpdk-test-reports@iol.unh.edu Content-Type: text/plain X-BeenThere: test-report@dpdk.org X-Mailman-Version: 2.1.29 Precedence: list List-Id: automatic DPDK test reports List-Unsubscribe: , List-Archive: List-Post: List-Help: List-Subscribe: , Errors-To: test-report-bounces@dpdk.org _Testing issues_ Branch: dpdk 39b54f2dcf44ad1f91eabc7080cd5dea763607fd --> testing issues Upstream job id: Generic-DPDK-Compile-Meson#439172 Test environment and result as below: +-------------------------------+--------------------+-------------------+------------------+-------------------------+-------------------+----------------------+ | Environment | dpdk_meson_compile | dpdk_compile_spdk | dpdk_compile_ovs | dpdk_llvm_clang_compile | dpdk_msvc_compile | dpdk_mingw64_compile | +===============================+====================+===================+==================+=========================+===================+======================+ | CentOS Stream 9 | PEND | PEND | SKIPPED | SKIPPED | SKIPPED | SKIPPED | +-------------------------------+--------------------+-------------------+------------------+-------------------------+-------------------+----------------------+ | CentOS Stream 10 | PASS | SKIPPED | SKIPPED | SKIPPED | SKIPPED | SKIPPED | +-------------------------------+--------------------+-------------------+------------------+-------------------------+-------------------+----------------------+ | Debian GNU/Linux 12 | PEND | PEND | SKIPPED | SKIPPED | SKIPPED | SKIPPED | +-------------------------------+--------------------+-------------------+------------------+-------------------------+-------------------+----------------------+ | Fedora Linux 42 | PEND | PEND | PEND | SKIPPED | SKIPPED | SKIPPED | +-------------------------------+--------------------+-------------------+------------------+-------------------------+-------------------+----------------------+ | Ubuntu 20.04 | PASS | SKIPPED | SKIPPED | SKIPPED | SKIPPED | SKIPPED | +-------------------------------+--------------------+-------------------+------------------+-------------------------+-------------------+----------------------+ | openSUSE Leap 15.6 | PASS | SKIPPED | SKIPPED | SKIPPED | SKIPPED | SKIPPED | +-------------------------------+--------------------+-------------------+------------------+-------------------------+-------------------+----------------------+ | Red Hat Enterprise Linux 8.10 | PASS | SKIPPED | SKIPPED | SKIPPED | SKIPPED | SKIPPED | +-------------------------------+--------------------+-------------------+------------------+-------------------------+-------------------+----------------------+ | Ubuntu 24.04 | PEND | PEND | PEND | SKIPPED | SKIPPED | SKIPPED | +-------------------------------+--------------------+-------------------+------------------+-------------------------+-------------------+----------------------+ | Ubuntu 22.04 | PASS | WARN | SKIPPED | SKIPPED | SKIPPED | SKIPPED | +-------------------------------+--------------------+-------------------+------------------+-------------------------+-------------------+----------------------+ | Red Hat Enterprise Linux 9.5 | PASS | SKIPPED | SKIPPED | SKIPPED | SKIPPED | SKIPPED | +-------------------------------+--------------------+-------------------+------------------+-------------------------+-------------------+----------------------+ | Alpine Linux 3.22.0 | PASS | SKIPPED | SKIPPED | SKIPPED | SKIPPED | SKIPPED | +-------------------------------+--------------------+-------------------+------------------+-------------------------+-------------------+----------------------+ | Arch Linux 20250613.0.365270 | PEND | SKIPPED | SKIPPED | SKIPPED | SKIPPED | SKIPPED | +-------------------------------+--------------------+-------------------+------------------+-------------------------+-------------------+----------------------+ | FreeBSD 14.2 | PASS | SKIPPED | SKIPPED | SKIPPED | SKIPPED | SKIPPED | +-------------------------------+--------------------+-------------------+------------------+-------------------------+-------------------+----------------------+ | Windows Server 2022 | SKIPPED | SKIPPED | SKIPPED | PASS | PEND | PEND | +-------------------------------+--------------------+-------------------+------------------+-------------------------+-------------------+----------------------+ ==== 20 line log output for Ubuntu 22.04 (dpdk_compile_spdk): ==== --- Failed to get log output --- ==== End log output ==== CentOS Stream 9 Kernel: 5.15 Compiler: gcc gcc (GCC) 11.5.0 20240719 (Red Hat 11.5.0-11) CentOS Stream 10 Kernel: 5.15 Compiler: gcc gcc (GCC) 14.2.1 20250110 (Red Hat 14.2.1-8) Debian GNU/Linux 12 Kernel: 5.15 Compiler: gcc gcc (Debian 12.2.0-14+deb12u1) 12.2.0 Fedora Linux 42 Kernel: 5.15 Compiler: clang gcc (GCC) 15.2.1 20250808 (Red Hat 15.2.1-1) Ubuntu 20.04 Kernel: 4.19 Compiler: gcc gcc (Ubuntu 9.4.0-1ubuntu1~20.04.2) 9.4.0 openSUSE Leap 15.6 Kernel: 5.15 Compiler: gcc gcc (SUSE Linux) 7.5.0 Red Hat Enterprise Linux 8.10 Kernel: 5.15 Compiler: gcc gcc (GCC) 8.5.0 20210514 (Red Hat 8.5.0-22) Ubuntu 24.04 Kernel: 5.15 Compiler: gcc gcc (Ubuntu 13.3.0-6ubuntu2~24.04) 13.3.0 Ubuntu 22.04 Kernel: 5.15 Compiler: gcc gcc (Ubuntu 11.4.0-1ubuntu1~22.04) 11.4.0 Red Hat Enterprise Linux 9.5 Kernel: 5.15 Compiler: gcc gcc (GCC) 11.5.0 20240719 (Red Hat 11.5.0-2) Alpine Linux 3.22.0 Kernel: 5.15 Compiler: gcc gcc (Alpine 14.2.0) 14.2.0 Arch Linux 20250613.0.365270 Kernel: 5.15 Compiler: gcc gcc (GCC) 15.1.1 20250425 FreeBSD 14.2 Kernel: 14.2-RELEASE Compiler: clang 18.1.6 Windows Server 2022 Kernel: 10.0.20348.2031 Compiler: clang 15.0.7, gcc 14.1.0 (MinGW), and MSVC VS 19.39.33521 To view detailed results, visit: https://lab.dpdk.org/results/dashboard/tarballs/35394/ UNH-IOL DPDK Community Lab To manage your email subscriptions, visit: https://lab.dpdk.org/results/dashboard/preferences/subscriptions/