From mboxrd@z Thu Jan 1 00:00:00 1970 Return-Path: Received: from mails.dpdk.org (mails.dpdk.org [217.70.189.124]) by inbox.dpdk.org (Postfix) with ESMTP id 75CDA489FC for ; Thu, 30 Oct 2025 01:21:04 +0100 (CET) Received: from mails.dpdk.org (localhost [127.0.0.1]) by mails.dpdk.org (Postfix) with ESMTP id 6FA3F4027A; Thu, 30 Oct 2025 01:21:04 +0100 (CET) Received: from mail-yx1-f97.google.com (mail-yx1-f97.google.com [74.125.224.97]) by mails.dpdk.org (Postfix) with ESMTP id CED664027A for ; Thu, 30 Oct 2025 01:21:02 +0100 (CET) Received: by mail-yx1-f97.google.com with SMTP id 956f58d0204a3-63e336b1ac4so906948d50.1 for ; Wed, 29 Oct 2025 17:21:02 -0700 (PDT) DKIM-Signature: v=1; a=rsa-sha256; c=relaxed/relaxed; d=iol.unh.edu; s=unh-iol; t=1761783662; x=1762388462; darn=dpdk.org; h=cc:to:from:subject:message-id:date:from:to:cc:subject:date :message-id:reply-to; bh=nzwtqOGWPY0QRJWHmLPcClhnAoSvacgaSp4ycHHb3jM=; b=P1aKwJGLWCopgT/pvaMxxzmQS8+HCCmU4qtMB/417VaKvcQN4utI1srWbWCtZXvTqn Mp/qPbQgH69ZCi/T82W2BTB3LWebOWwQwc4f9PgnxQpu/iTbbLlKwHW2A2DObr602bnk zY3rZdpFGUjwtU+wCSV41DJG+zkUAnmSwxPmQ= X-Google-DKIM-Signature: v=1; a=rsa-sha256; c=relaxed/relaxed; d=1e100.net; s=20230601; t=1761783662; x=1762388462; h=cc:to:from:subject:message-id:date:x-gm-message-state:from:to:cc :subject:date:message-id:reply-to; bh=nzwtqOGWPY0QRJWHmLPcClhnAoSvacgaSp4ycHHb3jM=; b=j18ycI3g+jNnSP3dKYWPAZXeBEp6NXaMCgWkIwTvRj2cClpRPHXYG0A08QiTnHjwpm HVTSrBt2M6P3ACFGGBnDl/SDlFlPteIR8TKtL5Y6IX4lI11KPebNA0KomP50ND6KcL9p WaQ4ZRlNN6B9na+DP9UoH2GNsuHrirTOiOs7c9Nt3+2FqtQpoW6wWeUjyx93g/MOfdhN vihqsjgZvqmPF2F9IPNMCh7qWvZsrDdpU1XDXEv6JFp+ZGzsa3ZodZPuONTdKZcf0F7K aT3iSQqtEa+yhd1VpNsqJ89jyQhhMdPv3kfppgRW8K7P7FcF2cSTl3D9FBdBms4FwLFB InIA== X-Gm-Message-State: AOJu0YwNFAmnmxdUQgSNyintnNyIsO93n5rwmGqzOPg0wPmoWNCOatNg CJM5rhWYwD6tXbnOOuDcdi+i5g3tapZMVPO9azocH77F9xOQe7Z+BUzVfCnPPGjAh/dfoAT9ftE 3VChQDpgwjT4llAdpC+yfdYzYvCnoB1d3L7aqN/CYuCs7ig8p1WKXw2d99g+c X-Gm-Gg: ASbGncusuaYuT6VE5PcbItjzu5dv1SOpTIsohKOz3R0rFDqglZ99xSoUqw2ZCo0UdM8 7dguw0CF4i8bkcUoHBSmo/45eNPzyuVCGDOznJmgz4W3JKDnHRquJd4QSjLF5vn5/8AMQJkShGO +IzFKU8+WdEu535YPZst8GQoFI++Y2s8sEr2+3nEDz1wi5GFM5b1jzBzKK3l6leNwwDllp8HafP fvTcoi4ijo0K3RlbHWk+ueeHkzzDWIOJ1Bsp+LTD2joLa4f9E8ZkaInZLqacINnLlAjWYqo/JCR QH5KLVVHN3vh02f4zAsiia59J1rvFTIKOyfnmddb6BOxwRQ4XO54qauvnjYy70fsO9OvnlvTs4Y 5G0Rj7IGs X-Google-Smtp-Source: AGHT+IHvJmLiMgJDjhlkOG6N3llsF9hXpyrn/eblXogdS51citEgo9XX1bjl3jHaBfAaG4A+1D4jiyO7ms59 X-Received: by 2002:a05:690e:4298:20b0:63e:1563:4801 with SMTP id 956f58d0204a3-63f8298b32emr1090759d50.22.1761783662179; Wed, 29 Oct 2025 17:21:02 -0700 (PDT) Received: from postal.iol.unh.edu (postal.iol.unh.edu. [2606:4100:3880:1234::84]) by smtp-relay.gmail.com with ESMTPS id 00721157ae682-786314f86bcsm1810117b3.4.2025.10.29.17.21.02 (version=TLS1_2 cipher=ECDHE-ECDSA-AES128-GCM-SHA256 bits=128/128); Wed, 29 Oct 2025 17:21:02 -0700 (PDT) X-Relaying-Domain: iol.unh.edu Date: Wed, 29 Oct 2025 17:21:02 -0700 (PDT) Message-ID: <6902af6e.050a0220.1f8fe5.86bfSMTPIN_ADDED_MISSING@mx.google.com> Received: from [172.21.0.3] (unknown [172.18.0.240]) by postal.iol.unh.edu (Postfix) with ESMTP id ADCEA6051830; Wed, 29 Oct 2025 20:21:01 -0400 (EDT) Subject: |FAILURE| [GIT MASTER] 39b54f2dcf44ad1f91eabc7080cd5dea763607fd From: dpdklab@iol.unh.edu To: Test Report Cc: dpdk-test-reports@iol.unh.edu Content-Type: text/plain X-BeenThere: test-report@dpdk.org X-Mailman-Version: 2.1.29 Precedence: list List-Id: automatic DPDK test reports List-Unsubscribe: , List-Archive: List-Post: List-Help: List-Subscribe: , Errors-To: test-report-bounces@dpdk.org _Testing issues_ Branch: dpdk 39b54f2dcf44ad1f91eabc7080cd5dea763607fd --> testing issues Upstream job id: Generic-DPDK-Compile-Meson#439168 Test environment and result as below: +-------------------------------+--------------------+-------------------+------------------+-------------------------+-------------------+----------------------+ | Environment | dpdk_meson_compile | dpdk_compile_spdk | dpdk_compile_ovs | dpdk_llvm_clang_compile | dpdk_msvc_compile | dpdk_mingw64_compile | +===============================+====================+===================+==================+=========================+===================+======================+ | CentOS Stream 9 | PEND | PEND | SKIPPED | SKIPPED | SKIPPED | SKIPPED | +-------------------------------+--------------------+-------------------+------------------+-------------------------+-------------------+----------------------+ | CentOS Stream 10 | PASS | SKIPPED | SKIPPED | SKIPPED | SKIPPED | SKIPPED | +-------------------------------+--------------------+-------------------+------------------+-------------------------+-------------------+----------------------+ | Debian GNU/Linux 12 | PEND | PEND | SKIPPED | SKIPPED | SKIPPED | SKIPPED | +-------------------------------+--------------------+-------------------+------------------+-------------------------+-------------------+----------------------+ | Fedora Linux 42 | PEND | PEND | PEND | SKIPPED | SKIPPED | SKIPPED | +-------------------------------+--------------------+-------------------+------------------+-------------------------+-------------------+----------------------+ | Ubuntu 20.04 | PASS | SKIPPED | SKIPPED | SKIPPED | SKIPPED | SKIPPED | +-------------------------------+--------------------+-------------------+------------------+-------------------------+-------------------+----------------------+ | openSUSE Leap 15.6 | PASS | SKIPPED | SKIPPED | SKIPPED | SKIPPED | SKIPPED | +-------------------------------+--------------------+-------------------+------------------+-------------------------+-------------------+----------------------+ | Red Hat Enterprise Linux 8.10 | PASS | SKIPPED | SKIPPED | SKIPPED | SKIPPED | SKIPPED | +-------------------------------+--------------------+-------------------+------------------+-------------------------+-------------------+----------------------+ | Ubuntu 24.04 | PEND | PEND | PEND | SKIPPED | SKIPPED | SKIPPED | +-------------------------------+--------------------+-------------------+------------------+-------------------------+-------------------+----------------------+ | Ubuntu 22.04 | PASS | WARN | SKIPPED | SKIPPED | SKIPPED | SKIPPED | +-------------------------------+--------------------+-------------------+------------------+-------------------------+-------------------+----------------------+ | Red Hat Enterprise Linux 9.5 | PASS | SKIPPED | SKIPPED | SKIPPED | SKIPPED | SKIPPED | +-------------------------------+--------------------+-------------------+------------------+-------------------------+-------------------+----------------------+ | Alpine Linux 3.22.0 | PASS | SKIPPED | SKIPPED | SKIPPED | SKIPPED | SKIPPED | +-------------------------------+--------------------+-------------------+------------------+-------------------------+-------------------+----------------------+ | Arch Linux 20250613.0.365270 | PEND | SKIPPED | SKIPPED | SKIPPED | SKIPPED | SKIPPED | +-------------------------------+--------------------+-------------------+------------------+-------------------------+-------------------+----------------------+ | FreeBSD 14.2 | PASS | SKIPPED | SKIPPED | SKIPPED | SKIPPED | SKIPPED | +-------------------------------+--------------------+-------------------+------------------+-------------------------+-------------------+----------------------+ | Windows Server 2022 | SKIPPED | SKIPPED | SKIPPED | PASS | PEND | PEND | +-------------------------------+--------------------+-------------------+------------------+-------------------------+-------------------+----------------------+ ==== 20 line log output for Ubuntu 22.04 (dpdk_compile_spdk): ==== --- Failed to get log output --- ==== End log output ==== CentOS Stream 9 Kernel: 5.15 Compiler: gcc gcc (GCC) 11.5.0 20240719 (Red Hat 11.5.0-11) CentOS Stream 10 Kernel: 5.15 Compiler: gcc gcc (GCC) 14.2.1 20250110 (Red Hat 14.2.1-8) Debian GNU/Linux 12 Kernel: 5.15 Compiler: gcc gcc (Debian 12.2.0-14+deb12u1) 12.2.0 Fedora Linux 42 Kernel: 5.15 Compiler: clang gcc (GCC) 15.2.1 20250808 (Red Hat 15.2.1-1) Ubuntu 20.04 Kernel: 4.19 Compiler: gcc gcc (Ubuntu 9.4.0-1ubuntu1~20.04.2) 9.4.0 openSUSE Leap 15.6 Kernel: 5.15 Compiler: gcc gcc (SUSE Linux) 7.5.0 Red Hat Enterprise Linux 8.10 Kernel: 5.15 Compiler: gcc gcc (GCC) 8.5.0 20210514 (Red Hat 8.5.0-22) Ubuntu 24.04 Kernel: 5.15 Compiler: gcc gcc (Ubuntu 13.3.0-6ubuntu2~24.04) 13.3.0 Ubuntu 22.04 Kernel: 5.15 Compiler: gcc gcc (Ubuntu 11.4.0-1ubuntu1~22.04) 11.4.0 Red Hat Enterprise Linux 9.5 Kernel: 5.15 Compiler: gcc gcc (GCC) 11.5.0 20240719 (Red Hat 11.5.0-2) Alpine Linux 3.22.0 Kernel: 5.15 Compiler: gcc gcc (Alpine 14.2.0) 14.2.0 Arch Linux 20250613.0.365270 Kernel: 5.15 Compiler: gcc gcc (GCC) 15.1.1 20250425 FreeBSD 14.2 Kernel: 14.2-RELEASE Compiler: clang 18.1.6 Windows Server 2022 Kernel: 10.0.20348.2031 Compiler: clang 15.0.7, gcc 14.1.0 (MinGW), and MSVC VS 19.39.33521 To view detailed results, visit: https://lab.dpdk.org/results/dashboard/tarballs/35394/ UNH-IOL DPDK Community Lab To manage your email subscriptions, visit: https://lab.dpdk.org/results/dashboard/preferences/subscriptions/