From mboxrd@z Thu Jan 1 00:00:00 1970 Return-Path: Received: from mails.dpdk.org (mails.dpdk.org [217.70.189.124]) by inbox.dpdk.org (Postfix) with ESMTP id 33FA248A08 for ; Thu, 30 Oct 2025 02:12:52 +0100 (CET) Received: from mails.dpdk.org (localhost [127.0.0.1]) by mails.dpdk.org (Postfix) with ESMTP id 2F5E04027A; Thu, 30 Oct 2025 02:12:52 +0100 (CET) Received: from mail-qt1-f227.google.com (mail-qt1-f227.google.com [209.85.160.227]) by mails.dpdk.org (Postfix) with ESMTP id A2DDD4027A for ; Thu, 30 Oct 2025 02:12:51 +0100 (CET) Received: by mail-qt1-f227.google.com with SMTP id d75a77b69052e-4ed02d102e2so4987241cf.1 for ; Wed, 29 Oct 2025 18:12:51 -0700 (PDT) DKIM-Signature: v=1; a=rsa-sha256; c=relaxed/relaxed; d=iol.unh.edu; s=unh-iol; t=1761786771; x=1762391571; darn=dpdk.org; h=references:in-reply-to:cc:to:from:subject:message-id:date:from:to :cc:subject:date:message-id:reply-to; bh=dyTufLoa6THCCI7yU+hNaGFKlj44dE6vjcEaY5JITls=; b=GaHK+AlFH8fe4EIAyZ+b3jQaNWItAr3wvEhHbbzRbV2PHA4se7nwkZsZHFQ3Te5M5c 1XkQNnJ8/DAf9AVmvhrvB5PRtlC046l4sTUNAaRVNvALVpgaCSSt4RNp1ULvH9/h2f8b WhhdJsi9NeZ0B3PoaU8QU+Mbi97h5Mfc6cGBs= X-Google-DKIM-Signature: v=1; a=rsa-sha256; c=relaxed/relaxed; d=1e100.net; s=20230601; t=1761786771; x=1762391571; h=references:in-reply-to:cc:to:from:subject:message-id:date :x-gm-message-state:from:to:cc:subject:date:message-id:reply-to; bh=dyTufLoa6THCCI7yU+hNaGFKlj44dE6vjcEaY5JITls=; b=p7IvdQXFHd7Yo/VbO3ME7RB/4apANl4iEGUjBjS+E2VlHJtlUg0utAvxLpOt5q8B2y N2eNYN7vLIZUfVKVXEARJ1qM20HwJrIcw9lGQEc3N1UQTs+birK02PIL/mKZ4u/q63++ +DXBgKGzrmkZkpmTAvN7Nwq7WhcU79SNmNLXZHWdUiA9Hzh7OQu2Ojhid1uwLrUwF2OU MdAHA/CIO3cOYrxbwpQmBLYW7JCZJCerfILuxFMAwfQRFwOhCgphkufDdtaeAxzOtDJP hnoCrQyC0KU5mMGmAeWnYIPTEYlY8fWQileSxBdltBr9v77Sm7l2ocxv4upluFqegnBq 8nFw== X-Gm-Message-State: AOJu0Yw+kcdNEz0so/lEsPpd6bx2KLkeOj9TcJDhYIFh/RUQlNHJt/aw ABWPdVqwC5Yskz/CnyneS1XwQ1rqFpUh4x+vgJFYb6U5nzjLxOBg9YuJZ+jUvShLw9ffL3+6r+f d1+VFPlLBuORv82JKDn7yvgK/QvVqL5XvXOSETEBwQJh2 X-Gm-Gg: ASbGncuei2LO3+N61PN12frl4jcnDE3tUqwDnAy9RwcTAXUNZAHeZhnsOdXN+qhtqYy TW1hmsphPpjR6LNh1ky108/HvudRKqlIROLVnpuf6ndq3kn+OU8qhMvPfoP3Zod4cYI0MFLbxZ/ qrD0D+Jjc1Gno+ujuIECnguaVPFGiGUz243N6bhoAgv0k5DL8LC/QPJ3cD9VaddotTemJC8sk8S tbD6OKgKC7muo4KidL1YIRz06FlQ/NI7bw/uJLTTw65wl7YqUZKtIfnnAESEpUKm6o5/S8dBwLo wD7kUUydjKz00qnXKD6tvmzlZRqKO1kDZySvZz4bQ1DmzU+AZaf4y/pBIV/M4PUxA10iRQcdz2m Mrp1GqMLavlwPRAAnnp0oAiYomXlIOFI= X-Google-Smtp-Source: AGHT+IEjPJFYHb+JdlKKIJUtplaZvJZwo7TP1Bm0wnBa4Eu3yc69BMp6JbkxcUfLWYBtWViye8Ix2MEXBsXp X-Received: by 2002:a05:622a:99a:b0:4eb:a622:d95b with SMTP id d75a77b69052e-4ed15c02805mr68473541cf.51.1761786770921; Wed, 29 Oct 2025 18:12:50 -0700 (PDT) Received: from postal.iol.unh.edu (postal.iol.unh.edu. [132.177.123.84]) by smtp-relay.gmail.com with ESMTPS id af79cd13be357-89f234658e5sm143058885a.1.2025.10.29.18.12.50 (version=TLS1_2 cipher=ECDHE-ECDSA-AES128-GCM-SHA256 bits=128/128); Wed, 29 Oct 2025 18:12:50 -0700 (PDT) X-Relaying-Domain: iol.unh.edu Date: Wed, 29 Oct 2025 18:12:50 -0700 (PDT) Message-ID: <6902bb92.050a0220.53a8f.246cSMTPIN_ADDED_MISSING@mx.google.com> Received: from [172.21.0.6] (unknown [172.18.0.240]) by postal.iol.unh.edu (Postfix) with ESMTP id 6B0976051830; Wed, 29 Oct 2025 21:12:50 -0400 (EDT) Subject: |FAILURE| pw158284 [PATCH] [RFC] ethdev: fix UAF in rte_eth_tx_burst From: dpdklab@iol.unh.edu To: Test Report Cc: dpdk-test-reports@iol.unh.edu, Stephen Hemminger , Stephen Hemminger In-Reply-To: <20251029235400.1486861-1-stephen@networkplumber.org> References: <20251029235400.1486861-1-stephen@networkplumber.org> Content-Type: text/plain X-BeenThere: test-report@dpdk.org X-Mailman-Version: 2.1.29 Precedence: list List-Id: automatic DPDK test reports List-Unsubscribe: , List-Archive: List-Post: List-Help: List-Subscribe: , Errors-To: test-report-bounces@dpdk.org Test-Label: iol-compile-amd64-testing Test-Status: FAILURE http://dpdk.org/patch/158284 _Testing issues_ Submitter: Stephen Hemminger Date: Wednesday, October 29 2025 23:54:00 DPDK git baseline: Repo:dpdk-next-net Branch: master CommitID:33145656260ac9a87590daab3d6f57aa9e579247 158284 --> testing issues Upstream job id: Generic-DPDK-Compile-Meson#439197 Test environment and result as below: +-------------------------------+--------------------+-------------------+------------------+-------------------+-------------------------+ | Environment | dpdk_meson_compile | dpdk_compile_spdk | dpdk_compile_ovs | dpdk_msvc_compile | dpdk_llvm_clang_compile | +===============================+====================+===================+==================+===================+=========================+ | CentOS Stream 9 | PEND | PEND | SKIPPED | SKIPPED | SKIPPED | +-------------------------------+--------------------+-------------------+------------------+-------------------+-------------------------+ | CentOS Stream 10 | PASS | SKIPPED | SKIPPED | SKIPPED | SKIPPED | +-------------------------------+--------------------+-------------------+------------------+-------------------+-------------------------+ | Debian GNU/Linux 12 | PEND | PEND | SKIPPED | SKIPPED | SKIPPED | +-------------------------------+--------------------+-------------------+------------------+-------------------+-------------------------+ | Fedora Linux 42 | PEND | PEND | PEND | SKIPPED | SKIPPED | +-------------------------------+--------------------+-------------------+------------------+-------------------+-------------------------+ | Ubuntu 20.04 | PASS | SKIPPED | SKIPPED | SKIPPED | SKIPPED | +-------------------------------+--------------------+-------------------+------------------+-------------------+-------------------------+ | openSUSE Leap 15.6 | PEND | SKIPPED | SKIPPED | SKIPPED | SKIPPED | +-------------------------------+--------------------+-------------------+------------------+-------------------+-------------------------+ | Red Hat Enterprise Linux 8.10 | PASS | SKIPPED | SKIPPED | SKIPPED | SKIPPED | +-------------------------------+--------------------+-------------------+------------------+-------------------+-------------------------+ | Red Hat Enterprise Linux 9.5 | PASS | SKIPPED | SKIPPED | SKIPPED | SKIPPED | +-------------------------------+--------------------+-------------------+------------------+-------------------+-------------------------+ | FreeBSD 14.2 | PASS | SKIPPED | SKIPPED | SKIPPED | SKIPPED | +-------------------------------+--------------------+-------------------+------------------+-------------------+-------------------------+ | Ubuntu 22.04 | PASS | WARN | SKIPPED | SKIPPED | SKIPPED | +-------------------------------+--------------------+-------------------+------------------+-------------------+-------------------------+ | Ubuntu 24.04 | PEND | PEND | PEND | SKIPPED | SKIPPED | +-------------------------------+--------------------+-------------------+------------------+-------------------+-------------------------+ | Alpine Linux 3.22.0 | PEND | SKIPPED | SKIPPED | SKIPPED | SKIPPED | +-------------------------------+--------------------+-------------------+------------------+-------------------+-------------------------+ | Windows Server 2022 | SKIPPED | SKIPPED | SKIPPED | PEND | PEND | +-------------------------------+--------------------+-------------------+------------------+-------------------+-------------------------+ ==== 20 line log output for Ubuntu 22.04 (dpdk_compile_spdk): ==== --- Failed to get log output --- ==== End log output ==== CentOS Stream 9 Kernel: 5.15 Compiler: gcc gcc (GCC) 11.5.0 20240719 (Red Hat 11.5.0-11) CentOS Stream 10 Kernel: 5.15 Compiler: gcc gcc (GCC) 14.2.1 20250110 (Red Hat 14.2.1-8) Debian GNU/Linux 12 Kernel: 5.15 Compiler: gcc gcc (Debian 12.2.0-14+deb12u1) 12.2.0 Fedora Linux 42 Kernel: 5.15 Compiler: clang gcc (GCC) 15.2.1 20250808 (Red Hat 15.2.1-1) Ubuntu 20.04 Kernel: 4.19 Compiler: gcc gcc (Ubuntu 9.4.0-1ubuntu1~20.04.2) 9.4.0 openSUSE Leap 15.6 Kernel: 5.15 Compiler: gcc gcc (SUSE Linux) 7.5.0 Red Hat Enterprise Linux 8.10 Kernel: 5.15 Compiler: gcc gcc (GCC) 8.5.0 20210514 (Red Hat 8.5.0-22) Red Hat Enterprise Linux 9.5 Kernel: 5.15 Compiler: gcc gcc (GCC) 11.5.0 20240719 (Red Hat 11.5.0-2) FreeBSD 14.2 Kernel: 14.2-RELEASE Compiler: clang 18.1.6 Ubuntu 22.04 Kernel: 5.15 Compiler: gcc gcc (Ubuntu 11.4.0-1ubuntu1~22.04) 11.4.0 Ubuntu 24.04 Kernel: 5.15 Compiler: gcc gcc (Ubuntu 13.3.0-6ubuntu2~24.04) 13.3.0 Alpine Linux 3.22.0 Kernel: 5.15 Compiler: gcc gcc (Alpine 14.2.0) 14.2.0 Windows Server 2022 Kernel: 10.0.20348.2031 Compiler: clang 15.0.7, gcc 14.1.0 (MinGW), and MSVC VS 19.39.33521 To view detailed results, visit: https://lab.dpdk.org/results/dashboard/patchsets/34421/ UNH-IOL DPDK Community Lab To manage your email subscriptions, visit: https://lab.dpdk.org/results/dashboard/preferences/subscriptions/