From mboxrd@z Thu Jan 1 00:00:00 1970 Return-Path: Received: from mails.dpdk.org (mails.dpdk.org [217.70.189.124]) by inbox.dpdk.org (Postfix) with ESMTP id EC8CF489FC for ; Thu, 30 Oct 2025 06:36:32 +0100 (CET) Received: from mails.dpdk.org (localhost [127.0.0.1]) by mails.dpdk.org (Postfix) with ESMTP id E647E4027A; Thu, 30 Oct 2025 06:36:32 +0100 (CET) Received: from mail-ua1-f99.google.com (mail-ua1-f99.google.com [209.85.222.99]) by mails.dpdk.org (Postfix) with ESMTP id 63BA64027A for ; Thu, 30 Oct 2025 06:36:31 +0100 (CET) Received: by mail-ua1-f99.google.com with SMTP id a1e0cc1a2514c-934c9de5cacso581996241.1 for ; Wed, 29 Oct 2025 22:36:31 -0700 (PDT) DKIM-Signature: v=1; a=rsa-sha256; c=relaxed/relaxed; d=iol.unh.edu; s=unh-iol; t=1761802590; x=1762407390; darn=dpdk.org; h=cc:to:from:subject:message-id:date:from:to:cc:subject:date :message-id:reply-to; bh=BYNKwzAJT24voIdc5qERRxUdyNUKhSQn6BCgB3TVqSA=; b=jgFByruXoxoZfCutCw5aQxz7DcjzdEm2o4TcZT4ZAdcXVIgLE7bMyeplXjZDbZnSrR NZJ1R9+JAbQySotIFYBp8ADsF1iFqIFWRqLuQEFJ3VSOeQfjfgZ1c8iyYCVHUh8HAlFJ EQbHgL5atpt6e/AfgNLTEvolGbUQDI5/bESDE= X-Google-DKIM-Signature: v=1; a=rsa-sha256; c=relaxed/relaxed; d=1e100.net; s=20230601; t=1761802590; x=1762407390; h=cc:to:from:subject:message-id:date:x-gm-message-state:from:to:cc :subject:date:message-id:reply-to; bh=BYNKwzAJT24voIdc5qERRxUdyNUKhSQn6BCgB3TVqSA=; b=h6BviUnoBfLOM1CNjV00UQe8uGxAKSnZFsi8wcaR3IPo4REv88P87N1ODIdhfV3ARf YhRR+1CXA2l5TpVrYCEG5Xx4BYDhjkC5hB0iNQYz45NMYw9mSRdVb66yAqKwQAwx1GgE lJfOLnfWb11H+ORQ2y6SviSj6IhqUMRgQ8P9tfaZS6Yu5Wd9VIjC/ysNZOdoCEHQbMwO YXuA6kRBDXwt+zeuU5Rnlqyn1J+H+xikeXkyVQ5gqNsgZ7S/YXFXNvaME3iLytfxSR48 RWfIM2rdVyI0eFBxiPsmZj9+q9W+uNEQUmkutXE4F3aNzqAyyrVUahlrTVlbr4KXoZot FnBw== X-Gm-Message-State: AOJu0YydtU70NH0E/2GrpylifBwan4628X4fZNDaDBwEbodK26QAkqRL i5aR2+egeExWjitstg+P5UeOLI5I05Cn0yGRDvbRRhfiknQ7qPHi7SZv6V3P1pN5vPed0TFju+N wysA7zKY2ei32Szk1BVkCA7m3ojtQY9GNxVIButFIJULSbUTujDvf X-Gm-Gg: ASbGncs8oTPeDlANiYtNFijlRAKvitqlYEO+xB9N+vOGu0ZZXa59KU4+CkRAiutW3dK Rq32nsomj4wHUgiE3b0pYOn6GOZC1vRO2QHY+ozSdar7IaZ7/nYwBAj5bO5acCMYtssaiNj2Ybs t+ht915ZVcvugRi9NDC5/ocdrD2geyjcyROBDQHx6P4YitzWbONxoXlDqXBth3zOT9XlpoQFQvl 5Zj1e31dLUw4CodcEYFHIieR3i6Xiuusw+dQE+n5KpZu6+dICLUo1TI+h8wtAwG/wmPDGW664bR mz0N0Gm5sdNfkOZKX/YlZ0TdnIVfgYWU2y0Tf+qXj0SmsQaAXjG/4SnWfnahXo4pPK01qmeQEZr Auc//+U+9 X-Google-Smtp-Source: AGHT+IFN0NzyNZPtXcectmMn7ZYG6udimqWax5gT3TLGU/asjuq4ytpDUTkRAFQ5wCla4P881EWCWOZtWMOC X-Received: by 2002:a05:6123:2e6:b0:557:cc91:d295 with SMTP id 71dfb90a1353d-5586559ca41mr760950e0c.10.1761802590759; Wed, 29 Oct 2025 22:36:30 -0700 (PDT) Received: from postal.iol.unh.edu (postal.iol.unh.edu. [2606:4100:3880:1234::84]) by smtp-relay.gmail.com with ESMTPS id 71dfb90a1353d-557ddb84246sm1656722e0c.8.2025.10.29.22.36.30 (version=TLS1_2 cipher=ECDHE-ECDSA-AES128-GCM-SHA256 bits=128/128); Wed, 29 Oct 2025 22:36:30 -0700 (PDT) X-Relaying-Domain: iol.unh.edu Date: Wed, 29 Oct 2025 22:36:30 -0700 (PDT) Message-ID: <6902f95e.050a0220.96778.f366SMTPIN_ADDED_MISSING@mx.google.com> Received: from [172.21.0.2] (unknown [172.18.0.240]) by postal.iol.unh.edu (Postfix) with ESMTP id 7035F6051830; Thu, 30 Oct 2025 01:36:30 -0400 (EDT) Subject: |FAILURE| [GIT MASTER] 62f583c49bf67dd4d6733ece14e55fe6839e66d1 From: dpdklab@iol.unh.edu To: Test Report Cc: dpdk-test-reports@iol.unh.edu, Xueming Li , Christian Ehrhardt , Kevin Traynor , Luca Boccassi Content-Type: text/plain X-BeenThere: test-report@dpdk.org X-Mailman-Version: 2.1.29 Precedence: list List-Id: automatic DPDK test reports List-Unsubscribe: , List-Archive: List-Post: List-Help: List-Subscribe: , Errors-To: test-report-bounces@dpdk.org _Testing issues_ Branch: tags/v23.11 62f583c49bf67dd4d6733ece14e55fe6839e66d1 --> testing issues Upstream job id: Windows-Compile-DPDK-Native#32003 Test environment and result as below: +-------------------------------+--------------------+-------------------+------------------+-------------------+-------------------------+ | Environment | dpdk_meson_compile | dpdk_compile_spdk | dpdk_compile_ovs | dpdk_msvc_compile | dpdk_llvm_clang_compile | +===============================+====================+===================+==================+===================+=========================+ | FreeBSD 14.2 | PASS | SKIPPED | SKIPPED | SKIPPED | SKIPPED | +-------------------------------+--------------------+-------------------+------------------+-------------------+-------------------------+ | CentOS Stream 9 | PEND | PEND | SKIPPED | SKIPPED | SKIPPED | +-------------------------------+--------------------+-------------------+------------------+-------------------+-------------------------+ | Fedora Linux 42 | PEND | PEND | PEND | SKIPPED | SKIPPED | +-------------------------------+--------------------+-------------------+------------------+-------------------+-------------------------+ | Red Hat Enterprise Linux 8.10 | PEND | SKIPPED | SKIPPED | SKIPPED | SKIPPED | +-------------------------------+--------------------+-------------------+------------------+-------------------+-------------------------+ | Debian GNU/Linux 12 | PEND | PEND | SKIPPED | SKIPPED | SKIPPED | +-------------------------------+--------------------+-------------------+------------------+-------------------+-------------------------+ | CentOS Stream 10 | PEND | SKIPPED | SKIPPED | SKIPPED | SKIPPED | +-------------------------------+--------------------+-------------------+------------------+-------------------+-------------------------+ | openSUSE Leap 15.6 | PEND | SKIPPED | SKIPPED | SKIPPED | SKIPPED | +-------------------------------+--------------------+-------------------+------------------+-------------------+-------------------------+ | Red Hat Enterprise Linux 9.5 | PEND | SKIPPED | SKIPPED | SKIPPED | SKIPPED | +-------------------------------+--------------------+-------------------+------------------+-------------------+-------------------------+ | Ubuntu 22.04 | PEND | PEND | SKIPPED | SKIPPED | SKIPPED | +-------------------------------+--------------------+-------------------+------------------+-------------------+-------------------------+ | Ubuntu 20.04 | PASS | SKIPPED | SKIPPED | SKIPPED | SKIPPED | +-------------------------------+--------------------+-------------------+------------------+-------------------+-------------------------+ | Ubuntu 24.04 | PEND | PEND | PEND | SKIPPED | SKIPPED | +-------------------------------+--------------------+-------------------+------------------+-------------------+-------------------------+ | Alpine Linux 3.22.0 | PEND | SKIPPED | SKIPPED | SKIPPED | SKIPPED | +-------------------------------+--------------------+-------------------+------------------+-------------------+-------------------------+ | Windows Server 2022 | SKIPPED | SKIPPED | SKIPPED | PASS | FAIL | +-------------------------------+--------------------+-------------------+------------------+-------------------+-------------------------+ ==== 20 line log output for Windows Server 2022 (dpdk_llvm_clang_compile): ==== Compiler for C supports arguments -mavx512f: YES (cached) Compiler for C supports arguments -mavx512bw: YES (cached) Compiler for C supports arguments -mavx512dq: YES (cached) Compiler for C supports arguments -march=skylake-avx512: YES Message: drivers/common/idpf: Defining dependency "common_idpf" Message: drivers/bus/auxiliary: Defining dependency "bus_auxiliary" Compiler for C supports arguments -Wno-cast-qual: YES (cached) Compiler for C supports arguments -Wno-pointer-arith: YES (cached) Message: drivers/bus/pci: Defining dependency "bus_pci" Message: drivers/bus/vdev: Defining dependency "bus_vdev" Compiler for C supports arguments -std=c11: YES Compiler for C supports arguments -Wno-strict-prototypes: YES Compiler for C supports arguments -D_BSD_SOURCE: YES Compiler for C supports arguments -D_DEFAULT_SOURCE: YES Compiler for C supports arguments -D_XOPEN_SOURCE=600: YES Has header "mlx5devx.h" : YES drivers\common\mlx5\windows\meson.build:10:13: ERROR: C shared or static library 'mlx5devx' not found A full log can be found at C:\Users\builder\jenkins\workspace\Windows-Compile-DPDK-Native\dpdk\build\meson-logs\meson-log.txt ==== End log output ==== FreeBSD 14.2 Kernel: 14.2-RELEASE Compiler: clang 18.1.6 CentOS Stream 9 Kernel: 5.15 Compiler: gcc gcc (GCC) 11.5.0 20240719 (Red Hat 11.5.0-11) Fedora Linux 42 Kernel: 5.15 Compiler: clang gcc (GCC) 15.2.1 20250808 (Red Hat 15.2.1-1) Red Hat Enterprise Linux 8.10 Kernel: 5.15 Compiler: gcc gcc (GCC) 8.5.0 20210514 (Red Hat 8.5.0-22) Debian GNU/Linux 12 Kernel: 5.15 Compiler: gcc gcc (Debian 12.2.0-14+deb12u1) 12.2.0 CentOS Stream 10 Kernel: 5.15 Compiler: gcc gcc (GCC) 14.2.1 20250110 (Red Hat 14.2.1-8) openSUSE Leap 15.6 Kernel: 5.15 Compiler: gcc gcc (SUSE Linux) 7.5.0 Red Hat Enterprise Linux 9.5 Kernel: 5.15 Compiler: gcc gcc (GCC) 11.5.0 20240719 (Red Hat 11.5.0-2) Ubuntu 22.04 Kernel: 5.15 Compiler: gcc gcc (Ubuntu 11.4.0-1ubuntu1~22.04) 11.4.0 Ubuntu 20.04 Kernel: 5.15 Compiler: gcc gcc (Ubuntu 9.4.0-1ubuntu1~20.04.2) 9.4.0 Ubuntu 24.04 Kernel: 5.15 Compiler: gcc gcc (Ubuntu 13.3.0-6ubuntu2~24.04) 13.3.0 Alpine Linux 3.22.0 Kernel: 5.15 Compiler: gcc gcc (Alpine 14.2.0) 14.2.0 Windows Server 2022 Kernel: 10.0.20348.2031 Compiler: clang 15.0.7, gcc 14.1.0 (MinGW), and MSVC VS 19.39.33521 To view detailed results, visit: https://lab.dpdk.org/results/dashboard/tarballs/35398/ UNH-IOL DPDK Community Lab To manage your email subscriptions, visit: https://lab.dpdk.org/results/dashboard/preferences/subscriptions/