From mboxrd@z Thu Jan 1 00:00:00 1970 Return-Path: Received: from mails.dpdk.org (mails.dpdk.org [217.70.189.124]) by inbox.dpdk.org (Postfix) with ESMTP id 18C95489FC for ; Thu, 30 Oct 2025 07:15:10 +0100 (CET) Received: from mails.dpdk.org (localhost [127.0.0.1]) by mails.dpdk.org (Postfix) with ESMTP id 13A7F4027A; Thu, 30 Oct 2025 07:15:10 +0100 (CET) Received: from mail-oa1-f100.google.com (mail-oa1-f100.google.com [209.85.160.100]) by mails.dpdk.org (Postfix) with ESMTP id 92BBB4027A for ; Thu, 30 Oct 2025 07:15:09 +0100 (CET) Received: by mail-oa1-f100.google.com with SMTP id 586e51a60fabf-3d199f29161so600203fac.0 for ; Wed, 29 Oct 2025 23:15:09 -0700 (PDT) DKIM-Signature: v=1; a=rsa-sha256; c=relaxed/relaxed; d=iol.unh.edu; s=unh-iol; t=1761804909; x=1762409709; darn=dpdk.org; h=cc:to:from:subject:message-id:date:from:to:cc:subject:date :message-id:reply-to; bh=lSV+7UNHWcbEO/TnHsW/Wd1Lk9qx0h0f3JswKS1jsuk=; b=a9d1qBFHZRODyLDHmK20m6+ytycUBvKa6ZOwr37Bvqwwx1a5GzFxUwB53ev9hyb7Aq phQO2BIBfCOsMTtdfkZbGTJiJ7k1pwyEV8pueP6KiwNPTTmgLFkUZ9w6k5zidlcHuAYV ST46deNMq6CqtVd2HfWAk9/AOf/0aujhCZwvY= X-Google-DKIM-Signature: v=1; a=rsa-sha256; c=relaxed/relaxed; d=1e100.net; s=20230601; t=1761804909; x=1762409709; h=cc:to:from:subject:message-id:date:x-gm-message-state:from:to:cc :subject:date:message-id:reply-to; bh=lSV+7UNHWcbEO/TnHsW/Wd1Lk9qx0h0f3JswKS1jsuk=; b=V5H/Dpb9/ELnDKk28UiFUVtBHYjv1sxkAcEXXPVp4nQnv6yMe+Y199Akd95cYJZeLX Ha2A++3RUi69t/c3jaiRH4fLjPs0JSPICVX8tqcpf+fJSEItaizHWbKpxsHqVe3Nl/Zc Y+eLWMDugqJG7Dcyv67eMEZ9+lFGif/Yil9Daqh/catWAV8FFKBFuycRSMxlLpNK+RoK sUI6rLh9hCNuWUmKiELOrlhQSWzBl8qnzPtec8NIqiqMAuBYG0FdwxBpHbHbY929TVDY yCCtqPwhl0RMcq12wBTDOGGJVVVJV56tnkyILyml+7PaXUB5hSyMCfFDRwL3Y9jM0bAC /T6A== X-Gm-Message-State: AOJu0YxsrOGqR6zCnVfFsqzRaIxJBfDzndKOrVGbVlFhB1aY6lFDW4IT H9zu2SjsX/K2B6363qazCuIUmqkYHWo1WLUWWqaMf8/3Ngbe4SlJzZWFsiiBO2DZD8NaMtzUQ4L oMOLfp5c7K0ljhlaLLnJCHyxRCRYchiancA0gFhHXCDq6Yb8ZcDQ0 X-Gm-Gg: ASbGncsnk1MfzjDG3UwcBZlJug91sx23oav5eptXcusQ/8NoNWOQjzUGXpcsjYiPQDB +JZrMwdtoGNuAOfnjDOF9TzJ2hV2sAVg+AAG+JkOXku1S4ar0044oP/sFjGrUO/4l2SNrHoFM4u o4Y+YaRTHCppgAja5j7CkZYdqQqe2RXEFnczz1kD/70SxvdXwkfBF8gGffT0BQSIRIt30fIjfT0 J8XjVOULRa9moGIm/myQd4UyvQj8oCdbM82XyL14/TXHjQ1FzRZ42rzv7y7xXrr6l8EJOSJ63ej YlUGTzY/s19HBvmA9ulJK6MwdhdXePQr959JBKhGG4QBfgS1ZcBDm8uRnSq9/55om3Dp+koDUIK CvaCeKtIm X-Google-Smtp-Source: AGHT+IHlnDNh9wbH0MSr7X84nI+i1UZ7Ck8pn4NL3+t+tDfmhKUEf8WQRSmf9bnD7HeF8Fwa2IQcUfNky3UD X-Received: by 2002:a05:6870:d367:b0:3d3:5f85:af68 with SMTP id 586e51a60fabf-3d8c5f42f90mr1267601fac.10.1761804908790; Wed, 29 Oct 2025 23:15:08 -0700 (PDT) Received: from postal.iol.unh.edu (postal.iol.unh.edu. [2606:4100:3880:1234::84]) by smtp-relay.gmail.com with ESMTPS id 586e51a60fabf-3d1e21f340dsm1527124fac.3.2025.10.29.23.15.08 (version=TLS1_2 cipher=ECDHE-ECDSA-AES128-GCM-SHA256 bits=128/128); Wed, 29 Oct 2025 23:15:08 -0700 (PDT) X-Relaying-Domain: iol.unh.edu Date: Wed, 29 Oct 2025 23:15:08 -0700 (PDT) Message-ID: <6903026c.050a0220.7c7ec.6cf3SMTPIN_ADDED_MISSING@mx.google.com> Received: from [172.21.0.2] (unknown [172.18.0.240]) by postal.iol.unh.edu (Postfix) with ESMTP id DE7486051830; Thu, 30 Oct 2025 02:15:07 -0400 (EDT) Subject: |FAILURE| [GIT MASTER] 62f583c49bf67dd4d6733ece14e55fe6839e66d1 From: dpdklab@iol.unh.edu To: Test Report Cc: dpdk-test-reports@iol.unh.edu, Xueming Li , Christian Ehrhardt , Kevin Traynor , Luca Boccassi Content-Type: text/plain X-BeenThere: test-report@dpdk.org X-Mailman-Version: 2.1.29 Precedence: list List-Id: automatic DPDK test reports List-Unsubscribe: , List-Archive: List-Post: List-Help: List-Subscribe: , Errors-To: test-report-bounces@dpdk.org _Testing issues_ Branch: tags/v23.11 62f583c49bf67dd4d6733ece14e55fe6839e66d1 --> testing issues Upstream job id: Windows-Compile-DPDK-Native#32004 Test environment and result as below: +-------------------------------+--------------------+-------------------+------------------+-------------------+-------------------------+----------------------+ | Environment | dpdk_meson_compile | dpdk_compile_spdk | dpdk_compile_ovs | dpdk_msvc_compile | dpdk_llvm_clang_compile | dpdk_mingw64_compile | +===============================+====================+===================+==================+===================+=========================+======================+ | FreeBSD 14.2 | PASS | SKIPPED | SKIPPED | SKIPPED | SKIPPED | SKIPPED | +-------------------------------+--------------------+-------------------+------------------+-------------------+-------------------------+----------------------+ | CentOS Stream 9 | PASS | PASS | SKIPPED | SKIPPED | SKIPPED | SKIPPED | +-------------------------------+--------------------+-------------------+------------------+-------------------+-------------------------+----------------------+ | Fedora Linux 42 | FAIL | PASS | WARN | SKIPPED | SKIPPED | SKIPPED | +-------------------------------+--------------------+-------------------+------------------+-------------------+-------------------------+----------------------+ | Red Hat Enterprise Linux 8.10 | PASS | SKIPPED | SKIPPED | SKIPPED | SKIPPED | SKIPPED | +-------------------------------+--------------------+-------------------+------------------+-------------------+-------------------------+----------------------+ | Debian GNU/Linux 12 | PASS | PASS | SKIPPED | SKIPPED | SKIPPED | SKIPPED | +-------------------------------+--------------------+-------------------+------------------+-------------------+-------------------------+----------------------+ | CentOS Stream 10 | PASS | SKIPPED | SKIPPED | SKIPPED | SKIPPED | SKIPPED | +-------------------------------+--------------------+-------------------+------------------+-------------------+-------------------------+----------------------+ | openSUSE Leap 15.6 | PASS | SKIPPED | SKIPPED | SKIPPED | SKIPPED | SKIPPED | +-------------------------------+--------------------+-------------------+------------------+-------------------+-------------------------+----------------------+ | Red Hat Enterprise Linux 9.5 | PASS | SKIPPED | SKIPPED | SKIPPED | SKIPPED | SKIPPED | +-------------------------------+--------------------+-------------------+------------------+-------------------+-------------------------+----------------------+ | Ubuntu 22.04 | PASS | PASS | SKIPPED | SKIPPED | SKIPPED | SKIPPED | +-------------------------------+--------------------+-------------------+------------------+-------------------+-------------------------+----------------------+ | Ubuntu 20.04 | PASS | SKIPPED | SKIPPED | SKIPPED | SKIPPED | SKIPPED | +-------------------------------+--------------------+-------------------+------------------+-------------------+-------------------------+----------------------+ | Ubuntu 24.04 | PASS | PASS | PASS | SKIPPED | SKIPPED | SKIPPED | +-------------------------------+--------------------+-------------------+------------------+-------------------+-------------------------+----------------------+ | Alpine Linux 3.22.0 | PASS | SKIPPED | SKIPPED | SKIPPED | SKIPPED | SKIPPED | +-------------------------------+--------------------+-------------------+------------------+-------------------+-------------------------+----------------------+ | Windows Server 2022 | SKIPPED | SKIPPED | SKIPPED | PASS | FAIL | PASS | +-------------------------------+--------------------+-------------------+------------------+-------------------+-------------------------+----------------------+ ==== 20 line log output for Windows Server 2022 (dpdk_llvm_clang_compile): ==== Compiler for C supports arguments -mavx512f: YES (cached) Compiler for C supports arguments -mavx512bw: YES (cached) Compiler for C supports arguments -mavx512dq: YES (cached) Compiler for C supports arguments -march=skylake-avx512: YES Message: drivers/common/idpf: Defining dependency "common_idpf" Message: drivers/bus/auxiliary: Defining dependency "bus_auxiliary" Compiler for C supports arguments -Wno-cast-qual: YES (cached) Compiler for C supports arguments -Wno-pointer-arith: YES (cached) Message: drivers/bus/pci: Defining dependency "bus_pci" Message: drivers/bus/vdev: Defining dependency "bus_vdev" Compiler for C supports arguments -std=c11: YES Compiler for C supports arguments -Wno-strict-prototypes: YES Compiler for C supports arguments -D_BSD_SOURCE: YES Compiler for C supports arguments -D_DEFAULT_SOURCE: YES Compiler for C supports arguments -D_XOPEN_SOURCE=600: YES Has header "mlx5devx.h" : YES drivers\common\mlx5\windows\meson.build:10:13: ERROR: C shared or static library 'mlx5devx' not found A full log can be found at C:\Users\builder\jenkins\workspace\Windows-Compile-DPDK-Native\dpdk\build\meson-logs\meson-log.txt ==== End log output ==== FreeBSD 14.2 Kernel: 14.2-RELEASE Compiler: clang 18.1.6 CentOS Stream 9 Kernel: 5.15 Compiler: gcc gcc (GCC) 11.5.0 20240719 (Red Hat 11.5.0-11) Fedora Linux 42 Kernel: 5.15 Compiler: clang gcc (GCC) 15.2.1 20250808 (Red Hat 15.2.1-1) Red Hat Enterprise Linux 8.10 Kernel: 5.15 Compiler: gcc gcc (GCC) 8.5.0 20210514 (Red Hat 8.5.0-22) Debian GNU/Linux 12 Kernel: 5.15 Compiler: gcc gcc (Debian 12.2.0-14+deb12u1) 12.2.0 CentOS Stream 10 Kernel: 5.15 Compiler: gcc gcc (GCC) 14.2.1 20250110 (Red Hat 14.2.1-8) openSUSE Leap 15.6 Kernel: 5.15 Compiler: gcc gcc (SUSE Linux) 7.5.0 Red Hat Enterprise Linux 9.5 Kernel: 5.15 Compiler: gcc gcc (GCC) 11.5.0 20240719 (Red Hat 11.5.0-2) Ubuntu 22.04 Kernel: 5.15 Compiler: gcc gcc (Ubuntu 11.4.0-1ubuntu1~22.04) 11.4.0 Ubuntu 20.04 Kernel: 5.15 Compiler: gcc gcc (Ubuntu 9.4.0-1ubuntu1~20.04.2) 9.4.0 Ubuntu 24.04 Kernel: 5.15 Compiler: gcc gcc (Ubuntu 13.3.0-6ubuntu2~24.04) 13.3.0 Alpine Linux 3.22.0 Kernel: 5.15 Compiler: gcc gcc (Alpine 14.2.0) 14.2.0 Windows Server 2022 Kernel: 10.0.20348.2031 Compiler: clang 15.0.7, gcc 14.1.0 (MinGW), and MSVC VS 19.39.33521 To view detailed results, visit: https://lab.dpdk.org/results/dashboard/tarballs/35398/ UNH-IOL DPDK Community Lab To manage your email subscriptions, visit: https://lab.dpdk.org/results/dashboard/preferences/subscriptions/