From mboxrd@z Thu Jan 1 00:00:00 1970 Return-Path: Received: from mails.dpdk.org (mails.dpdk.org [217.70.189.124]) by inbox.dpdk.org (Postfix) with ESMTP id 0EADA489FC for ; Thu, 30 Oct 2025 07:40:08 +0100 (CET) Received: from mails.dpdk.org (localhost [127.0.0.1]) by mails.dpdk.org (Postfix) with ESMTP id D304940297; Thu, 30 Oct 2025 07:40:07 +0100 (CET) Received: from mail-pl1-f227.google.com (mail-pl1-f227.google.com [209.85.214.227]) by mails.dpdk.org (Postfix) with ESMTP id E8B7A40297 for ; Thu, 30 Oct 2025 07:40:06 +0100 (CET) Received: by mail-pl1-f227.google.com with SMTP id d9443c01a7336-290aaff555eso6154335ad.2 for ; Wed, 29 Oct 2025 23:40:06 -0700 (PDT) DKIM-Signature: v=1; a=rsa-sha256; c=relaxed/relaxed; d=iol.unh.edu; s=unh-iol; t=1761806406; x=1762411206; darn=dpdk.org; h=cc:to:from:subject:message-id:date:from:to:cc:subject:date :message-id:reply-to; bh=mXWLbiVYSGvr3/rCglhuwZTR5HydcqwXhXNonbnlt8U=; b=YrQKUtcumGwhTwAe+8ceQfblEUW1ei1GCQOAbRACkVYc4WHjX9Vz4bfcHVH2RB0amz /uQdW1fu2QsKlHZLXdbJuwbxRDo+/qm39Zaw5rJSKiX2HElSkDQ5z0Q+O68l7eWBDK4p DkOdh1LAUUELW+uZkYPju8QmbKItpp27iGu/s= X-Google-DKIM-Signature: v=1; a=rsa-sha256; c=relaxed/relaxed; d=1e100.net; s=20230601; t=1761806406; x=1762411206; h=cc:to:from:subject:message-id:date:x-gm-message-state:from:to:cc :subject:date:message-id:reply-to; bh=mXWLbiVYSGvr3/rCglhuwZTR5HydcqwXhXNonbnlt8U=; b=mnUUdrUl+lv5Y4ykkvIT0mBJo5/1C/TOafaeJCfF492UcepwFabltHAg2Kbsa84SoY ijd8UWTTkhfxjPIZaVV9LDtjE2ZZkVOtL8m2iq0GRA8Ar3X84l0VLlnUdOZ7p/H56XAI ErvHLTGt0iGDNZAqlg/IHNniFgMfY/Ja5BdKjZGF7nARfloIfEqehr4K6BJKCGeWDEtl KSUzNcyaV1GAbOJr65vYcp9nwshNk/xRqwJrzV4QExBfUoW1azppUiYz2CsOGKp01ISV wkVKZmCcQDzD4w7LTzddvhE0XgMattJcyv+6SAgP6VF4H++gs1oOZReDiji9pgkN7lqN iWfA== X-Gm-Message-State: AOJu0YzxB2DdeRNuaunQCO1Fl28UQv+DMVT8Zk5rWRV2OPYSWf760bbH xu5kBCEv2e/ICmGmb2Bgm+eZBCWLBMKfbjGXanECgt/N0lxgwvnuAgqu/WUAGeVSWHthJgnSRxn YWyCM5eIJrYotk7rgqtiSKDSO8HUV4oZWwTJez8xpvHu1TnJR74bb X-Gm-Gg: ASbGncvAHJWPyrKvwmwtn2rvaI44UYqxrvK8regRG9H/NT7WgGMrtMr/dpG/nA4jN0v DBXcvvO75/phUPHHmuB4PaLvwQ1HLZe7uEFd89I4ZaMp1ngtS1IFlyLUYWPExhh5FitpSAfPWH7 I7mhm5b2llGI+zv+1fnJPTC1+kFo0ZcqsnRdNsh9HV26B1YtVC1Z10nK7G+bp9HC8TTaNTbj0Wo Rq5E4hRdWuF84waDDsC5rxnyV2nD3SQ+8+SlSFIRGW3LaPOM5xB/XPMd3kXVaGrwBeqZPo6TSlH tD8l9ckjPW/PeeKyfmq4DmWBuLytZjDak2I3i7Sry/oPgL3DiyAB8QQsTAKQdVFacHQ4keaHion dBQwhuCNI X-Google-Smtp-Source: AGHT+IFB6+CzviZuiz6Yxr3+pFf+PFSb8Lp08XcZmv0PEgLO8rDYvkbLFdvKgMb4VgkHDKn0awEmuA2H0PLg X-Received: by 2002:a17:902:f610:b0:24c:965a:f94d with SMTP id d9443c01a7336-294deee4d1cmr68006045ad.46.1761806405858; Wed, 29 Oct 2025 23:40:05 -0700 (PDT) Received: from postal.iol.unh.edu (postal.iol.unh.edu. [2606:4100:3880:1234::84]) by smtp-relay.gmail.com with ESMTPS id d9443c01a7336-29498cf49f8sm14915635ad.3.2025.10.29.23.40.05 (version=TLS1_2 cipher=ECDHE-ECDSA-AES128-GCM-SHA256 bits=128/128); Wed, 29 Oct 2025 23:40:05 -0700 (PDT) X-Relaying-Domain: iol.unh.edu Date: Wed, 29 Oct 2025 23:40:05 -0700 (PDT) Message-ID: <69030845.170a0220.1a6010.6b44SMTPIN_ADDED_MISSING@mx.google.com> Received: from [172.21.0.2] (unknown [172.18.0.240]) by postal.iol.unh.edu (Postfix) with ESMTP id 21D1C6051830; Thu, 30 Oct 2025 02:40:05 -0400 (EDT) Subject: |FAILURE| [GIT MASTER] 62f583c49bf67dd4d6733ece14e55fe6839e66d1 From: dpdklab@iol.unh.edu To: Test Report Cc: dpdk-test-reports@iol.unh.edu, Xueming Li , Christian Ehrhardt , Kevin Traynor , Luca Boccassi Content-Type: text/plain X-BeenThere: test-report@dpdk.org X-Mailman-Version: 2.1.29 Precedence: list List-Id: automatic DPDK test reports List-Unsubscribe: , List-Archive: List-Post: List-Help: List-Subscribe: , Errors-To: test-report-bounces@dpdk.org _Testing issues_ Branch: tags/v23.11 62f583c49bf67dd4d6733ece14e55fe6839e66d1 --> testing issues Upstream job id: Generic-Unit-Test-DPDK#386953 Test environment and result as below: +-------------------------------+----------------+ | Environment | dpdk_unit_test | +===============================+================+ | Debian GNU/Linux 12 | PASS | +-------------------------------+----------------+ | Fedora Linux 41 | PASS | +-------------------------------+----------------+ | Fedora Linux 42 | PASS | +-------------------------------+----------------+ | Fedora Linux 40 | PASS | +-------------------------------+----------------+ | Ubuntu 20.04 | PASS | +-------------------------------+----------------+ | CentOS Stream 9 | PASS | +-------------------------------+----------------+ | Red Hat Enterprise Linux 8.10 | PASS | +-------------------------------+----------------+ | Red Hat Enterprise Linux 9.5 | PASS | +-------------------------------+----------------+ | Ubuntu 24.04 | PASS | +-------------------------------+----------------+ | CentOS Stream 10 | PASS | +-------------------------------+----------------+ | Ubuntu 22.04 | PASS | +-------------------------------+----------------+ | Windows Server 2022 | FAIL | +-------------------------------+----------------+ ==== Unit test summary for Windows Server 2022 (dpdk_unit_test): ==== Failed to get the unit test results. Displaying the unit test results is not supported for some environments, such as our aarch32 testing, where meson is not used to run the tests. Download the logs available on our CI site. ==== End log output ==== Debian GNU/Linux 12 Kernel: 5.15 Compiler: gcc gcc (Debian 12.2.0-14+deb12u1) 12.2.0 Fedora Linux 41 Kernel: 5.15 Compiler: gcc gcc (GCC) 14.3.1 20250523 (Red Hat 14.3.1-1) Fedora Linux 42 Kernel: 5.15 Compiler: gcc gcc (GCC) 15.2.1 20250808 (Red Hat 15.2.1-1) Fedora Linux 40 Kernel: 5.15 Compiler: clang gcc (GCC) 14.2.1 20240912 (Red Hat 14.2.1-3) Ubuntu 20.04 Kernel: 5.15 Compiler: gcc gcc (Ubuntu 9.4.0-1ubuntu1~20.04.2) 9.4.0 CentOS Stream 9 Kernel: 5.15 Compiler: gcc gcc (GCC) 11.5.0 20240719 (Red Hat 11.5.0-11) Red Hat Enterprise Linux 8.10 Kernel: 5.15 Compiler: gcc gcc (GCC) 8.5.0 20210514 (Red Hat 8.5.0-22) Red Hat Enterprise Linux 9.5 Kernel: 5.15 Compiler: gcc gcc (GCC) 11.5.0 20240719 (Red Hat 11.5.0-2) Ubuntu 24.04 Kernel: 5.15 Compiler: gcc gcc (Ubuntu 13.3.0-6ubuntu2~24.04) 13.3.0 CentOS Stream 10 Kernel: 5.15 Compiler: gcc gcc (GCC) 14.2.1 20250110 (Red Hat 14.2.1-8) Ubuntu 22.04 Kernel: 5.15 Compiler: gcc gcc (Ubuntu 11.4.0-1ubuntu1~22.04) 11.4.0 Windows Server 2022 Kernel: 10.0.20348.2031 Compiler: clang 15.0.7, gcc 14.1.0 (MinGW), and MSVC VS 19.39.33521 To view detailed results, visit: https://lab.dpdk.org/results/dashboard/tarballs/35398/ UNH-IOL DPDK Community Lab To manage your email subscriptions, visit: https://lab.dpdk.org/results/dashboard/preferences/subscriptions/