From mboxrd@z Thu Jan 1 00:00:00 1970 Return-Path: Received: from mails.dpdk.org (mails.dpdk.org [217.70.189.124]) by inbox.dpdk.org (Postfix) with ESMTP id 9696048A0C for ; Thu, 30 Oct 2025 10:59:55 +0100 (CET) Received: from mails.dpdk.org (localhost [127.0.0.1]) by mails.dpdk.org (Postfix) with ESMTP id 8F9D14026F; Thu, 30 Oct 2025 10:59:55 +0100 (CET) Received: from mail-qt1-f227.google.com (mail-qt1-f227.google.com [209.85.160.227]) by mails.dpdk.org (Postfix) with ESMTP id 62B6D4026F for ; Thu, 30 Oct 2025 10:59:54 +0100 (CET) Received: by mail-qt1-f227.google.com with SMTP id d75a77b69052e-4ed0f3d4611so8300561cf.3 for ; Thu, 30 Oct 2025 02:59:54 -0700 (PDT) DKIM-Signature: v=1; a=rsa-sha256; c=relaxed/relaxed; d=iol.unh.edu; s=unh-iol; t=1761818394; x=1762423194; darn=dpdk.org; h=cc:to:from:subject:message-id:date:from:to:cc:subject:date :message-id:reply-to; bh=rSGhl+ljBLOrnsvQDnNW59LLFBtfGkxLXiXg3CC7qbw=; b=ZXgutpDf639grvjdexy+1bLLe/upqPmTS/colqtgHSNPIe8NnBFWKk/Ik2TEVG1syo I1JjCddH2gzqjEe6NZGkkHDeK0WrdhhpdrfAi+uHoOGHXwcFTpKAx2vT4V2eB8PE7MnL jwkzgVcMDInsXqH9CgCkbEQwiS9q7T+FtzJEs= X-Google-DKIM-Signature: v=1; a=rsa-sha256; c=relaxed/relaxed; d=1e100.net; s=20230601; t=1761818394; x=1762423194; h=cc:to:from:subject:message-id:date:x-gm-message-state:from:to:cc :subject:date:message-id:reply-to; bh=rSGhl+ljBLOrnsvQDnNW59LLFBtfGkxLXiXg3CC7qbw=; b=mPUj149PgOqVbJuSd81Zs49g6zkG+Na9jj/ZyJrSeXlN6Qb79xUBr0OE/pssmGdEqw zB1OJZso5NjPEEPq7QhZEYTi/u6npo9zWJlSLD/j0g4NZGy6tg3k1YHVxR15REkHHqyB n1xPxFDKDzRo+VhHMA5wMdUFkiR9arnZza2QB5OrC7dpS8XJnb7sB4KPGZEG4P54wX03 Ssl41FEmXl5SFUoAZqB8bjjgEFnb5W5L6p6NJ1StYWLLNdpJLk1ha+ArhkMYx1j9/kXZ enfjVUOu629hZyfHoi+mN+aubCkAH9Wi5RbB3clXD9FhWhjd3AUukNATe4Zkj6rwtKMm UeQg== X-Gm-Message-State: AOJu0YzvAsdZCTxmSR92Xl5KPNx13z/WpSEMEySBc4f3vHMJ/zywmLHj WMQoeg1t9lz3c13F676u/CmyPD3UPWfT7bcxRHmbNcBnIETGIqUpuF+VFXpSXvgqDejjX4XwbtP xpGUq9zYw8pXoIz7BTWT8nw44R3iFfsjnNJOB X-Gm-Gg: ASbGncvMrX2yVJ8xBU5u6HELXmlQAbq+6Q74OHj1y9Ex3xvyTkuGGi9ojjxrvHgA/YF uYB4mPFMXlhxBSCD3cwgyilC+5vdjMA5rAx4FiuE1gxriPWnVIh6in42qkAYTYMtyTamujAcQHq LbSNYFgKkvDGkUQteHssdRdMQRJ3KEV+aUplUHtKPrdH4X0fLjRy7ntx8GeObiwSCOxwNjUzkaP 1tBNIglL3bj4h18rLYwzmo7XEYDRGAghI7ow3LyO1TseZiCE4AXZUHtfkPcLPIP/312IQkOqQJx ueWENJVA4Uerfu+vANf6FwqvnqhXjM/NHmLtWnJ10iYnoUL5iBp0ieOQlONkzKeWuNzROTxQnls 4E9QyQTT64tW+VI4CANhPOEGJKg63VoM= X-Google-Smtp-Source: AGHT+IEb3mcUldlIVQo68r0qyyHfoFEw3sBwSyZUdgNKHYsBSktqfFoSrcuWRhy3bObUBMgdHKOzmBS6zVWJ X-Received: by 2002:a05:622a:90b:b0:4e8:b739:6b5d with SMTP id d75a77b69052e-4ed15c020bdmr88226351cf.46.1761818393771; Thu, 30 Oct 2025 02:59:53 -0700 (PDT) Received: from postal.iol.unh.edu (postal.iol.unh.edu. [132.177.123.84]) by smtp-relay.gmail.com with ESMTPS id d75a77b69052e-4eba3858f13sm3004071cf.8.2025.10.30.02.59.53 (version=TLS1_2 cipher=ECDHE-ECDSA-AES128-GCM-SHA256 bits=128/128); Thu, 30 Oct 2025 02:59:53 -0700 (PDT) X-Relaying-Domain: iol.unh.edu Date: Thu, 30 Oct 2025 02:59:53 -0700 (PDT) Message-ID: <69033719.050a0220.7061c.e333SMTPIN_ADDED_MISSING@mx.google.com> Received: from [172.21.0.3] (unknown [172.18.0.240]) by postal.iol.unh.edu (Postfix) with ESMTP id 452096051830; Thu, 30 Oct 2025 05:59:53 -0400 (EDT) Subject: |FAILURE| [GIT MASTER] 62f583c49bf67dd4d6733ece14e55fe6839e66d1 From: dpdklab@iol.unh.edu To: Test Report Cc: dpdk-test-reports@iol.unh.edu, Xueming Li , Christian Ehrhardt , Kevin Traynor , Luca Boccassi Content-Type: text/plain X-BeenThere: test-report@dpdk.org X-Mailman-Version: 2.1.29 Precedence: list List-Id: automatic DPDK test reports List-Unsubscribe: , List-Archive: List-Post: List-Help: List-Subscribe: , Errors-To: test-report-bounces@dpdk.org _Testing issues_ Branch: tags/v23.11 62f583c49bf67dd4d6733ece14e55fe6839e66d1 --> testing issues Upstream job id: Generic-DPDK-Compile-Meson#439288 Test environment and result as below: +------------------------------+--------------------+ | Environment | dpdk_meson_compile | +==============================+====================+ | Ubuntu 20.04 | PASS | +------------------------------+--------------------+ | Debian GNU/Linux 12 | PASS | +------------------------------+--------------------+ | Fedora Linux 42 | PASS | +------------------------------+--------------------+ | Ubuntu 22.04 | PASS | +------------------------------+--------------------+ | Red Hat Enterprise Linux 9.5 | PASS | +------------------------------+--------------------+ | Ubuntu 24.04 | PASS | +------------------------------+--------------------+ | CentOS Stream 9 | PASS | +------------------------------+--------------------+ | CentOS Stream 10 | PASS | +------------------------------+--------------------+ Ubuntu 20.04 Kernel: 5.15 Compiler: aarch64-linux-gnu-gcc gcc (Ubuntu 9.4.0-1ubuntu1~20.04.2) 9.4.0 Debian GNU/Linux 12 Kernel: 5.4 Compiler: gcc gcc (Debian 12.2.0-14+deb12u1) 12.2.0 Fedora Linux 42 Kernel: 5.4 Compiler: gcc gcc (GCC) 15.2.1 20250808 (Red Hat 15.2.1-1) Ubuntu 22.04 Kernel: 5.4 Compiler: gcc gcc (Ubuntu 11.4.0-1ubuntu1~22.04) 11.4.0 Red Hat Enterprise Linux 9.5 Kernel: 5.4 Compiler: gcc gcc (GCC) 11.5.0 20240719 (Red Hat 11.5.0-2) Ubuntu 24.04 Kernel: 5.4 Compiler: gcc gcc (Ubuntu 13.3.0-6ubuntu2~24.04) 13.3.0 CentOS Stream 9 Kernel: 5.4 Compiler: gcc gcc (GCC) 11.5.0 20240719 (Red Hat 11.5.0-11) CentOS Stream 10 Kernel: 5.4 Compiler: gcc gcc (GCC) 14.2.1 20250110 (Red Hat 14.2.1-8) To view detailed results, visit: https://lab.dpdk.org/results/dashboard/tarballs/35398/ UNH-IOL DPDK Community Lab To manage your email subscriptions, visit: https://lab.dpdk.org/results/dashboard/preferences/subscriptions/