From mboxrd@z Thu Jan 1 00:00:00 1970 Return-Path: Received: from mails.dpdk.org (mails.dpdk.org [217.70.189.124]) by inbox.dpdk.org (Postfix) with ESMTP id A4EC648A0C for ; Thu, 30 Oct 2025 11:00:14 +0100 (CET) Received: from mails.dpdk.org (localhost [127.0.0.1]) by mails.dpdk.org (Postfix) with ESMTP id 9F06A4026F; Thu, 30 Oct 2025 11:00:14 +0100 (CET) Received: from mail-pl1-f228.google.com (mail-pl1-f228.google.com [209.85.214.228]) by mails.dpdk.org (Postfix) with ESMTP id 7DDEA4026F for ; Thu, 30 Oct 2025 11:00:09 +0100 (CET) Received: by mail-pl1-f228.google.com with SMTP id d9443c01a7336-29292eca5dbso10412635ad.0 for ; Thu, 30 Oct 2025 03:00:09 -0700 (PDT) DKIM-Signature: v=1; a=rsa-sha256; c=relaxed/relaxed; d=iol.unh.edu; s=unh-iol; t=1761818409; x=1762423209; darn=dpdk.org; h=cc:to:from:subject:message-id:date:from:to:cc:subject:date :message-id:reply-to; bh=JaWZs4+DrdGpAflNM8nwyIis48ZnOXgZeYkcjEsHXOs=; b=JsGSWV3NgMM3fuaFtLPW18raEprFNop4CLrX84Gb2HPknxLhgPcVKaSnBnS25488Sj RuH1oONhad3Bl7E6p4xOu3gZY0+Dw6qalFoS3TUf0DUJaT9RU1lZVgXa/rq9ZqriVhul aUU5nFr7plU9Ut6z+OEfWySFnU2L2qiYNkPQQ= X-Google-DKIM-Signature: v=1; a=rsa-sha256; c=relaxed/relaxed; d=1e100.net; s=20230601; t=1761818409; x=1762423209; h=cc:to:from:subject:message-id:date:x-gm-message-state:from:to:cc :subject:date:message-id:reply-to; bh=JaWZs4+DrdGpAflNM8nwyIis48ZnOXgZeYkcjEsHXOs=; b=a8LtmcETqL8GJxpoIcxBVTvHbZ1dRYV0Npf3fvdnt2KKms+mbcOtXL4rNFrVgOvCqE noxP0glqIoJWrnty6+inr30w09jU/M0gH4QV5cQWM/SQocJAyOTFN+REfJskPSzw/Y7L +LtGCYB4YRS90HYhJ5V0lbuq0UMQ2lOpZIM3pIZzpGi1bqWJDiJgDnIovP9+LuGKTu4z Qwp+ZgG9KvIvWI7kKZVRb/oJqiEsQEuz+TJbkigflKWBCg4fFXPQd2+NnK0iXUuPFp+m ZgwlhQFGlxPrdDSbw1IW+BYniSc0Dy8rF6vlEZiYr/2AzJ6ZS7TzwwD6mkVDk5+r2tci Z+WA== X-Gm-Message-State: AOJu0Yxh7vChzIHNcahNR43mcoRj/jgXKxgB0TDHNmxDQcuFeXkEM/if 6ul7Hpz8N/osOFnXC/DnJTcG9oiS/wNk8RQdMZ9JipvajnobgGSE2HsQ4VtsaJq6BASb8ET5UEg CawiEyePougnvb/Y/WtjvGNUTwQL0SLOhhmgVQj4qtLYsZ6ZFBObQ X-Gm-Gg: ASbGncvTTrR0SUoqqnkexzuK71RFO4xYR/3tObGgjyQNLFYmeu9CbOAPcYEuUIA4G3i Tfr/4MYkeXPOhypcLv+w/FozXTshtmb++OAo0Mmr0OpZN2z6yD8eTIGoC9Gxxgzx6hTZEre03QR /bPn8EDrthPAeSQgS52H1waqOWAPshT5crDNIvOOcUy7TWbALnYUvJoEWkJcGPoa3fXcv+CW6pk rKc2Ln10MecVS26MQVszxFL7EACy9E0Ue2dEWgxbn9zaRv+jvFAb4SQbyPPOoDMoiM1g/bc/Yw/ flESJiHo1GH/HfKtAQOlEYdcJoDnp4no7qIXSUwrRTYdWdlaOyVQxNySAvdwktAyqZxBHN401Fa mUvhxOhO4 X-Google-Smtp-Source: AGHT+IFTTlpMORDN4x3YMxiEFcF98OxUfmZDCV6FW6QnTasVFB1+KNwM77FnP5IRqLikNsqZmlnsSucnnVvD X-Received: by 2002:a17:903:2442:b0:26a:8171:dafa with SMTP id d9443c01a7336-294ee35d302mr34354125ad.21.1761818408402; Thu, 30 Oct 2025 03:00:08 -0700 (PDT) Received: from postal.iol.unh.edu (postal.iol.unh.edu. [2606:4100:3880:1234::84]) by smtp-relay.gmail.com with ESMTPS id d9443c01a7336-29501601d6esm830295ad.6.2025.10.30.03.00.08 (version=TLS1_2 cipher=ECDHE-ECDSA-AES128-GCM-SHA256 bits=128/128); Thu, 30 Oct 2025 03:00:08 -0700 (PDT) X-Relaying-Domain: iol.unh.edu Date: Thu, 30 Oct 2025 03:00:08 -0700 (PDT) Message-ID: <69033728.170a0220.7a2d4.3cd9SMTPIN_ADDED_MISSING@mx.google.com> Received: from [172.21.0.5] (unknown [172.18.0.240]) by postal.iol.unh.edu (Postfix) with ESMTP id 741C26051830; Thu, 30 Oct 2025 06:00:07 -0400 (EDT) Subject: |FAILURE| [GIT MASTER] 62f583c49bf67dd4d6733ece14e55fe6839e66d1 From: dpdklab@iol.unh.edu To: Test Report Cc: dpdk-test-reports@iol.unh.edu, Xueming Li , Christian Ehrhardt , Kevin Traynor , Luca Boccassi Content-Type: text/plain X-BeenThere: test-report@dpdk.org X-Mailman-Version: 2.1.29 Precedence: list List-Id: automatic DPDK test reports List-Unsubscribe: , List-Archive: List-Post: List-Help: List-Subscribe: , Errors-To: test-report-bounces@dpdk.org _Testing issues_ Branch: tags/v23.11 62f583c49bf67dd4d6733ece14e55fe6839e66d1 --> testing issues Upstream job id: Generic-DPDK-Compile-Meson#439291 Test environment and result as below: +------------------------------+--------------------+ | Environment | dpdk_meson_compile | +==============================+====================+ | Ubuntu 20.04 | PASS | +------------------------------+--------------------+ | Debian GNU/Linux 12 | PASS | +------------------------------+--------------------+ | Fedora Linux 42 | PASS | +------------------------------+--------------------+ | Ubuntu 22.04 | PASS | +------------------------------+--------------------+ | Red Hat Enterprise Linux 9.5 | PASS | +------------------------------+--------------------+ | Ubuntu 24.04 | PASS | +------------------------------+--------------------+ | CentOS Stream 9 | PASS | +------------------------------+--------------------+ | CentOS Stream 10 | PASS | +------------------------------+--------------------+ Ubuntu 20.04 Kernel: 5.15 Compiler: aarch64-linux-gnu-gcc gcc (Ubuntu 9.4.0-1ubuntu1~20.04.2) 9.4.0 Debian GNU/Linux 12 Kernel: 5.4 Compiler: gcc gcc (Debian 12.2.0-14+deb12u1) 12.2.0 Fedora Linux 42 Kernel: 5.4 Compiler: gcc gcc (GCC) 15.2.1 20250808 (Red Hat 15.2.1-1) Ubuntu 22.04 Kernel: 5.4 Compiler: gcc gcc (Ubuntu 11.4.0-1ubuntu1~22.04) 11.4.0 Red Hat Enterprise Linux 9.5 Kernel: 5.4 Compiler: gcc gcc (GCC) 11.5.0 20240719 (Red Hat 11.5.0-2) Ubuntu 24.04 Kernel: 5.4 Compiler: gcc gcc (Ubuntu 13.3.0-6ubuntu2~24.04) 13.3.0 CentOS Stream 9 Kernel: 5.4 Compiler: gcc gcc (GCC) 11.5.0 20240719 (Red Hat 11.5.0-11) CentOS Stream 10 Kernel: 5.4 Compiler: gcc gcc (GCC) 14.2.1 20250110 (Red Hat 14.2.1-8) To view detailed results, visit: https://lab.dpdk.org/results/dashboard/tarballs/35398/ UNH-IOL DPDK Community Lab To manage your email subscriptions, visit: https://lab.dpdk.org/results/dashboard/preferences/subscriptions/