From: dpdklab@iol.unh.edu
To: Test Report <test-report@dpdk.org>
Cc: dpdk-test-reports@iol.unh.edu
Subject: |PENDING| pw158307-158309 [PATCH] [v4,4/4] net/tap: configure link c
Date: Thu, 30 Oct 2025 11:31:35 -0700 (PDT)	[thread overview]
Message-ID: <6903af07.050a0220.362165.4e56SMTPIN_ADDED_MISSING@mx.google.com> (raw)
In-Reply-To: <20251030175537.219641-11-rjarry@redhat.com>
Test-Label: iol-unit-arm64-testing
Test-Status: PENDING
http://dpdk.org/patch/158309
_Testing pending_
Submitter: Robin Jarry <rjarry@redhat.com>
Date: Thursday, October 30 2025 17:55:43 
DPDK git baseline: Repo:dpdk-next-net
  Branch: master
  CommitID:bd9b8a264598adb8e50c1e9e5fe97e75b6009db9
158307-158309 --> testing pending
Upstream job id: Generic-Unit-Test-DPDK#387062
Test environment and result as below:
+------------------------------+----------------+--------------+------------------------------+---------------------------+
|         Environment          | dpdk_unit_test | lpm_autotest | cryptodev_sw_snow3g_autotest | cryptodev_sw_zuc_autotest |
+==============================+================+==============+==============================+===========================+
| CentOS Stream 10             | PEND           | SKIPPED      | SKIPPED                      | SKIPPED                   |
+------------------------------+----------------+--------------+------------------------------+---------------------------+
| CentOS Stream 9              | PEND           | SKIPPED      | SKIPPED                      | SKIPPED                   |
+------------------------------+----------------+--------------+------------------------------+---------------------------+
| Debian GNU/Linux 12          | PEND           | SKIPPED      | SKIPPED                      | SKIPPED                   |
+------------------------------+----------------+--------------+------------------------------+---------------------------+
| Fedora Linux 40              | PEND           | SKIPPED      | SKIPPED                      | SKIPPED                   |
+------------------------------+----------------+--------------+------------------------------+---------------------------+
| Fedora Linux 41              | PEND           | SKIPPED      | SKIPPED                      | SKIPPED                   |
+------------------------------+----------------+--------------+------------------------------+---------------------------+
| Red Hat Enterprise Linux 9.5 | PEND           | SKIPPED      | SKIPPED                      | SKIPPED                   |
+------------------------------+----------------+--------------+------------------------------+---------------------------+
| Fedora Linux 42              | PEND           | SKIPPED      | SKIPPED                      | SKIPPED                   |
+------------------------------+----------------+--------------+------------------------------+---------------------------+
| Ubuntu 20.04                 | PEND           | PASS         | SKIPPED                      | SKIPPED                   |
+------------------------------+----------------+--------------+------------------------------+---------------------------+
| Ubuntu 24.04                 | PEND           | SKIPPED      | SKIPPED                      | SKIPPED                   |
+------------------------------+----------------+--------------+------------------------------+---------------------------+
| Ubuntu 22.04                 | PEND           | SKIPPED      | SKIPPED                      | SKIPPED                   |
+------------------------------+----------------+--------------+------------------------------+---------------------------+
| Debian 12 (arm)              | SKIPPED        | SKIPPED      | PEND                         | PEND                      |
+------------------------------+----------------+--------------+------------------------------+---------------------------+
CentOS Stream 10
	Kernel: 5.4
	Compiler: gcc gcc (GCC) 14.2.1 20250110 (Red Hat 14.2.1-8)
CentOS Stream 9
	Kernel: 5.4
	Compiler: gcc gcc (GCC) 11.5.0 20240719 (Red Hat 11.5.0-11)
Debian GNU/Linux 12
	Kernel: 5.4
	Compiler: gcc gcc (Debian 12.2.0-14+deb12u1) 12.2.0
Fedora Linux 40
	Kernel: 5.4
	Compiler: gcc gcc (GCC) 14.2.1 20240912 (Red Hat 14.2.1-3)
Fedora Linux 41
	Kernel: 5.4
	Compiler: gcc gcc (GCC) 14.3.1 20250523 (Red Hat 14.3.1-1)
Red Hat Enterprise Linux 9.5
	Kernel: 5.4
	Compiler: gcc gcc (GCC) 11.5.0 20240719 (Red Hat 11.5.0-2)
Fedora Linux 42
	Kernel: 5.4
	Compiler: clang gcc (GCC) 15.2.1 20250808 (Red Hat 15.2.1-1)
Ubuntu 20.04
	Kernel: 5.4
	Compiler: gcc gcc (Ubuntu 9.4.0-1ubuntu1~20.04.2) 9.4.0
Ubuntu 24.04
	Kernel: 5.4
	Compiler: gcc gcc (Ubuntu 13.3.0-6ubuntu2~24.04) 13.3.0
Ubuntu 22.04
	Kernel: 5.4
	Compiler: gcc gcc (Ubuntu 11.4.0-1ubuntu1~22.04) 11.4.0
Debian 12 (arm)
	Kernel: Depends on container host
	Compiler: gcc (Debian 12.2.0-14) 12.2.0
To view detailed results, visit:
https://lab.dpdk.org/results/dashboard/patchsets/34425/
UNH-IOL DPDK Community Lab
To manage your email subscriptions, visit: 
https://lab.dpdk.org/results/dashboard/preferences/subscriptions/
next prev parent reply	other threads:[~2025-10-30 18:31 UTC|newest]
Thread overview: 24+ messages / expand[flat|nested]  mbox.gz  Atom feed  top
     [not found] <20251030175537.219641-11-rjarry@redhat.com>
2025-10-30 17:26 ` |SUCCESS| pw158307-158309 [PATCH dpdk v4 4/4] net/tap: configure link carrier qemudev
2025-10-30 17:31 ` qemudev
2025-10-30 17:57 ` |SUCCESS| pw158309 " checkpatch
2025-10-30 18:21 ` |PENDING| pw158307-158309 [PATCH] [v4,4/4] net/tap: configure link c dpdklab
2025-10-30 18:25 ` |SUCCESS| " dpdklab
2025-10-30 18:27 ` |PENDING| " dpdklab
2025-10-30 18:30 ` |SUCCESS| " dpdklab
2025-10-30 18:31 ` dpdklab [this message]
2025-10-30 18:34 ` |PENDING| " dpdklab
2025-10-30 18:34 ` |FAILURE| " dpdklab
2025-10-30 18:35 ` dpdklab
2025-10-30 18:41 ` |SUCCESS| " dpdklab
2025-10-30 18:44 ` dpdklab
2025-10-30 18:47 ` dpdklab
2025-10-30 18:55 ` |WARNING| " dpdklab
2025-10-30 19:05 ` dpdklab
2025-10-30 19:07 ` |SUCCESS| pw158309 [PATCH dpdk v4 4/4] net/tap: configure link carrier 0-day Robot
2025-10-30 19:07 ` 0-day Robot
2025-10-30 19:14 ` |SUCCESS| pw158307-158309 [PATCH] [v4,4/4] net/tap: configure link c dpdklab
2025-10-30 19:16 ` dpdklab
2025-10-30 19:24 ` dpdklab
2025-10-30 19:29 ` dpdklab
2025-10-30 19:32 ` |WARNING| " dpdklab
2025-10-30 22:58 ` |SUCCESS| " dpdklab
Reply instructions:
You may reply publicly to this message via plain-text email
using any one of the following methods:
* Save the following mbox file, import it into your mail client,
  and reply-to-all from there: mbox
  Avoid top-posting and favor interleaved quoting:
  https://en.wikipedia.org/wiki/Posting_style#Interleaved_style
* Reply using the --to, --cc, and --in-reply-to
  switches of git-send-email(1):
  git send-email \
    --in-reply-to=6903af07.050a0220.362165.4e56SMTPIN_ADDED_MISSING@mx.google.com \
    --to=dpdklab@iol.unh.edu \
    --cc=dpdk-test-reports@iol.unh.edu \
    --cc=test-report@dpdk.org \
    /path/to/YOUR_REPLY
  https://kernel.org/pub/software/scm/git/docs/git-send-email.html
* If your mail client supports setting the In-Reply-To header
  via mailto: links, try the mailto: link
  Be sure your reply has a Subject: header at the top and a blank line
  before the message body.
This is a public inbox, see mirroring instructions
for how to clone and mirror all data and code used for this inbox;
as well as URLs for NNTP newsgroup(s).