From mboxrd@z Thu Jan 1 00:00:00 1970 Return-Path: Received: from mails.dpdk.org (mails.dpdk.org [217.70.189.124]) by inbox.dpdk.org (Postfix) with ESMTP id 24A3548A14 for ; Thu, 30 Oct 2025 19:34:43 +0100 (CET) Received: from mails.dpdk.org (localhost [127.0.0.1]) by mails.dpdk.org (Postfix) with ESMTP id 1EB634026F; Thu, 30 Oct 2025 19:34:43 +0100 (CET) Received: from mail-yx1-f97.google.com (mail-yx1-f97.google.com [74.125.224.97]) by mails.dpdk.org (Postfix) with ESMTP id DAF714026F for ; Thu, 30 Oct 2025 19:34:41 +0100 (CET) Received: by mail-yx1-f97.google.com with SMTP id 956f58d0204a3-63e255e9a20so1654032d50.0 for ; Thu, 30 Oct 2025 11:34:41 -0700 (PDT) DKIM-Signature: v=1; a=rsa-sha256; c=relaxed/relaxed; d=iol.unh.edu; s=unh-iol; t=1761849281; x=1762454081; darn=dpdk.org; h=references:in-reply-to:cc:to:from:subject:message-id:date:from:to :cc:subject:date:message-id:reply-to; bh=AdDgUWr2xo+uYUmanjmdfDtpSt7EPAEk/DF26ae8rxE=; b=ACzUDy2lAhMfKtoas4MnR9Cm6RVirrNO0ykbtUnvKd5d8FNQ1b7wU0+cdMvEq6FVLe y2c4gesFQbHbtJKxGUbV+W/mxrYxgpyiXD8oabrrdP5kvBV8ENQ26reHUMhhPmnnB7oK mxi5SymF3oH7OFC6s3bronOvwl+GtTtnv392g= X-Google-DKIM-Signature: v=1; a=rsa-sha256; c=relaxed/relaxed; d=1e100.net; s=20230601; t=1761849281; x=1762454081; h=references:in-reply-to:cc:to:from:subject:message-id:date :x-gm-message-state:from:to:cc:subject:date:message-id:reply-to; bh=AdDgUWr2xo+uYUmanjmdfDtpSt7EPAEk/DF26ae8rxE=; b=pKBRyXAMyHWCc6W8w6P5rOlzfPkkamgRuYO3ceSxN05KOwax3Vnu7WtHHTOaEfE0ML rMPRBeWkkYIydOjY3FjOowu5erS7txzFlbr57+dM76DxBt9jK3LRoiTnLZWDAMKQmsdP xA2iZPw14Iod7esPqb54APymvRSPNx+4a0wILeb+HxHeBXzj1V92s5FKpm+wee87F553 tx+/PdXQuP7tMFPc0kNzHS82vyGxvCUtP/RgllNa2h64rNiFSZMMnWF0IqfXHKxdxzdC Ozpc4rHSn/FTjFyCugAaOnpgaVwGX4/hofn8qVZS3z3Cfriw7fcjgeeUncUzllU7KkRd AYFQ== X-Gm-Message-State: AOJu0YweXEpcxv8j2eeptMkLiPk8SXg24/8pYwNirTHecLakiKdjlKkN qhuGxAc0ucLRJ3zp4lzp2Uyzd08ogOAmohBHo6ZKdXSr7AxqBH2KdkWEFUR9CKH6t9u168aEShV stilV+88EGneuemKsMDW8dSxeG9w5Yy6CUraGy2k/4/x7FdYCsZMqANA1UtAV X-Gm-Gg: ASbGnctAamUg3rrQwwhCyswv60+PIXlEVAPkcl1OtZSgq9oZrSUP4iDSzGVHDnZ9WmQ 2vro4HekB3OFRpEjiz23z5E43rXnIGz0kHODkFFlmG5z1mDNnxJEZ2dgN5baxO6ELtbuPdQ84Gz eiPMBmjGWCkY66zVpSwfMJK7UW48DFXAGI8h+wwcnwHBnLAyEw6UWfSH9OKDOQzDLRN+0g2guly FNki12PzgjGX03JlWJuMuW0/sSm7CRkzaIzvzXfKTp6Kz6SFVwo7Bh9lUKo1MlE8iYP26wUsJWI y482PEAA/tthcKPQFA6d74+gMzAOcecN7UxFxeSyPmP7PEjdYKpNJkxbL0T6HL4IS/CSLNgFueD 0fES1sq9C X-Google-Smtp-Source: AGHT+IH0D5gFnSXL4hP11XtdBBGllLg9Y5AQCw6ghXtq9xzlH+NZy9WMYupvIepHepXccQl/nLSdzM60AQLM X-Received: by 2002:a05:690e:2593:b0:63e:23d8:beaa with SMTP id 956f58d0204a3-63f92323d39mr321070d50.61.1761849281205; Thu, 30 Oct 2025 11:34:41 -0700 (PDT) Received: from postal.iol.unh.edu (postal.iol.unh.edu. [2606:4100:3880:1234::84]) by smtp-relay.gmail.com with ESMTPS id 956f58d0204a3-63f4c471471sm1331214d50.14.2025.10.30.11.34.41 (version=TLS1_2 cipher=ECDHE-ECDSA-AES128-GCM-SHA256 bits=128/128); Thu, 30 Oct 2025 11:34:41 -0700 (PDT) X-Relaying-Domain: iol.unh.edu Date: Thu, 30 Oct 2025 11:34:41 -0700 (PDT) Message-ID: <6903afc1.530a0220.3bfbf6.d835SMTPIN_ADDED_MISSING@mx.google.com> Received: from [172.21.0.2] (unknown [172.18.0.240]) by postal.iol.unh.edu (Postfix) with ESMTP id D656C604D420; Thu, 30 Oct 2025 14:34:40 -0400 (EDT) Subject: |FAILURE| pw158307-158309 [PATCH] [v4,4/4] net/tap: configure link c From: dpdklab@iol.unh.edu To: Test Report Cc: dpdk-test-reports@iol.unh.edu, Stephen Hemminger , Robin Jarry In-Reply-To: <20251030175537.219641-11-rjarry@redhat.com> References: <20251030175537.219641-11-rjarry@redhat.com> Content-Type: text/plain X-BeenThere: test-report@dpdk.org X-Mailman-Version: 2.1.29 Precedence: list List-Id: automatic DPDK test reports List-Unsubscribe: , List-Archive: List-Post: List-Help: List-Subscribe: , Errors-To: test-report-bounces@dpdk.org Test-Label: iol-compile-amd64-testing Test-Status: FAILURE http://dpdk.org/patch/158309 _Testing issues_ Submitter: Robin Jarry Date: Thursday, October 30 2025 17:55:43 DPDK git baseline: Repo:dpdk-next-net Branch: master CommitID:bd9b8a264598adb8e50c1e9e5fe97e75b6009db9 158307-158309 --> testing issues Upstream job id: Generic-DPDK-Compile-Meson#439387 Test environment and result as below: +-------------------------------+--------------------+-------------------+------------------+-------------------------+-------------------+----------------------+ | Environment | dpdk_meson_compile | dpdk_compile_spdk | dpdk_compile_ovs | dpdk_llvm_clang_compile | dpdk_msvc_compile | dpdk_mingw64_compile | +===============================+====================+===================+==================+=========================+===================+======================+ | CentOS Stream 9 | PEND | PEND | SKIPPED | SKIPPED | SKIPPED | SKIPPED | +-------------------------------+--------------------+-------------------+------------------+-------------------------+-------------------+----------------------+ | CentOS Stream 10 | PASS | SKIPPED | SKIPPED | SKIPPED | SKIPPED | SKIPPED | +-------------------------------+--------------------+-------------------+------------------+-------------------------+-------------------+----------------------+ | Fedora Linux 42 | PEND | PEND | PEND | SKIPPED | SKIPPED | SKIPPED | +-------------------------------+--------------------+-------------------+------------------+-------------------------+-------------------+----------------------+ | Debian GNU/Linux 12 | PEND | PEND | SKIPPED | SKIPPED | SKIPPED | SKIPPED | +-------------------------------+--------------------+-------------------+------------------+-------------------------+-------------------+----------------------+ | Ubuntu 20.04 | PASS | SKIPPED | SKIPPED | SKIPPED | SKIPPED | SKIPPED | +-------------------------------+--------------------+-------------------+------------------+-------------------------+-------------------+----------------------+ | openSUSE Leap 15.6 | PEND | SKIPPED | SKIPPED | SKIPPED | SKIPPED | SKIPPED | +-------------------------------+--------------------+-------------------+------------------+-------------------------+-------------------+----------------------+ | Red Hat Enterprise Linux 8.10 | PEND | SKIPPED | SKIPPED | SKIPPED | SKIPPED | SKIPPED | +-------------------------------+--------------------+-------------------+------------------+-------------------------+-------------------+----------------------+ | Red Hat Enterprise Linux 9.5 | PASS | SKIPPED | SKIPPED | SKIPPED | SKIPPED | SKIPPED | +-------------------------------+--------------------+-------------------+------------------+-------------------------+-------------------+----------------------+ | Ubuntu 22.04 | PASS | WARN | SKIPPED | SKIPPED | SKIPPED | SKIPPED | +-------------------------------+--------------------+-------------------+------------------+-------------------------+-------------------+----------------------+ | Ubuntu 24.04 | PEND | PEND | PEND | SKIPPED | SKIPPED | SKIPPED | +-------------------------------+--------------------+-------------------+------------------+-------------------------+-------------------+----------------------+ | FreeBSD 14.2 | PASS | SKIPPED | SKIPPED | SKIPPED | SKIPPED | SKIPPED | +-------------------------------+--------------------+-------------------+------------------+-------------------------+-------------------+----------------------+ | Alpine Linux 3.22.0 | PASS | SKIPPED | SKIPPED | SKIPPED | SKIPPED | SKIPPED | +-------------------------------+--------------------+-------------------+------------------+-------------------------+-------------------+----------------------+ | Windows Server 2022 | SKIPPED | SKIPPED | SKIPPED | PASS | PEND | PEND | +-------------------------------+--------------------+-------------------+------------------+-------------------------+-------------------+----------------------+ ==== 20 line log output for Ubuntu 22.04 (dpdk_compile_spdk): ==== --- Failed to get log output --- ==== End log output ==== CentOS Stream 9 Kernel: 5.15 Compiler: gcc gcc (GCC) 11.5.0 20240719 (Red Hat 11.5.0-11) CentOS Stream 10 Kernel: 5.15 Compiler: gcc gcc (GCC) 14.2.1 20250110 (Red Hat 14.2.1-8) Fedora Linux 42 Kernel: 5.15 Compiler: clang gcc (GCC) 15.2.1 20250808 (Red Hat 15.2.1-1) Debian GNU/Linux 12 Kernel: 5.15 Compiler: gcc gcc (Debian 12.2.0-14+deb12u1) 12.2.0 Ubuntu 20.04 Kernel: 4.19 Compiler: gcc gcc (Ubuntu 9.4.0-1ubuntu1~20.04.2) 9.4.0 openSUSE Leap 15.6 Kernel: 5.15 Compiler: gcc gcc (SUSE Linux) 7.5.0 Red Hat Enterprise Linux 8.10 Kernel: 5.15 Compiler: gcc gcc (GCC) 8.5.0 20210514 (Red Hat 8.5.0-22) Red Hat Enterprise Linux 9.5 Kernel: 5.15 Compiler: gcc gcc (GCC) 11.5.0 20240719 (Red Hat 11.5.0-2) Ubuntu 22.04 Kernel: 5.15 Compiler: gcc gcc (Ubuntu 11.4.0-1ubuntu1~22.04) 11.4.0 Ubuntu 24.04 Kernel: 5.15 Compiler: gcc gcc (Ubuntu 13.3.0-6ubuntu2~24.04) 13.3.0 FreeBSD 14.2 Kernel: 14.2-RELEASE Compiler: clang 18.1.6 Alpine Linux 3.22.0 Kernel: 5.15 Compiler: gcc gcc (Alpine 14.2.0) 14.2.0 Windows Server 2022 Kernel: 10.0.20348.2031 Compiler: clang 15.0.7, gcc 14.1.0 (MinGW), and MSVC VS 19.39.33521 To view detailed results, visit: https://lab.dpdk.org/results/dashboard/patchsets/34425/ UNH-IOL DPDK Community Lab To manage your email subscriptions, visit: https://lab.dpdk.org/results/dashboard/preferences/subscriptions/