From mboxrd@z Thu Jan 1 00:00:00 1970 Return-Path: Received: from mails.dpdk.org (mails.dpdk.org [217.70.189.124]) by inbox.dpdk.org (Postfix) with ESMTP id 377CC48A14 for ; Thu, 30 Oct 2025 19:35:12 +0100 (CET) Received: from mails.dpdk.org (localhost [127.0.0.1]) by mails.dpdk.org (Postfix) with ESMTP id 328764026F; Thu, 30 Oct 2025 19:35:12 +0100 (CET) Received: from mail-oa1-f100.google.com (mail-oa1-f100.google.com [209.85.160.100]) by mails.dpdk.org (Postfix) with ESMTP id DF6AF4026F for ; Thu, 30 Oct 2025 19:35:10 +0100 (CET) Received: by mail-oa1-f100.google.com with SMTP id 586e51a60fabf-3c97709a4fbso568598fac.0 for ; Thu, 30 Oct 2025 11:35:10 -0700 (PDT) DKIM-Signature: v=1; a=rsa-sha256; c=relaxed/relaxed; d=iol.unh.edu; s=unh-iol; t=1761849310; x=1762454110; darn=dpdk.org; h=references:in-reply-to:cc:to:from:subject:message-id:date:from:to :cc:subject:date:message-id:reply-to; bh=zQm/g6zf2D4cPtM+1CMB5yaIXxeuYcsJ4ri/rFBJYng=; b=QaM7cJ4QTHXtP1yZuF3PWA6wcQLv6i7uSUe6dXeKvWBDprgKEkvqs25wPXJp2wa9PR 5jy6dp54HJAm89PM5vzofG3NSyZkRAnUBikfg9sdIVPYBtYatZtiEzZbicjJ5R1brBt1 y5IVwlIgppdb0OpAQxcMM2DDIP2VBhM7F2gcw= X-Google-DKIM-Signature: v=1; a=rsa-sha256; c=relaxed/relaxed; d=1e100.net; s=20230601; t=1761849310; x=1762454110; h=references:in-reply-to:cc:to:from:subject:message-id:date :x-gm-message-state:from:to:cc:subject:date:message-id:reply-to; bh=zQm/g6zf2D4cPtM+1CMB5yaIXxeuYcsJ4ri/rFBJYng=; b=M00O3Cs+P3v8c//iCauUHsTMG7KRKSrAG8ZX3q9VCo6H4iHbpBsMICkfmTNJzUar5w +d+SSqZ59JhYwJugX+6NsaMVZQ/gPJMULAMJzIp0JGudW73Kd0a2y2R7FYCPG6GO4lUk j0ZNlsRFhZ7vmvHEJc7Wc0ygA+nwCl65pxwYyICED6oJvdIFY2anc1R/vS/aIsK3558o o5sIm8QnO/GGeREseGoQsF2s2ITDAVzarpNKG2abn2gZjZtnNfaBCrMz/XbzCkviwn/2 3Tp9IEP6GXgqz8g4eedEFAjzh/5iEfnUGbQd1wBStlfASBmVphrCz3KxHJ7RhXH2A5SJ xlaw== X-Gm-Message-State: AOJu0Yx2b2JPpkvVp2L0HVR481722n09ljrRtNjdgahsKW/lmtss29YW WKzlVnOj9FV+bgN4sH6hTNTvdIUBINegqLlnu4q2EgV1oVtz/vBZtxIUrLMCnUAHj8z0psQj90x iclvFgAUlNja0Tm6W657HTATz6xOcllrkUeRHjB++OZer90ykk0d6Auafi3tD X-Gm-Gg: ASbGncscyy43bK94sNQfeTK6rPC1Bv6bCpO8PUh+a+xox9YzGBnNHN7/8ymB9c/nkoa naReotLpNcazA/M+UKHd8+M353AG2/teu3V7/EhvVeykZpb+aEDYTEeF5N8DK9ZgketgQzLbLpo U1aA4RxqRoGx9sewkpbpL+Q7LK/F9t3XeScoZ8HqYREHuSnLFf0UQOGguvzfbCBxQLfryv7pOmM 02zxuiLiTjJEg5nvBWOVdUmhtvFwgIWP/vNVPH7ZrnD8meemcAUrnIW9t9nee4XzfGuUGJiUhXF 3lpPEHwa83TFfBqURxs05ssHjHHH0DOoKGACcCBmp1aLXNwz225UrxPcGKlR7amaA5mj2YRaVey roX3GyPav X-Google-Smtp-Source: AGHT+IEQyNcvxwW1x49O9NmyVE1HHoqb8cdAVrHUt0RzfRT5m3bogmz63uFnVWX7JpvGlw/O/TviBy9b6+JW X-Received: by 2002:a05:6870:e40c:b0:307:9de2:b3bd with SMTP id 586e51a60fabf-3dacc1c3a5fmr416642fac.32.1761849310115; Thu, 30 Oct 2025 11:35:10 -0700 (PDT) Received: from postal.iol.unh.edu (postal.iol.unh.edu. [2606:4100:3880:1234::84]) by smtp-relay.gmail.com with ESMTPS id 46e09a7af769-7c5380feeccsm1392991a34.2.2025.10.30.11.35.10 (version=TLS1_2 cipher=ECDHE-ECDSA-AES128-GCM-SHA256 bits=128/128); Thu, 30 Oct 2025 11:35:10 -0700 (PDT) X-Relaying-Domain: iol.unh.edu Date: Thu, 30 Oct 2025 11:35:10 -0700 (PDT) Message-ID: <6903afde.050a0220.2c7fc9.2862SMTPIN_ADDED_MISSING@mx.google.com> Received: from [172.21.0.3] (unknown [172.18.0.240]) by postal.iol.unh.edu (Postfix) with ESMTP id 982E7604D420; Thu, 30 Oct 2025 14:35:09 -0400 (EDT) Subject: |FAILURE| pw158307-158309 [PATCH] [v4,4/4] net/tap: configure link c From: dpdklab@iol.unh.edu To: Test Report Cc: dpdk-test-reports@iol.unh.edu, Stephen Hemminger , Robin Jarry In-Reply-To: <20251030175537.219641-11-rjarry@redhat.com> References: <20251030175537.219641-11-rjarry@redhat.com> Content-Type: text/plain X-BeenThere: test-report@dpdk.org X-Mailman-Version: 2.1.29 Precedence: list List-Id: automatic DPDK test reports List-Unsubscribe: , List-Archive: List-Post: List-Help: List-Subscribe: , Errors-To: test-report-bounces@dpdk.org Test-Label: iol-compile-amd64-testing Test-Status: FAILURE http://dpdk.org/patch/158309 _Testing issues_ Submitter: Robin Jarry Date: Thursday, October 30 2025 17:55:43 DPDK git baseline: Repo:dpdk-next-net Branch: master CommitID:bd9b8a264598adb8e50c1e9e5fe97e75b6009db9 158307-158309 --> testing issues Upstream job id: Generic-DPDK-Compile-Meson#439380 Test environment and result as below: +-------------------------------+--------------------+-------------------+------------------+-------------------------+-------------------+----------------------+ | Environment | dpdk_meson_compile | dpdk_compile_spdk | dpdk_compile_ovs | dpdk_llvm_clang_compile | dpdk_msvc_compile | dpdk_mingw64_compile | +===============================+====================+===================+==================+=========================+===================+======================+ | CentOS Stream 9 | PEND | PEND | SKIPPED | SKIPPED | SKIPPED | SKIPPED | +-------------------------------+--------------------+-------------------+------------------+-------------------------+-------------------+----------------------+ | CentOS Stream 10 | PASS | SKIPPED | SKIPPED | SKIPPED | SKIPPED | SKIPPED | +-------------------------------+--------------------+-------------------+------------------+-------------------------+-------------------+----------------------+ | Fedora Linux 42 | PEND | PEND | PEND | SKIPPED | SKIPPED | SKIPPED | +-------------------------------+--------------------+-------------------+------------------+-------------------------+-------------------+----------------------+ | Debian GNU/Linux 12 | PEND | PEND | SKIPPED | SKIPPED | SKIPPED | SKIPPED | +-------------------------------+--------------------+-------------------+------------------+-------------------------+-------------------+----------------------+ | Ubuntu 20.04 | PASS | SKIPPED | SKIPPED | SKIPPED | SKIPPED | SKIPPED | +-------------------------------+--------------------+-------------------+------------------+-------------------------+-------------------+----------------------+ | openSUSE Leap 15.6 | PEND | SKIPPED | SKIPPED | SKIPPED | SKIPPED | SKIPPED | +-------------------------------+--------------------+-------------------+------------------+-------------------------+-------------------+----------------------+ | Red Hat Enterprise Linux 8.10 | PEND | SKIPPED | SKIPPED | SKIPPED | SKIPPED | SKIPPED | +-------------------------------+--------------------+-------------------+------------------+-------------------------+-------------------+----------------------+ | Red Hat Enterprise Linux 9.5 | PASS | SKIPPED | SKIPPED | SKIPPED | SKIPPED | SKIPPED | +-------------------------------+--------------------+-------------------+------------------+-------------------------+-------------------+----------------------+ | Ubuntu 22.04 | PASS | WARN | SKIPPED | SKIPPED | SKIPPED | SKIPPED | +-------------------------------+--------------------+-------------------+------------------+-------------------------+-------------------+----------------------+ | Ubuntu 24.04 | PEND | PEND | PEND | SKIPPED | SKIPPED | SKIPPED | +-------------------------------+--------------------+-------------------+------------------+-------------------------+-------------------+----------------------+ | FreeBSD 14.2 | PASS | SKIPPED | SKIPPED | SKIPPED | SKIPPED | SKIPPED | +-------------------------------+--------------------+-------------------+------------------+-------------------------+-------------------+----------------------+ | Alpine Linux 3.22.0 | PASS | SKIPPED | SKIPPED | SKIPPED | SKIPPED | SKIPPED | +-------------------------------+--------------------+-------------------+------------------+-------------------------+-------------------+----------------------+ | Windows Server 2022 | SKIPPED | SKIPPED | SKIPPED | PASS | PEND | PEND | +-------------------------------+--------------------+-------------------+------------------+-------------------------+-------------------+----------------------+ ==== 20 line log output for Ubuntu 22.04 (dpdk_compile_spdk): ==== --- Failed to get log output --- ==== End log output ==== CentOS Stream 9 Kernel: 5.15 Compiler: gcc gcc (GCC) 11.5.0 20240719 (Red Hat 11.5.0-11) CentOS Stream 10 Kernel: 5.15 Compiler: gcc gcc (GCC) 14.2.1 20250110 (Red Hat 14.2.1-8) Fedora Linux 42 Kernel: 5.15 Compiler: clang gcc (GCC) 15.2.1 20250808 (Red Hat 15.2.1-1) Debian GNU/Linux 12 Kernel: 5.15 Compiler: gcc gcc (Debian 12.2.0-14+deb12u1) 12.2.0 Ubuntu 20.04 Kernel: 4.19 Compiler: gcc gcc (Ubuntu 9.4.0-1ubuntu1~20.04.2) 9.4.0 openSUSE Leap 15.6 Kernel: 5.15 Compiler: gcc gcc (SUSE Linux) 7.5.0 Red Hat Enterprise Linux 8.10 Kernel: 5.15 Compiler: gcc gcc (GCC) 8.5.0 20210514 (Red Hat 8.5.0-22) Red Hat Enterprise Linux 9.5 Kernel: 5.15 Compiler: gcc gcc (GCC) 11.5.0 20240719 (Red Hat 11.5.0-2) Ubuntu 22.04 Kernel: 5.15 Compiler: gcc gcc (Ubuntu 11.4.0-1ubuntu1~22.04) 11.4.0 Ubuntu 24.04 Kernel: 5.15 Compiler: gcc gcc (Ubuntu 13.3.0-6ubuntu2~24.04) 13.3.0 FreeBSD 14.2 Kernel: 14.2-RELEASE Compiler: clang 18.1.6 Alpine Linux 3.22.0 Kernel: 5.15 Compiler: gcc gcc (Alpine 14.2.0) 14.2.0 Windows Server 2022 Kernel: 10.0.20348.2031 Compiler: clang 15.0.7, gcc 14.1.0 (MinGW), and MSVC VS 19.39.33521 To view detailed results, visit: https://lab.dpdk.org/results/dashboard/patchsets/34425/ UNH-IOL DPDK Community Lab To manage your email subscriptions, visit: https://lab.dpdk.org/results/dashboard/preferences/subscriptions/