From: dpdklab@iol.unh.edu
To: Test Report <test-report@dpdk.org>
Cc: dpdk-test-reports@iol.unh.edu,
	Stephen Hemminger <stephen@networkplumber.org>
Subject: |SUCCESS| pw158284 [PATCH] [RFC] ethdev: fix UAF in rte_eth_tx_burst
Date: Thu, 30 Oct 2025 15:21:30 -0700 (PDT)	[thread overview]
Message-ID: <6903e4ea.050a0220.14e355.bda2SMTPIN_ADDED_MISSING@mx.google.com> (raw)
In-Reply-To: <20251029235400.1486861-1-stephen@networkplumber.org>
Test-Label: iol-unit-arm64-testing
Test-Status: SUCCESS
http://dpdk.org/patch/158284
_Testing PASS_
Submitter: Stephen Hemminger <stephen@networkplumber.org>
Date: Wednesday, October 29 2025 23:54:00 
DPDK git baseline: Repo:dpdk-next-net
  Branch: master
  CommitID:33145656260ac9a87590daab3d6f57aa9e579247
158284 --> testing pass
Upstream job id: Generic-Unit-Test-DPDK#386884
Test environment and result as below:
+------------------------------+--------------+---------------------------+------------------------------+----------------+
|         Environment          | lpm_autotest | cryptodev_sw_zuc_autotest | cryptodev_sw_snow3g_autotest | dpdk_unit_test |
+==============================+==============+===========================+==============================+================+
| Ubuntu 20.04                 | PASS         | SKIPPED                   | SKIPPED                      | PASS           |
+------------------------------+--------------+---------------------------+------------------------------+----------------+
| Debian 12 (arm)              | SKIPPED      | PASS                      | PASS                         | SKIPPED        |
+------------------------------+--------------+---------------------------+------------------------------+----------------+
| Debian GNU/Linux 12          | SKIPPED      | SKIPPED                   | SKIPPED                      | PASS           |
+------------------------------+--------------+---------------------------+------------------------------+----------------+
| CentOS Stream 9              | SKIPPED      | SKIPPED                   | SKIPPED                      | PASS           |
+------------------------------+--------------+---------------------------+------------------------------+----------------+
| Fedora Linux 40              | SKIPPED      | SKIPPED                   | SKIPPED                      | PASS           |
+------------------------------+--------------+---------------------------+------------------------------+----------------+
| CentOS Stream 10             | SKIPPED      | SKIPPED                   | SKIPPED                      | PASS           |
+------------------------------+--------------+---------------------------+------------------------------+----------------+
| Fedora Linux 41              | SKIPPED      | SKIPPED                   | SKIPPED                      | PASS           |
+------------------------------+--------------+---------------------------+------------------------------+----------------+
| Fedora Linux 42              | SKIPPED      | SKIPPED                   | SKIPPED                      | PASS           |
+------------------------------+--------------+---------------------------+------------------------------+----------------+
| Red Hat Enterprise Linux 9.5 | SKIPPED      | SKIPPED                   | SKIPPED                      | PASS           |
+------------------------------+--------------+---------------------------+------------------------------+----------------+
| Ubuntu 22.04                 | SKIPPED      | SKIPPED                   | SKIPPED                      | PASS           |
+------------------------------+--------------+---------------------------+------------------------------+----------------+
| Ubuntu 24.04                 | SKIPPED      | SKIPPED                   | SKIPPED                      | PASS           |
+------------------------------+--------------+---------------------------+------------------------------+----------------+
Ubuntu 20.04
	Kernel: 5.4
	Compiler: gcc gcc (Ubuntu 9.4.0-1ubuntu1~20.04.2) 9.4.0
Debian 12 (arm)
	Kernel: Depends on container host
	Compiler: gcc (Debian 12.2.0-14) 12.2.0
Debian GNU/Linux 12
	Kernel: 5.4
	Compiler: gcc gcc (Debian 12.2.0-14+deb12u1) 12.2.0
CentOS Stream 9
	Kernel: 5.4
	Compiler: gcc gcc (GCC) 11.5.0 20240719 (Red Hat 11.5.0-11)
Fedora Linux 40
	Kernel: 5.4
	Compiler: clang gcc (GCC) 14.2.1 20240912 (Red Hat 14.2.1-3)
CentOS Stream 10
	Kernel: 5.4
	Compiler: gcc gcc (GCC) 14.2.1 20250110 (Red Hat 14.2.1-8)
Fedora Linux 41
	Kernel: 5.4
	Compiler: gcc gcc (GCC) 14.3.1 20250523 (Red Hat 14.3.1-1)
Fedora Linux 42
	Kernel: 5.4
	Compiler: gcc gcc (GCC) 15.2.1 20250808 (Red Hat 15.2.1-1)
Red Hat Enterprise Linux 9.5
	Kernel: 5.4
	Compiler: gcc gcc (GCC) 11.5.0 20240719 (Red Hat 11.5.0-2)
Ubuntu 22.04
	Kernel: 5.4
	Compiler: gcc gcc (Ubuntu 11.4.0-1ubuntu1~22.04) 11.4.0
Ubuntu 24.04
	Kernel: 5.4
	Compiler: gcc gcc (Ubuntu 13.3.0-6ubuntu2~24.04) 13.3.0
To view detailed results, visit:
https://lab.dpdk.org/results/dashboard/patchsets/34421/
UNH-IOL DPDK Community Lab
To manage your email subscriptions, visit: 
https://lab.dpdk.org/results/dashboard/preferences/subscriptions/
     prev parent reply	other threads:[~2025-10-30 22:21 UTC|newest]
Thread overview: 27+ messages / expand[flat|nested]  mbox.gz  Atom feed  top
     [not found] <20251029235400.1486861-1-stephen@networkplumber.org>
2025-10-29 23:19 ` |SUCCESS| pw158284 [RFC] ethdev: fix UAF in rte_eth_tx_burst with filtering qemudev
2025-10-29 23:24 ` qemudev
2025-10-29 23:54 ` checkpatch
2025-10-30  0:27 ` |PENDING| pw158284 [PATCH] [RFC] ethdev: fix UAF in rte_eth_tx_burst dpdklab
2025-10-30  0:27 ` |SUCCESS| " dpdklab
2025-10-30  0:33 ` dpdklab
2025-10-30  0:53 ` dpdklab
2025-10-30  0:54 ` dpdklab
2025-10-30  0:56 ` |SUCCESS| pw158284 [RFC] ethdev: fix UAF in rte_eth_tx_burst with filtering 0-day Robot
2025-10-30  0:56 ` 0-day Robot
2025-10-30  0:57 ` |PENDING| pw158284 [PATCH] [RFC] ethdev: fix UAF in rte_eth_tx_burst dpdklab
2025-10-30  0:59 ` |SUCCESS| " dpdklab
2025-10-30  1:02 ` |PENDING| " dpdklab
2025-10-30  1:03 ` |SUCCESS| " dpdklab
2025-10-30  1:03 ` dpdklab
2025-10-30  1:12 ` |FAILURE| " dpdklab
2025-10-30  1:27 ` |WARNING| " dpdklab
2025-10-30  1:30 ` |PENDING| " dpdklab
2025-10-30  1:32 ` |SUCCESS| " dpdklab
2025-10-30  1:42 ` |WARNING| " dpdklab
2025-10-30  1:51 ` |SUCCESS| " dpdklab
2025-10-30  1:54 ` dpdklab
2025-10-30  1:56 ` |WARNING| " dpdklab
2025-10-30  2:01 ` dpdklab
2025-10-30  2:02 ` |SUCCESS| " dpdklab
2025-10-30  7:51 ` dpdklab
2025-10-30 22:21 ` dpdklab [this message]
Reply instructions:
You may reply publicly to this message via plain-text email
using any one of the following methods:
* Save the following mbox file, import it into your mail client,
  and reply-to-all from there: mbox
  Avoid top-posting and favor interleaved quoting:
  https://en.wikipedia.org/wiki/Posting_style#Interleaved_style
* Reply using the --to, --cc, and --in-reply-to
  switches of git-send-email(1):
  git send-email \
    --in-reply-to=6903e4ea.050a0220.14e355.bda2SMTPIN_ADDED_MISSING@mx.google.com \
    --to=dpdklab@iol.unh.edu \
    --cc=dpdk-test-reports@iol.unh.edu \
    --cc=stephen@networkplumber.org \
    --cc=test-report@dpdk.org \
    /path/to/YOUR_REPLY
  https://kernel.org/pub/software/scm/git/docs/git-send-email.html
* If your mail client supports setting the In-Reply-To header
  via mailto: links, try the mailto: link
  Be sure your reply has a Subject: header at the top and a blank line
  before the message body.
This is a public inbox, see mirroring instructions
for how to clone and mirror all data and code used for this inbox;
as well as URLs for NNTP newsgroup(s).