From mboxrd@z Thu Jan 1 00:00:00 1970 Return-Path: Received: from mails.dpdk.org (mails.dpdk.org [217.70.189.124]) by inbox.dpdk.org (Postfix) with ESMTP id 5DC7548A19 for ; Fri, 31 Oct 2025 00:58:25 +0100 (CET) Received: from mails.dpdk.org (localhost [127.0.0.1]) by mails.dpdk.org (Postfix) with ESMTP id 4EC394026F; Fri, 31 Oct 2025 00:58:25 +0100 (CET) Received: from mail-qt1-f226.google.com (mail-qt1-f226.google.com [209.85.160.226]) by mails.dpdk.org (Postfix) with ESMTP id 87F524026F for ; Fri, 31 Oct 2025 00:58:24 +0100 (CET) Received: by mail-qt1-f226.google.com with SMTP id d75a77b69052e-4e89ac45e61so14318601cf.2 for ; Thu, 30 Oct 2025 16:58:24 -0700 (PDT) DKIM-Signature: v=1; a=rsa-sha256; c=relaxed/relaxed; d=iol.unh.edu; s=unh-iol; t=1761868704; x=1762473504; darn=dpdk.org; h=cc:to:from:subject:message-id:date:from:to:cc:subject:date :message-id:reply-to; bh=oXLwy2AZfqvObEd0SiAeAmq9E81PwjXwU9kI/SPU58g=; b=Awgqo0m9ZTC05Njzta7V0aMlkxGNhjfBUpoc9M886EjCwdCj0klvX9GFM+EylN1YjO NLfx99K/cLaejKXQ/zml997/nYThAq5eV05AMZDY71U83u+WDo3IMdm5DFv1PFG9Jwwo j83CLLtR8XOvpReveWxxCfJYeERYdEbXarXoE= X-Google-DKIM-Signature: v=1; a=rsa-sha256; c=relaxed/relaxed; d=1e100.net; s=20230601; t=1761868704; x=1762473504; h=cc:to:from:subject:message-id:date:x-gm-message-state:from:to:cc :subject:date:message-id:reply-to; bh=oXLwy2AZfqvObEd0SiAeAmq9E81PwjXwU9kI/SPU58g=; b=d+R0uv1oOCX/Xvi9LeRS6D3TEELxOR2i7AWcXLfmZK1u8yCKVFy6rd4viUCYsku+h+ DAKIi9eOhkwnkHRH5NMFRiCbBRUkGiCNqHkRWYEN9fETOI7uWePfVlUgb5WwUOU7NKd0 TdfxGTqoyZADd0LuB67DC6RYlpybY9Ll//J/2TyR/CEq4TOMn7Rk0mpoGRZL5bRD4HFg JnfjTdAsRbSnewf3HJocyE0In+hQW/3OjwiKNrRJ7wc8dqFrxPmu45zhc3pseYxfaVLS RG4kSCweaLfDTodu3qzp2VgtWwbAaz8HSuo1KdJulQMnXpXeEahQsh5Qt7gRQ8LerF8g uZOg== X-Gm-Message-State: AOJu0YzrBHGl8jPsMRpoDOkU12Z95OU7OzUSWShi9j4pI3JrHDN9V1jV 8RQLdH3ojDQZIxp1idJls7fyMmpmzKr+4WAU4TipZD+fUwJbpcAcIO6ZBzz9wOXfm9s6EWVPLk7 I4YCOAukW/6BTcO/nLKUEFev7xXwaUT4HT4aW X-Gm-Gg: ASbGnctYOrzTTZJTFH5T+fgdSEu/9RFuuqt6MI/d/54PKSTKk1OxZUC0V5USGtA1C6M zvXG2d5bAvmghJc1aYyjuK2gp3uZ8l1R9830zZPkmQe+80SUwLUEZpNtFZTsRJzecStHiMb28tS wX0PgpESeZzVp+csn/dV9MvHABTXUjwpyPUNWmdz+8X0/jWAEJzU78qG8n7VbNcpF3myyeMFMgi BYgdvIHWd2GKa89tSOoPwmYpA7WMThys/0gZK2LjbwmStxuCuZC1Vh+BO5uLjvcZOmW6RyiKFMD BoPJKmOmk+UEpMK6MPcm6RmLkczexcBIhGdf4Efh34GrTBOAjKntNFrjclhxTAZ1mTSWg7aLy4R c9I20dKlSlAWqTrLtrnHAPim5freW4pc= X-Google-Smtp-Source: AGHT+IFJJs7OXgPbjZdaGQVB4wvAsgKFjGPmn4fRQJwv8hfjoFx+SHRdQ4Zc4RLPoXqWisicpqGmUcnc0J6H X-Received: by 2002:a05:622a:a6d9:b0:4ed:1ccb:e61d with SMTP id d75a77b69052e-4ed30d5031cmr18627501cf.12.1761868703761; Thu, 30 Oct 2025 16:58:23 -0700 (PDT) Received: from postal.iol.unh.edu (postal.iol.unh.edu. [132.177.123.84]) by smtp-relay.gmail.com with ESMTPS id 6a1803df08f44-880362c602asm150596d6.18.2025.10.30.16.58.23 (version=TLS1_2 cipher=ECDHE-ECDSA-AES128-GCM-SHA256 bits=128/128); Thu, 30 Oct 2025 16:58:23 -0700 (PDT) X-Relaying-Domain: iol.unh.edu Date: Thu, 30 Oct 2025 16:58:23 -0700 (PDT) Message-ID: <6903fb9f.050a0220.36af1f.0e1fSMTPIN_ADDED_MISSING@mx.google.com> Received: from [172.21.0.2] (unknown [172.18.0.240]) by postal.iol.unh.edu (Postfix) with ESMTP id 6A5E66051830; Thu, 30 Oct 2025 19:58:23 -0400 (EDT) Subject: |FAILURE| [GIT MASTER] 3b43ce3f4a54468e7ef65760c2fd7b4d6ee6d9fc From: dpdklab@iol.unh.edu To: Test Report Cc: dpdk-test-reports@iol.unh.edu, Xueming Li , Christian Ehrhardt , Kevin Traynor , Luca Boccassi Content-Type: text/plain X-BeenThere: test-report@dpdk.org X-Mailman-Version: 2.1.29 Precedence: list List-Id: automatic DPDK test reports List-Unsubscribe: , List-Archive: List-Post: List-Help: List-Subscribe: , Errors-To: test-report-bounces@dpdk.org _Testing issues_ Branch: tags/v22.11 3b43ce3f4a54468e7ef65760c2fd7b4d6ee6d9fc --> testing issues Upstream job id: Generic-Unit-Test-DPDK#386925 Test environment and result as below: +-----------------+--------------+---------------------------+------------------------------+----------------+ | Environment | lpm_autotest | cryptodev_sw_zuc_autotest | cryptodev_sw_snow3g_autotest | dpdk_unit_test | +=================+==============+===========================+==============================+================+ | Ubuntu 20.04 | FAIL | SKIPPED | SKIPPED | SKIPPED | +-----------------+--------------+---------------------------+------------------------------+----------------+ | Debian 12 (arm) | SKIPPED | PASS | PASS | SKIPPED | +-----------------+--------------+---------------------------+------------------------------+----------------+ | Ubuntu 22.04 | SKIPPED | SKIPPED | SKIPPED | PASS | +-----------------+--------------+---------------------------+------------------------------+----------------+ ==== 20 line log output for Ubuntu 20.04 (lpm_autotest): ==== [671/690] Compiling C object 'app/test/3062f5d@@dpdk-test@exe/test_threads.c.o'. [672/690] Compiling C object 'app/test/3062f5d@@dpdk-test@exe/test_thash_perf.c.o'. [673/690] Compiling C object 'app/test/3062f5d@@dpdk-test@exe/test_thash.c.o'. [674/690] Compiling C object 'app/test/3062f5d@@dpdk-test@exe/test_timer.c.o'. [675/690] Compiling C object 'app/test/3062f5d@@dpdk-test@exe/test_timer_perf.c.o'. [676/690] Compiling C object 'app/test/3062f5d@@dpdk-test@exe/test_timer_racecond.c.o'. [677/690] Compiling C object 'app/test/3062f5d@@dpdk-test@exe/test_timer_secondary.c.o'. [678/690] Compiling C object 'app/test/3062f5d@@dpdk-test@exe/test_ticketlock.c.o'. [679/690] Compiling C object 'app/test/3062f5d@@dpdk-test@exe/test_trace.c.o'. [680/690] Compiling C object 'app/test/3062f5d@@dpdk-test@exe/test_trace_register.c.o'. [681/690] Compiling C object 'app/test/3062f5d@@dpdk-test@exe/test_version.c.o'. [682/690] Compiling C object 'app/test/3062f5d@@dpdk-test@exe/test_telemetry_json.c.o'. [683/690] Compiling C object 'app/test/3062f5d@@dpdk-test@exe/test_telemetry_data.c.o'. [684/690] Compiling C object 'app/test/3062f5d@@dpdk-test@exe/test_ring.c.o'. [685/690] Compiling C object 'app/test/3062f5d@@dpdk-test@exe/virtual_pmd.c.o'. [686/690] Compiling C object 'app/test/3062f5d@@dpdk-test@exe/test_pcapng.c.o'. [687/690] Compiling C object 'app/test/3062f5d@@dpdk-test@exe/test_bpf.c.o'. [688/690] Compiling C object 'app/test/3062f5d@@dpdk-test@exe/test_compressdev.c.o'. [689/690] Compiling C object 'app/test/3062f5d@@dpdk-test@exe/test_trace_perf.c.o'. [690/690] Linking target app/test/dpdk-test. ==== End log output ==== Ubuntu 20.04 Kernel: 5.4 Compiler: gcc gcc (Ubuntu 9.4.0-1ubuntu1~20.04.2) 9.4.0 Debian 12 (arm) Kernel: Depends on container host Compiler: gcc (Debian 12.2.0-14) 12.2.0 Ubuntu 22.04 Kernel: 5.15 Compiler: gcc gcc (Ubuntu 11.4.0-1ubuntu1~22.04.2) 11.4.0 To view detailed results, visit: https://lab.dpdk.org/results/dashboard/tarballs/35397/ UNH-IOL DPDK Community Lab To manage your email subscriptions, visit: https://lab.dpdk.org/results/dashboard/preferences/subscriptions/