From: dpdklab@iol.unh.edu
To: Test Report <test-report@dpdk.org>
Cc: dpdk-test-reports@iol.unh.edu
Subject: |PENDING| pw158311 [PATCH] [v1,1/1] net/nbl: use hardware MAC addres
Date: Thu, 30 Oct 2025 19:28:24 -0700 (PDT)	[thread overview]
Message-ID: <69041ec8.170a0220.2db159.2804SMTPIN_ADDED_MISSING@mx.google.com> (raw)
In-Reply-To: <20251031014417.3424934-2-dimon.zhao@nebula-matrix.com>
Test-Label: iol-unit-arm64-testing
Test-Status: PENDING
http://dpdk.org/patch/158311
_Testing pending_
Submitter: Dimon Zhao <dimon.zhao@nebula-matrix.com>
Date: Friday, October 31 2025 01:44:16 
DPDK git baseline: Repo:dpdk-next-net
  Branch: master
  CommitID:5d2900b5b1a9da68c19d53d3f8e1075bee0a5f47
158311 --> testing pending
Upstream job id: Generic-Unit-Test-DPDK#387114
Test environment and result as below:
+------------------------------+---------------------------+--------------+----------------+------------------------------+
|         Environment          | cryptodev_sw_zuc_autotest | lpm_autotest | dpdk_unit_test | cryptodev_sw_snow3g_autotest |
+==============================+===========================+==============+================+==============================+
| Debian 12 (arm)              | PEND                      | SKIPPED      | SKIPPED        | PEND                         |
+------------------------------+---------------------------+--------------+----------------+------------------------------+
| Ubuntu 20.04                 | SKIPPED                   | PASS         | PEND           | SKIPPED                      |
+------------------------------+---------------------------+--------------+----------------+------------------------------+
| CentOS Stream 9              | SKIPPED                   | SKIPPED      | PEND           | SKIPPED                      |
+------------------------------+---------------------------+--------------+----------------+------------------------------+
| CentOS Stream 10             | SKIPPED                   | SKIPPED      | PEND           | SKIPPED                      |
+------------------------------+---------------------------+--------------+----------------+------------------------------+
| Fedora Linux 40              | SKIPPED                   | SKIPPED      | PEND           | SKIPPED                      |
+------------------------------+---------------------------+--------------+----------------+------------------------------+
| Debian GNU/Linux 12          | SKIPPED                   | SKIPPED      | PEND           | SKIPPED                      |
+------------------------------+---------------------------+--------------+----------------+------------------------------+
| Fedora Linux 41              | SKIPPED                   | SKIPPED      | PEND           | SKIPPED                      |
+------------------------------+---------------------------+--------------+----------------+------------------------------+
| Fedora Linux 42              | SKIPPED                   | SKIPPED      | PEND           | SKIPPED                      |
+------------------------------+---------------------------+--------------+----------------+------------------------------+
| Ubuntu 22.04                 | SKIPPED                   | SKIPPED      | PEND           | SKIPPED                      |
+------------------------------+---------------------------+--------------+----------------+------------------------------+
| Red Hat Enterprise Linux 9.5 | SKIPPED                   | SKIPPED      | PEND           | SKIPPED                      |
+------------------------------+---------------------------+--------------+----------------+------------------------------+
| Ubuntu 24.04                 | SKIPPED                   | SKIPPED      | PEND           | SKIPPED                      |
+------------------------------+---------------------------+--------------+----------------+------------------------------+
Debian 12 (arm)
	Kernel: Depends on container host
	Compiler: gcc (Debian 12.2.0-14) 12.2.0
Ubuntu 20.04
	Kernel: 5.4
	Compiler: gcc gcc (Ubuntu 9.4.0-1ubuntu1~20.04.2) 9.4.0
CentOS Stream 9
	Kernel: 5.4
	Compiler: gcc gcc (GCC) 11.5.0 20240719 (Red Hat 11.5.0-11)
CentOS Stream 10
	Kernel: 5.4
	Compiler: gcc gcc (GCC) 14.2.1 20250110 (Red Hat 14.2.1-8)
Fedora Linux 40
	Kernel: 5.4
	Compiler: clang gcc (GCC) 14.2.1 20240912 (Red Hat 14.2.1-3)
Debian GNU/Linux 12
	Kernel: 5.4
	Compiler: gcc gcc (Debian 12.2.0-14+deb12u1) 12.2.0
Fedora Linux 41
	Kernel: 5.4
	Compiler: clang gcc (GCC) 14.3.1 20250523 (Red Hat 14.3.1-1)
Fedora Linux 42
	Kernel: 5.4
	Compiler: clang gcc (GCC) 15.2.1 20250808 (Red Hat 15.2.1-1)
Ubuntu 22.04
	Kernel: 5.4
	Compiler: gcc gcc (Ubuntu 11.4.0-1ubuntu1~22.04) 11.4.0
Red Hat Enterprise Linux 9.5
	Kernel: 5.4
	Compiler: gcc gcc (GCC) 11.5.0 20240719 (Red Hat 11.5.0-2)
Ubuntu 24.04
	Kernel: 5.4
	Compiler: gcc gcc (Ubuntu 13.3.0-6ubuntu2~24.04) 13.3.0
To view detailed results, visit:
https://lab.dpdk.org/results/dashboard/patchsets/34427/
UNH-IOL DPDK Community Lab
To manage your email subscriptions, visit: 
https://lab.dpdk.org/results/dashboard/preferences/subscriptions/
next prev parent reply	other threads:[~2025-10-31  2:28 UTC|newest]
Thread overview: 27+ messages / expand[flat|nested]  mbox.gz  Atom feed  top
     [not found] <20251031014417.3424934-2-dimon.zhao@nebula-matrix.com>
2025-10-31  1:09 ` |SUCCESS| pw158311 [PATCH v1 1/1] net/nbl: use hardware MAC address instead of random one qemudev
2025-10-31  1:14 ` qemudev
2025-10-31  1:44 ` checkpatch
2025-10-31  2:10 ` |PENDING| pw158311 [PATCH] [v1,1/1] net/nbl: use hardware MAC addres dpdklab
2025-10-31  2:13 ` dpdklab
2025-10-31  2:14 ` dpdklab
2025-10-31  2:14 ` |SUCCESS| " dpdklab
2025-10-31  2:18 ` dpdklab
2025-10-31  2:23 ` |PENDING| " dpdklab
2025-10-31  2:28 ` dpdklab [this message]
2025-10-31  2:30 ` |FAILURE| " dpdklab
2025-10-31  2:30 ` |SUCCESS| " dpdklab
2025-10-31  2:31 ` |WARNING| " dpdklab
2025-10-31  2:33 ` |SUCCESS| " dpdklab
2025-10-31  2:35 ` dpdklab
2025-10-31  2:39 ` dpdklab
2025-10-31  2:45 ` |SUCCESS| pw158311 [PATCH v1 1/1] net/nbl: use hardware MAC address instead of random one 0-day Robot
2025-10-31  2:45 ` 0-day Robot
2025-10-31  2:54 ` |WARNING| pw158311 [PATCH] [v1,1/1] net/nbl: use hardware MAC addres dpdklab
2025-10-31  2:56 ` dpdklab
2025-10-31  2:56 ` |SUCCESS| " dpdklab
2025-10-31  2:58 ` dpdklab
2025-10-31  3:01 ` dpdklab
2025-10-31  6:31 ` dpdklab
2025-10-31  6:46 ` dpdklab
2025-10-31  6:59 ` dpdklab
2025-10-31  9:31 ` dpdklab
Reply instructions:
You may reply publicly to this message via plain-text email
using any one of the following methods:
* Save the following mbox file, import it into your mail client,
  and reply-to-all from there: mbox
  Avoid top-posting and favor interleaved quoting:
  https://en.wikipedia.org/wiki/Posting_style#Interleaved_style
* Reply using the --to, --cc, and --in-reply-to
  switches of git-send-email(1):
  git send-email \
    --in-reply-to=69041ec8.170a0220.2db159.2804SMTPIN_ADDED_MISSING@mx.google.com \
    --to=dpdklab@iol.unh.edu \
    --cc=dpdk-test-reports@iol.unh.edu \
    --cc=test-report@dpdk.org \
    /path/to/YOUR_REPLY
  https://kernel.org/pub/software/scm/git/docs/git-send-email.html
* If your mail client supports setting the In-Reply-To header
  via mailto: links, try the mailto: link
  Be sure your reply has a Subject: header at the top and a blank line
  before the message body.
This is a public inbox, see mirroring instructions
for how to clone and mirror all data and code used for this inbox;
as well as URLs for NNTP newsgroup(s).