From mboxrd@z Thu Jan 1 00:00:00 1970 Return-Path: Received: from mails.dpdk.org (mails.dpdk.org [217.70.189.124]) by inbox.dpdk.org (Postfix) with ESMTP id 37F4148A21 for ; Fri, 31 Oct 2025 03:30:20 +0100 (CET) Received: from mails.dpdk.org (localhost [127.0.0.1]) by mails.dpdk.org (Postfix) with ESMTP id 119574026F; Fri, 31 Oct 2025 03:30:20 +0100 (CET) Received: from mail-ua1-f98.google.com (mail-ua1-f98.google.com [209.85.222.98]) by mails.dpdk.org (Postfix) with ESMTP id 33C674026F for ; Fri, 31 Oct 2025 03:30:19 +0100 (CET) Received: by mail-ua1-f98.google.com with SMTP id a1e0cc1a2514c-934fb15ee9dso663038241.1 for ; Thu, 30 Oct 2025 19:30:19 -0700 (PDT) DKIM-Signature: v=1; a=rsa-sha256; c=relaxed/relaxed; d=iol.unh.edu; s=unh-iol; t=1761877818; x=1762482618; darn=dpdk.org; h=references:in-reply-to:cc:to:from:subject:message-id:date:from:to :cc:subject:date:message-id:reply-to; bh=xnVEBoZphoaSrCQJ+Z7VZl1HHHOCdRb/MAVroVXnvjk=; b=c0diKBW1oip7p4Tq3ak93j+OsgTciIaBlAQKyqK78PGvn1xlCeL/dwc34SuN2NIlu2 76wq8sBw31irgPm61seWh5/MhJb+NL80yvmPuHvd7Et4P79LaoYYWqeIo2MWWS8+Wkmu bD6gFLk7BWKOHMl35oIQuQx49fWaROdgsn+zY= X-Google-DKIM-Signature: v=1; a=rsa-sha256; c=relaxed/relaxed; d=1e100.net; s=20230601; t=1761877818; x=1762482618; h=references:in-reply-to:cc:to:from:subject:message-id:date :x-gm-message-state:from:to:cc:subject:date:message-id:reply-to; bh=xnVEBoZphoaSrCQJ+Z7VZl1HHHOCdRb/MAVroVXnvjk=; b=UAmOWW5SyIzw0M+weuC8vP13Pktujfkl+9xZH14KcC1NYx+ljKL/fWD2m/VjMDwbbp Ihlly3cMJgxsPe+MMTqQoIGM3ZcslOjDuTAAy/oYHhSbjLz7/EuOuFYkTnCxUzPIMNOs t3TkIB6E3DnXOKyXA4O3aovmLLqI2Uwa06UMpx8DzPC4S6sgs1pAMpqiUx37MHhCUZKj zCdB6lSscvVyvsxN4vmMK9BImPFv5RKTlETkgzBmBLFx9dZ/gQgWhDTjI6t7bQgpqCv3 49nQFqhAjnOWaWzq1X3i19BQfVkQ6oyrK1kgnKSf2Wp8loLV/zpLXQGAS2YUGsPlE3Ig YizA== X-Gm-Message-State: AOJu0Yw3f+1omwxIoFihb+z9Lyjt+83QKKGVHF0e92JG22mDGDaI7Ses qnXItvOH9vk2kvFwiZhUyFEqIanHGTocHuPXh1JQLS/4R0ygrnsM6XogE2Zra+MB/GgP4x888uY ts0r+x4b0M3O22TbkcpskwDYwikI2rcr+Hox7s8ZgdJ6x X-Gm-Gg: ASbGnctZVHk0AcWXzYkvR5534V1wSDC9tw8YfnhPqCThGrKK/SuLTyIlYh4fusjyPxr z7R8F5ADMrCIygvXB6uQLVy+NpL1mUVA6czHD9t11XX1XlbHPY5Q50rfgrlt2l945Ixi818lA7d gdBsD3kbuZXnVLjuUYBslbkDf3WYo5ebk/Ipsr7StMwpErgdJAD44yKhzW3S1ANciq2PgYUvRG+ Po+PyrUwQs/hIn9UcB79xoG8N+L/lG9Ia2w4qg4oPubfdsCU1OIoTQ0HH5jkm4BUyjvAVQz4B5Q WyPiFoYBa8kDalGrPD4kvfoFVJDfKl9FOiPx6qiWYT4oO/FaVFwD/mYqQOc7pGggXT8aWHnRK3r VQp4AhOsqr4xx7BoePed7gkNOG5aNgio= X-Google-Smtp-Source: AGHT+IGV49GW7JD37F8THBjYGqKbrLC+ET/gtqmEPEukFYwrFSnURvVrqKse42vAsGgyBlPzO00ueIdb06H8 X-Received: by 2002:a05:6102:370f:b0:51b:fe23:f4c with SMTP id ada2fe7eead31-5dbb12ed15bmr541429137.22.1761877818481; Thu, 30 Oct 2025 19:30:18 -0700 (PDT) Received: from postal.iol.unh.edu (postal.iol.unh.edu. [132.177.123.84]) by smtp-relay.gmail.com with ESMTPS id ada2fe7eead31-5dbb64d9babsm38957137.5.2025.10.30.19.30.18 (version=TLS1_2 cipher=ECDHE-ECDSA-AES128-GCM-SHA256 bits=128/128); Thu, 30 Oct 2025 19:30:18 -0700 (PDT) X-Relaying-Domain: iol.unh.edu Date: Thu, 30 Oct 2025 19:30:18 -0700 (PDT) Message-ID: <69041f3a.050a0220.23ca30.1f96SMTPIN_ADDED_MISSING@mx.google.com> Received: from [172.21.0.4] (unknown [172.18.0.240]) by postal.iol.unh.edu (Postfix) with ESMTP id 2C0816051830; Thu, 30 Oct 2025 22:30:18 -0400 (EDT) Subject: |FAILURE| pw158311 [PATCH] [v1,1/1] net/nbl: use hardware MAC addres From: dpdklab@iol.unh.edu To: Test Report Cc: dpdk-test-reports@iol.unh.edu, Stephen Hemminger , Dimon Zhao In-Reply-To: <20251031014417.3424934-2-dimon.zhao@nebula-matrix.com> References: <20251031014417.3424934-2-dimon.zhao@nebula-matrix.com> Content-Type: text/plain X-BeenThere: test-report@dpdk.org X-Mailman-Version: 2.1.29 Precedence: list List-Id: automatic DPDK test reports List-Unsubscribe: , List-Archive: List-Post: List-Help: List-Subscribe: , Errors-To: test-report-bounces@dpdk.org Test-Label: iol-compile-amd64-testing Test-Status: FAILURE http://dpdk.org/patch/158311 _Testing issues_ Submitter: Dimon Zhao Date: Friday, October 31 2025 01:44:16 DPDK git baseline: Repo:dpdk-next-net Branch: master CommitID:5d2900b5b1a9da68c19d53d3f8e1075bee0a5f47 158311 --> testing issues Upstream job id: Generic-DPDK-Compile-Meson#439435 Test environment and result as below: +-------------------------------+--------------------+-------------------+------------------+-------------------------+-------------------+----------------------+ | Environment | dpdk_meson_compile | dpdk_compile_spdk | dpdk_compile_ovs | dpdk_llvm_clang_compile | dpdk_msvc_compile | dpdk_mingw64_compile | +===============================+====================+===================+==================+=========================+===================+======================+ | CentOS Stream 9 | PEND | PEND | SKIPPED | SKIPPED | SKIPPED | SKIPPED | +-------------------------------+--------------------+-------------------+------------------+-------------------------+-------------------+----------------------+ | CentOS Stream 10 | PASS | SKIPPED | SKIPPED | SKIPPED | SKIPPED | SKIPPED | +-------------------------------+--------------------+-------------------+------------------+-------------------------+-------------------+----------------------+ | Fedora Linux 42 | PEND | PEND | PEND | SKIPPED | SKIPPED | SKIPPED | +-------------------------------+--------------------+-------------------+------------------+-------------------------+-------------------+----------------------+ | Debian GNU/Linux 12 | PEND | PEND | SKIPPED | SKIPPED | SKIPPED | SKIPPED | +-------------------------------+--------------------+-------------------+------------------+-------------------------+-------------------+----------------------+ | Ubuntu 20.04 | PASS | SKIPPED | SKIPPED | SKIPPED | SKIPPED | SKIPPED | +-------------------------------+--------------------+-------------------+------------------+-------------------------+-------------------+----------------------+ | openSUSE Leap 15.6 | PASS | SKIPPED | SKIPPED | SKIPPED | SKIPPED | SKIPPED | +-------------------------------+--------------------+-------------------+------------------+-------------------------+-------------------+----------------------+ | Red Hat Enterprise Linux 9.5 | PASS | SKIPPED | SKIPPED | SKIPPED | SKIPPED | SKIPPED | +-------------------------------+--------------------+-------------------+------------------+-------------------------+-------------------+----------------------+ | Red Hat Enterprise Linux 8.10 | PASS | SKIPPED | SKIPPED | SKIPPED | SKIPPED | SKIPPED | +-------------------------------+--------------------+-------------------+------------------+-------------------------+-------------------+----------------------+ | Ubuntu 22.04 | PASS | WARN | SKIPPED | SKIPPED | SKIPPED | SKIPPED | +-------------------------------+--------------------+-------------------+------------------+-------------------------+-------------------+----------------------+ | FreeBSD 14.2 | PASS | SKIPPED | SKIPPED | SKIPPED | SKIPPED | SKIPPED | +-------------------------------+--------------------+-------------------+------------------+-------------------------+-------------------+----------------------+ | Ubuntu 24.04 | PEND | PEND | PEND | SKIPPED | SKIPPED | SKIPPED | +-------------------------------+--------------------+-------------------+------------------+-------------------------+-------------------+----------------------+ | Alpine Linux 3.22.0 | PASS | SKIPPED | SKIPPED | SKIPPED | SKIPPED | SKIPPED | +-------------------------------+--------------------+-------------------+------------------+-------------------------+-------------------+----------------------+ | Windows Server 2022 | SKIPPED | SKIPPED | SKIPPED | PASS | PEND | PEND | +-------------------------------+--------------------+-------------------+------------------+-------------------------+-------------------+----------------------+ ==== 20 line log output for Ubuntu 22.04 (dpdk_compile_spdk): ==== --- Failed to get log output --- ==== End log output ==== CentOS Stream 9 Kernel: 5.15 Compiler: gcc gcc (GCC) 11.5.0 20240719 (Red Hat 11.5.0-11) CentOS Stream 10 Kernel: 5.15 Compiler: gcc gcc (GCC) 14.2.1 20250110 (Red Hat 14.2.1-8) Fedora Linux 42 Kernel: 5.15 Compiler: clang gcc (GCC) 15.2.1 20250808 (Red Hat 15.2.1-1) Debian GNU/Linux 12 Kernel: 5.15 Compiler: gcc gcc (Debian 12.2.0-14+deb12u1) 12.2.0 Ubuntu 20.04 Kernel: 4.19 Compiler: gcc gcc (Ubuntu 9.4.0-1ubuntu1~20.04.2) 9.4.0 openSUSE Leap 15.6 Kernel: 5.15 Compiler: gcc gcc (SUSE Linux) 7.5.0 Red Hat Enterprise Linux 9.5 Kernel: 5.15 Compiler: gcc gcc (GCC) 11.5.0 20240719 (Red Hat 11.5.0-2) Red Hat Enterprise Linux 8.10 Kernel: 5.15 Compiler: gcc gcc (GCC) 8.5.0 20210514 (Red Hat 8.5.0-22) Ubuntu 22.04 Kernel: 5.15 Compiler: gcc gcc (Ubuntu 11.4.0-1ubuntu1~22.04) 11.4.0 FreeBSD 14.2 Kernel: 14.2-RELEASE Compiler: clang 18.1.6 Ubuntu 24.04 Kernel: 5.15 Compiler: gcc gcc (Ubuntu 13.3.0-6ubuntu2~24.04) 13.3.0 Alpine Linux 3.22.0 Kernel: 5.15 Compiler: gcc gcc (Alpine 14.2.0) 14.2.0 Windows Server 2022 Kernel: 10.0.20348.2031 Compiler: clang 15.0.7, gcc 14.1.0 (MinGW), and MSVC VS 19.39.33521 To view detailed results, visit: https://lab.dpdk.org/results/dashboard/patchsets/34427/ UNH-IOL DPDK Community Lab To manage your email subscriptions, visit: https://lab.dpdk.org/results/dashboard/preferences/subscriptions/