automatic DPDK test reports
 help / color / mirror / Atom feed
From: dpdklab@iol.unh.edu
To: Test Report <test-report@dpdk.org>
Cc: dpdk-test-reports@iol.unh.edu,
	Stephen Hemminger <stephen@networkplumber.org>
Subject: |WARNING| pw158311 [PATCH] [v1,1/1] net/nbl: use hardware MAC addres
Date: Thu, 30 Oct 2025 19:56:19 -0700 (PDT)	[thread overview]
Message-ID: <69042553.050a0220.f3047.2e5cSMTPIN_ADDED_MISSING@mx.google.com> (raw)
In-Reply-To: <20251031014417.3424934-2-dimon.zhao@nebula-matrix.com>

Test-Label: iol-compile-amd64-testing
Test-Status: WARNING
http://dpdk.org/patch/158311

_Testing issues_

Submitter: Dimon Zhao <dimon.zhao@nebula-matrix.com>
Date: Friday, October 31 2025 01:44:16 
DPDK git baseline: Repo:dpdk-next-net
  Branch: master
  CommitID:5d2900b5b1a9da68c19d53d3f8e1075bee0a5f47

158311 --> testing issues

Upstream job id: Generic-DPDK-Compile-Meson#439428

Test environment and result as below:

+-------------------------------+--------------------+-------------------+------------------+-------------------------+-------------------+----------------------+
|          Environment          | dpdk_meson_compile | dpdk_compile_spdk | dpdk_compile_ovs | dpdk_llvm_clang_compile | dpdk_msvc_compile | dpdk_mingw64_compile |
+===============================+====================+===================+==================+=========================+===================+======================+
| CentOS Stream 9               | PASS               | WARN              | SKIPPED          | SKIPPED                 | SKIPPED           | SKIPPED              |
+-------------------------------+--------------------+-------------------+------------------+-------------------------+-------------------+----------------------+
| CentOS Stream 10              | PASS               | SKIPPED           | SKIPPED          | SKIPPED                 | SKIPPED           | SKIPPED              |
+-------------------------------+--------------------+-------------------+------------------+-------------------------+-------------------+----------------------+
| Fedora Linux 42               | PASS               | WARN              | PASS             | SKIPPED                 | SKIPPED           | SKIPPED              |
+-------------------------------+--------------------+-------------------+------------------+-------------------------+-------------------+----------------------+
| Debian GNU/Linux 12           | PASS               | WARN              | SKIPPED          | SKIPPED                 | SKIPPED           | SKIPPED              |
+-------------------------------+--------------------+-------------------+------------------+-------------------------+-------------------+----------------------+
| Ubuntu 20.04                  | PASS               | SKIPPED           | SKIPPED          | SKIPPED                 | SKIPPED           | SKIPPED              |
+-------------------------------+--------------------+-------------------+------------------+-------------------------+-------------------+----------------------+
| openSUSE Leap 15.6            | PASS               | SKIPPED           | SKIPPED          | SKIPPED                 | SKIPPED           | SKIPPED              |
+-------------------------------+--------------------+-------------------+------------------+-------------------------+-------------------+----------------------+
| Red Hat Enterprise Linux 9.5  | PASS               | SKIPPED           | SKIPPED          | SKIPPED                 | SKIPPED           | SKIPPED              |
+-------------------------------+--------------------+-------------------+------------------+-------------------------+-------------------+----------------------+
| Red Hat Enterprise Linux 8.10 | PASS               | SKIPPED           | SKIPPED          | SKIPPED                 | SKIPPED           | SKIPPED              |
+-------------------------------+--------------------+-------------------+------------------+-------------------------+-------------------+----------------------+
| Ubuntu 22.04                  | PASS               | WARN              | SKIPPED          | SKIPPED                 | SKIPPED           | SKIPPED              |
+-------------------------------+--------------------+-------------------+------------------+-------------------------+-------------------+----------------------+
| FreeBSD 14.2                  | PASS               | SKIPPED           | SKIPPED          | SKIPPED                 | SKIPPED           | SKIPPED              |
+-------------------------------+--------------------+-------------------+------------------+-------------------------+-------------------+----------------------+
| Ubuntu 24.04                  | PASS               | WARN              | PASS             | SKIPPED                 | SKIPPED           | SKIPPED              |
+-------------------------------+--------------------+-------------------+------------------+-------------------------+-------------------+----------------------+
| Alpine Linux 3.22.0           | PASS               | SKIPPED           | SKIPPED          | SKIPPED                 | SKIPPED           | SKIPPED              |
+-------------------------------+--------------------+-------------------+------------------+-------------------------+-------------------+----------------------+
| Windows Server 2022           | SKIPPED            | SKIPPED           | SKIPPED          | PASS                    | PASS              | PASS                 |
+-------------------------------+--------------------+-------------------+------------------+-------------------------+-------------------+----------------------+

==== 20 line log output for Ubuntu 24.04 (dpdk_compile_spdk): ====
 --- Failed to get log output --- 
==== End log output ====

CentOS Stream 9
	Kernel: 5.15
	Compiler: gcc gcc (GCC) 11.5.0 20240719 (Red Hat 11.5.0-11)

CentOS Stream 10
	Kernel: 5.15
	Compiler: gcc gcc (GCC) 14.2.1 20250110 (Red Hat 14.2.1-8)

Fedora Linux 42
	Kernel: 5.15
	Compiler: clang gcc (GCC) 15.2.1 20250808 (Red Hat 15.2.1-1)

Debian GNU/Linux 12
	Kernel: 5.15
	Compiler: gcc gcc (Debian 12.2.0-14+deb12u1) 12.2.0

Ubuntu 20.04
	Kernel: 4.19
	Compiler: gcc gcc (Ubuntu 9.4.0-1ubuntu1~20.04.2) 9.4.0

openSUSE Leap 15.6
	Kernel: 5.15
	Compiler: gcc gcc (SUSE Linux) 7.5.0

Red Hat Enterprise Linux 9.5
	Kernel: 5.15
	Compiler: gcc gcc (GCC) 11.5.0 20240719 (Red Hat 11.5.0-2)

Red Hat Enterprise Linux 8.10
	Kernel: 5.15
	Compiler: gcc gcc (GCC) 8.5.0 20210514 (Red Hat 8.5.0-22)

Ubuntu 22.04
	Kernel: 5.15
	Compiler: gcc gcc (Ubuntu 11.4.0-1ubuntu1~22.04) 11.4.0

FreeBSD 14.2
	Kernel: 14.2-RELEASE
	Compiler: clang 18.1.6

Ubuntu 24.04
	Kernel: 5.15
	Compiler: gcc gcc (Ubuntu 13.3.0-6ubuntu2~24.04) 13.3.0

Alpine Linux 3.22.0
	Kernel: 5.15
	Compiler: gcc gcc (Alpine 14.2.0) 14.2.0

Windows Server 2022
	Kernel: 10.0.20348.2031
	Compiler: clang 15.0.7, gcc 14.1.0 (MinGW), and MSVC VS 19.39.33521

To view detailed results, visit:
https://lab.dpdk.org/results/dashboard/patchsets/34427/

UNH-IOL DPDK Community Lab

To manage your email subscriptions, visit: 
https://lab.dpdk.org/results/dashboard/preferences/subscriptions/

  parent reply	other threads:[~2025-10-31  2:56 UTC|newest]

Thread overview: 27+ messages / expand[flat|nested]  mbox.gz  Atom feed  top
     [not found] <20251031014417.3424934-2-dimon.zhao@nebula-matrix.com>
2025-10-31  1:09 ` |SUCCESS| pw158311 [PATCH v1 1/1] net/nbl: use hardware MAC address instead of random one qemudev
2025-10-31  1:14 ` qemudev
2025-10-31  1:44 ` checkpatch
2025-10-31  2:10 ` |PENDING| pw158311 [PATCH] [v1,1/1] net/nbl: use hardware MAC addres dpdklab
2025-10-31  2:13 ` dpdklab
2025-10-31  2:14 ` dpdklab
2025-10-31  2:14 ` |SUCCESS| " dpdklab
2025-10-31  2:18 ` dpdklab
2025-10-31  2:23 ` |PENDING| " dpdklab
2025-10-31  2:28 ` dpdklab
2025-10-31  2:30 ` |FAILURE| " dpdklab
2025-10-31  2:30 ` |SUCCESS| " dpdklab
2025-10-31  2:31 ` |WARNING| " dpdklab
2025-10-31  2:33 ` |SUCCESS| " dpdklab
2025-10-31  2:35 ` dpdklab
2025-10-31  2:39 ` dpdklab
2025-10-31  2:45 ` |SUCCESS| pw158311 [PATCH v1 1/1] net/nbl: use hardware MAC address instead of random one 0-day Robot
2025-10-31  2:45 ` 0-day Robot
2025-10-31  2:54 ` |WARNING| pw158311 [PATCH] [v1,1/1] net/nbl: use hardware MAC addres dpdklab
2025-10-31  2:56 ` dpdklab [this message]
2025-10-31  2:56 ` |SUCCESS| " dpdklab
2025-10-31  2:58 ` dpdklab
2025-10-31  3:01 ` dpdklab
2025-10-31  6:31 ` dpdklab
2025-10-31  6:46 ` dpdklab
2025-10-31  6:59 ` dpdklab
2025-10-31  9:31 ` dpdklab

Reply instructions:

You may reply publicly to this message via plain-text email
using any one of the following methods:

* Save the following mbox file, import it into your mail client,
  and reply-to-all from there: mbox

  Avoid top-posting and favor interleaved quoting:
  https://en.wikipedia.org/wiki/Posting_style#Interleaved_style

* Reply using the --to, --cc, and --in-reply-to
  switches of git-send-email(1):

  git send-email \
    --in-reply-to=69042553.050a0220.f3047.2e5cSMTPIN_ADDED_MISSING@mx.google.com \
    --to=dpdklab@iol.unh.edu \
    --cc=dpdk-test-reports@iol.unh.edu \
    --cc=stephen@networkplumber.org \
    --cc=test-report@dpdk.org \
    /path/to/YOUR_REPLY

  https://kernel.org/pub/software/scm/git/docs/git-send-email.html

* If your mail client supports setting the In-Reply-To header
  via mailto: links, try the mailto: link
Be sure your reply has a Subject: header at the top and a blank line before the message body.
This is a public inbox, see mirroring instructions
for how to clone and mirror all data and code used for this inbox;
as well as URLs for NNTP newsgroup(s).