From mboxrd@z Thu Jan 1 00:00:00 1970 Return-Path: Received: from mails.dpdk.org (mails.dpdk.org [217.70.189.124]) by inbox.dpdk.org (Postfix) with ESMTP id A10C948A22 for ; Fri, 31 Oct 2025 05:23:27 +0100 (CET) Received: from mails.dpdk.org (localhost [127.0.0.1]) by mails.dpdk.org (Postfix) with ESMTP id 9AD624026F; Fri, 31 Oct 2025 05:23:27 +0100 (CET) Received: from mail-pl1-f228.google.com (mail-pl1-f228.google.com [209.85.214.228]) by mails.dpdk.org (Postfix) with ESMTP id 1807A4026F for ; Fri, 31 Oct 2025 05:23:26 +0100 (CET) Received: by mail-pl1-f228.google.com with SMTP id d9443c01a7336-290deb0e643so14761535ad.2 for ; Thu, 30 Oct 2025 21:23:26 -0700 (PDT) DKIM-Signature: v=1; a=rsa-sha256; c=relaxed/relaxed; d=iol.unh.edu; s=unh-iol; t=1761884605; x=1762489405; darn=dpdk.org; h=cc:to:from:subject:message-id:date:from:to:cc:subject:date :message-id:reply-to; bh=0iOmW4XssdO339yseGNZSzftOrpjqWy/vms7zoFPx4I=; b=AtbMpdtduk4CSCdjXbZ03amhDviOPtWACTHeqB+X0dOtzKHINovg7cXix1vob45/DP TQbJHiWvzcmBehnseKI0WYYuYKL0PpfUvppULdrVSinWWCJJHmnKAzkqrFBeq2qf/1ax BBZRuFi0LuXgsJQ4eUwAUDkLtHjnIrBMzfwyg= X-Google-DKIM-Signature: v=1; a=rsa-sha256; c=relaxed/relaxed; d=1e100.net; s=20230601; t=1761884605; x=1762489405; h=cc:to:from:subject:message-id:date:x-gm-message-state:from:to:cc :subject:date:message-id:reply-to; bh=0iOmW4XssdO339yseGNZSzftOrpjqWy/vms7zoFPx4I=; b=PDmVaQ9yQDOZm7EjEFJWePR8R/2SM0gM5ihbxlktlBz49f7VoiXCX3KvZiWQQTyRyi ioMTg56ihGjC/365S3k7VClfBD1qaQueQpJP8o8+fvcL1aVEf5oZUX9i/H1lnAGe8g8U L8l0CwlzOgJDACKPPwlNHn6+AWQOV3FusFghsE+8QFrp+qDixrWycdyUivS8TFNDhcgG ytH2x79Rt+2fJQtkXxmYkgt+zhjajE8Mn4dXKS4LSfr4PtNQBw/5JEACOrObiBJl6phe iC7lDVtTiu/0o5/EWUCkR6Bdra/BgHQaN1S6/W4/5XnvMpBEaEXg2fYRAJ5qI2OLqdNZ PDzw== X-Gm-Message-State: AOJu0YwawDRdNnXf5o3cphon8ba02iDQxGgD6crRtUm05aupmlSLTUbh k8yy7oky293mAdlIXSn8btrUffX4Njwry5EFWZLaaEuFcC9N08QBpx5TfJlaSxvM2ci4RSd7PW7 msQc6ehTCRVzmuFjug5BRFHw1s9uX3CI/Q64g+Jkql5najIU+B7f6 X-Gm-Gg: ASbGncvK1ym7m/8wuCTtLSTsg/7cav5dzYzE5CvKGlHg26eJzkf6bG4EyxQ18H699nr RpBZYByDjkOo8t8rLiaVX4BzL1BZdSOrkswk1lpw3HvzycJDs9FOZ6Cwt0cGA/39oWZVBsdNSJq jDYpiNbvfyeC+umtLfpQQlN86mugK2vyR+ymej/RxslUSfaHWNYPfpU6lNM16wtTQMXG5U/jmif YebOAncm8+fD9XKyyImPy3KOuX9qA1k6CUbFvMLPCubCO6i8HTtxnfmqp5glKlvFSJJ4d7eJ3yH fYEn6ms7g9Eh4H8B+wFlMsSNImkDljzKthu2UjZyTqpGlh6uuPviNIqJkavw5dVqU9maeieMWbO YIuI/joT1 X-Google-Smtp-Source: AGHT+IHocn/kDxhfse2EXeaR6CT1lDAwSu6Gt3qw7ySdphYIkU68S3tovSgStrR272HZmKKFWhwj56Xc3Jsj X-Received: by 2002:a17:902:db10:b0:290:dc5d:c0d0 with SMTP id d9443c01a7336-2951a50c96amr34226505ad.49.1761884605184; Thu, 30 Oct 2025 21:23:25 -0700 (PDT) Received: from postal.iol.unh.edu (postal.iol.unh.edu. [2606:4100:3880:1234::84]) by smtp-relay.gmail.com with ESMTPS id d9443c01a7336-29526956522sm549835ad.30.2025.10.30.21.23.25 (version=TLS1_2 cipher=ECDHE-ECDSA-AES128-GCM-SHA256 bits=128/128); Thu, 30 Oct 2025 21:23:25 -0700 (PDT) X-Relaying-Domain: iol.unh.edu Date: Thu, 30 Oct 2025 21:23:25 -0700 (PDT) Message-ID: <690439bd.170a0220.5fe2.2e9aSMTPIN_ADDED_MISSING@mx.google.com> Received: from [172.21.0.4] (unknown [172.18.0.240]) by postal.iol.unh.edu (Postfix) with ESMTP id AB0A96051830; Fri, 31 Oct 2025 00:23:24 -0400 (EDT) Subject: |FAILURE| [GIT MASTER] 62f583c49bf67dd4d6733ece14e55fe6839e66d1 From: dpdklab@iol.unh.edu To: Test Report Cc: dpdk-test-reports@iol.unh.edu, Xueming Li , Christian Ehrhardt , Kevin Traynor , Luca Boccassi Content-Type: text/plain X-BeenThere: test-report@dpdk.org X-Mailman-Version: 2.1.29 Precedence: list List-Id: automatic DPDK test reports List-Unsubscribe: , List-Archive: List-Post: List-Help: List-Subscribe: , Errors-To: test-report-bounces@dpdk.org _Testing issues_ Branch: tags/v23.11 62f583c49bf67dd4d6733ece14e55fe6839e66d1 --> testing issues Upstream job id: Generic-VM-Unit-Test-DPDK#32193 Test environment and result as below: +-------------------------------+----------------+ | Environment | dpdk_unit_test | +===============================+================+ | CentOS Stream 9 | PASS | +-------------------------------+----------------+ | Debian GNU/Linux 12 | PEND | +-------------------------------+----------------+ | CentOS Stream 10 | PEND | +-------------------------------+----------------+ | Fedora Linux 40 | PASS | +-------------------------------+----------------+ | Fedora Linux 41 | PEND | +-------------------------------+----------------+ | Fedora Linux 42 | PEND | +-------------------------------+----------------+ | Red Hat Enterprise Linux 8.10 | PEND | +-------------------------------+----------------+ | Red Hat Enterprise Linux 9.5 | PEND | +-------------------------------+----------------+ | Ubuntu 20.04 | PEND | +-------------------------------+----------------+ | Ubuntu 24.04 | PEND | +-------------------------------+----------------+ | Ubuntu 22.04 | PEND | +-------------------------------+----------------+ | Windows Server 2022 | FAIL | +-------------------------------+----------------+ ==== Unit test summary for Windows Server 2022 (dpdk_unit_test): ==== Failed to get the unit test results. Displaying the unit test results is not supported for some environments, such as our aarch32 testing, where meson is not used to run the tests. Download the logs available on our CI site. ==== End log output ==== CentOS Stream 9 Kernel: 5.15 Compiler: gcc gcc (GCC) 11.5.0 20240719 (Red Hat 11.5.0-11) Debian GNU/Linux 12 Kernel: 5.15 Compiler: gcc gcc (Debian 12.2.0-14+deb12u1) 12.2.0 CentOS Stream 10 Kernel: 5.15 Compiler: gcc gcc (GCC) 14.2.1 20250110 (Red Hat 14.2.1-8) Fedora Linux 40 Kernel: 5.15 Compiler: clang gcc (GCC) 14.2.1 20240912 (Red Hat 14.2.1-3) Fedora Linux 41 Kernel: 5.15 Compiler: clang gcc (GCC) 14.3.1 20250523 (Red Hat 14.3.1-1) Fedora Linux 42 Kernel: 5.15 Compiler: gcc gcc (GCC) 15.2.1 20250808 (Red Hat 15.2.1-1) Red Hat Enterprise Linux 8.10 Kernel: 5.15 Compiler: gcc gcc (GCC) 8.5.0 20210514 (Red Hat 8.5.0-22) Red Hat Enterprise Linux 9.5 Kernel: 5.15 Compiler: gcc gcc (GCC) 11.5.0 20240719 (Red Hat 11.5.0-2) Ubuntu 20.04 Kernel: 5.15 Compiler: gcc gcc (Ubuntu 9.4.0-1ubuntu1~20.04.2) 9.4.0 Ubuntu 24.04 Kernel: 5.15 Compiler: gcc gcc (Ubuntu 13.3.0-6ubuntu2~24.04) 13.3.0 Ubuntu 22.04 Kernel: 5.15 Compiler: gcc gcc (Ubuntu 11.4.0-1ubuntu1~22.04) 11.4.0 Windows Server 2022 Kernel: 10.0.20348.2031 Compiler: clang 15.0.7, gcc 14.1.0 (MinGW), and MSVC VS 19.39.33521 To view detailed results, visit: https://lab.dpdk.org/results/dashboard/tarballs/35407/ UNH-IOL DPDK Community Lab To manage your email subscriptions, visit: https://lab.dpdk.org/results/dashboard/preferences/subscriptions/