From mboxrd@z Thu Jan 1 00:00:00 1970 Return-Path: Received: from mails.dpdk.org (mails.dpdk.org [217.70.189.124]) by inbox.dpdk.org (Postfix) with ESMTP id D73A948A21 for ; Fri, 31 Oct 2025 06:08:29 +0100 (CET) Received: from mails.dpdk.org (localhost [127.0.0.1]) by mails.dpdk.org (Postfix) with ESMTP id D23E64026F; Fri, 31 Oct 2025 06:08:29 +0100 (CET) Received: from mail-io1-f100.google.com (mail-io1-f100.google.com [209.85.166.100]) by mails.dpdk.org (Postfix) with ESMTP id 5CA584026F for ; Fri, 31 Oct 2025 06:08:28 +0100 (CET) Received: by mail-io1-f100.google.com with SMTP id ca18e2360f4ac-94822ad1baeso63150539f.2 for ; Thu, 30 Oct 2025 22:08:28 -0700 (PDT) DKIM-Signature: v=1; a=rsa-sha256; c=relaxed/relaxed; d=iol.unh.edu; s=unh-iol; t=1761887307; x=1762492107; darn=dpdk.org; h=cc:to:from:subject:message-id:date:from:to:cc:subject:date :message-id:reply-to; bh=aWbjLDF4xNMpKQrG+VreAIIISvp9ICk5zYB1L6+jnbM=; b=RG1B2x4juGoU1JemVgbhjV7FZ+LvcslMZT7eSa7744h1yecUsOeax4zuy0eN61C+Py zInoocyqC0kpz9YIFRcZuxsVoo/+t75okqdicfq4qCkj8zStu8s+RsB/olOv8BBY6fRt FZCDI+WkTKt1qRt03IdpCw6boI9o3yOM4zM+w= X-Google-DKIM-Signature: v=1; a=rsa-sha256; c=relaxed/relaxed; d=1e100.net; s=20230601; t=1761887307; x=1762492107; h=cc:to:from:subject:message-id:date:x-gm-message-state:from:to:cc :subject:date:message-id:reply-to; bh=aWbjLDF4xNMpKQrG+VreAIIISvp9ICk5zYB1L6+jnbM=; b=wcudvNOVYMkcwPPobNNfdtAIe71OdT6ZhZQGpKgkayYCmpZaMLDjZWRH2SzcYc0l9d UUYBrJ6/f1l0TonlCyXvAwuPZeYToz+20pRz9EVk4O2Ep+hTBcB1+p1ZMT/07VXgsOXl P0sRTXNRl+cyi1rdwlAwjaKAO19Q9Nk0MQlFyzMgWLbbR1nsBuTRMrSIQh3QF7vgkA7P T58ZWe5aHIyi+5RxwOeME3lS5uzKNLMJPGcSn1Lnni+22Vxd8I9tLazchTfwj+fKe9U0 VM61jNGGWYYaPH8LlawNbzX8KbJpOB7zXUdJp7LH8acgDzpyfmz1cNFGaOiE5HM5LBeB 2wIQ== X-Gm-Message-State: AOJu0YxGLLPw6doYZsCpsHPw39SrtHUf9EKbIvfCRwDHS3UpYJpkWN82 Z/i1FcSVB9vBfcg6CM1ePigmVzfP7a2YEcgjLtsDU+65NahpVUQfuG/yIVppMM2l78oppZYBmVB VqnlLSbDPaVU3yg4mrOwO6eq+0puqVaMcs+ruR5WmrDYcr5n5Njkn X-Gm-Gg: ASbGncswQ0rmBRjWMw9nBGjTC4ywDgPAI4FSuxpK3jlAxLbM/wwPJdW9EMyBVY766Td 2Ylr+bJzVpQKxMc41+EIrPsiO7Hmk79ZZR/Y1lI3pz3GHIilI4mD+5EGg/uyzCtDQGI9VO/fvgq CBFTG6154Dj7uvbbjTIITKT0OLf/uwkllinI/AYlFbVqMa60m1jiBxXlvdjIbmwCp27ohDSJ6Zx /mLX/2O9nD07JUWTsXzpaVrYFfhndOhFWBxtk2w/P/4eEJYTFWkd8a1hKI1vjQTcOwoQHpA/y4T u13GbhTEWFJ8eBCYKv7qyDpdF+afx6hrkWM4RMdse1y9JKC6dmlL7bNYMMUpGOyH6w+KtU4c5Jg lvWXzgHTN X-Google-Smtp-Source: AGHT+IFtLEUyzUEFq0C+WmREHfkQHrC/77df/oxcteOYPI63nZTdTd/+rZEyUhlciR89lJI56gIRstgu0iPC X-Received: by 2002:a05:6602:2b88:b0:945:a8c4:7102 with SMTP id ca18e2360f4ac-9482296e7f2mr417104239f.5.1761887307599; Thu, 30 Oct 2025 22:08:27 -0700 (PDT) Received: from postal.iol.unh.edu (postal.iol.unh.edu. [2606:4100:3880:1234::84]) by smtp-relay.gmail.com with ESMTPS id ca18e2360f4ac-94827b9704csm5852739f.4.2025.10.30.22.08.27 (version=TLS1_2 cipher=ECDHE-ECDSA-AES128-GCM-SHA256 bits=128/128); Thu, 30 Oct 2025 22:08:27 -0700 (PDT) X-Relaying-Domain: iol.unh.edu Date: Thu, 30 Oct 2025 22:08:27 -0700 (PDT) Message-ID: <6904444b.050a0220.1a2184.2f45SMTPIN_ADDED_MISSING@mx.google.com> Received: from [172.21.0.3] (unknown [172.18.0.240]) by postal.iol.unh.edu (Postfix) with ESMTP id 2E7316051830; Fri, 31 Oct 2025 01:08:27 -0400 (EDT) Subject: |FAILURE| [GIT MASTER] 62f583c49bf67dd4d6733ece14e55fe6839e66d1 From: dpdklab@iol.unh.edu To: Test Report Cc: dpdk-test-reports@iol.unh.edu, Xueming Li , Christian Ehrhardt , Kevin Traynor , Luca Boccassi Content-Type: text/plain X-BeenThere: test-report@dpdk.org X-Mailman-Version: 2.1.29 Precedence: list List-Id: automatic DPDK test reports List-Unsubscribe: , List-Archive: List-Post: List-Help: List-Subscribe: , Errors-To: test-report-bounces@dpdk.org _Testing issues_ Branch: tags/v23.11 62f583c49bf67dd4d6733ece14e55fe6839e66d1 --> testing issues Upstream job id: Generic-DPDK-Compile-Meson#439494 Test environment and result as below: +------------------------------+--------------------+ | Environment | dpdk_meson_compile | +==============================+====================+ | Ubuntu 20.04 | PASS | +------------------------------+--------------------+ | Red Hat Enterprise Linux 9.5 | PASS | +------------------------------+--------------------+ | Fedora Linux 42 | PEND | +------------------------------+--------------------+ | CentOS Stream 9 | PASS | +------------------------------+--------------------+ | Ubuntu 24.04 | PEND | +------------------------------+--------------------+ | Ubuntu 22.04 | PEND | +------------------------------+--------------------+ | CentOS Stream 10 | PASS | +------------------------------+--------------------+ | Debian GNU/Linux 12 | PEND | +------------------------------+--------------------+ Ubuntu 20.04 Kernel: 5.4 Compiler: gcc gcc (Ubuntu 9.4.0-1ubuntu1~20.04.2) 9.4.0 Red Hat Enterprise Linux 9.5 Kernel: 5.4 Compiler: gcc gcc (GCC) 11.5.0 20240719 (Red Hat 11.5.0-2) Fedora Linux 42 Kernel: 5.4 Compiler: gcc gcc (GCC) 15.2.1 20250808 (Red Hat 15.2.1-1) CentOS Stream 9 Kernel: 5.4 Compiler: gcc gcc (GCC) 11.5.0 20240719 (Red Hat 11.5.0-11) Ubuntu 24.04 Kernel: 5.4 Compiler: gcc gcc (Ubuntu 13.3.0-6ubuntu2~24.04) 13.3.0 Ubuntu 22.04 Kernel: 5.4 Compiler: gcc gcc (Ubuntu 11.4.0-1ubuntu1~22.04) 11.4.0 CentOS Stream 10 Kernel: 5.4 Compiler: gcc gcc (GCC) 14.2.1 20250110 (Red Hat 14.2.1-8) Debian GNU/Linux 12 Kernel: 5.4 Compiler: gcc gcc (Debian 12.2.0-14+deb12u1) 12.2.0 To view detailed results, visit: https://lab.dpdk.org/results/dashboard/tarballs/35407/ UNH-IOL DPDK Community Lab To manage your email subscriptions, visit: https://lab.dpdk.org/results/dashboard/preferences/subscriptions/