From mboxrd@z Thu Jan 1 00:00:00 1970 Return-Path: Received: from mails.dpdk.org (mails.dpdk.org [217.70.189.124]) by inbox.dpdk.org (Postfix) with ESMTP id EA5CD48A21 for ; Fri, 31 Oct 2025 06:09:02 +0100 (CET) Received: from mails.dpdk.org (localhost [127.0.0.1]) by mails.dpdk.org (Postfix) with ESMTP id E70FC4026F; Fri, 31 Oct 2025 06:09:02 +0100 (CET) Received: from mail-pj1-f98.google.com (mail-pj1-f98.google.com [209.85.216.98]) by mails.dpdk.org (Postfix) with ESMTP id 8026A4026F for ; Fri, 31 Oct 2025 06:09:01 +0100 (CET) Received: by mail-pj1-f98.google.com with SMTP id 98e67ed59e1d1-34029cd0cbdso1985947a91.3 for ; Thu, 30 Oct 2025 22:09:01 -0700 (PDT) DKIM-Signature: v=1; a=rsa-sha256; c=relaxed/relaxed; d=iol.unh.edu; s=unh-iol; t=1761887340; x=1762492140; darn=dpdk.org; h=cc:to:from:subject:message-id:date:from:to:cc:subject:date :message-id:reply-to; bh=LVOR5U5VfvUPEtJ6iQhmHYFFEAFNl5+eCvIhpEzhEic=; b=Foq9WN6K98VC5SGWhFuSG9XwIA5feRe5TBn53YRk/tbZ2D0w75tsCFu7OlHk6DWe7d PeVOfRHBVV1v94qbTjoFMPeGcgdv91x1x/mrbXWP9LCmZ9jN865iKjtNHMt2wHMqG7XW +K7bIkI6UbZW/aX5pDeFrI9z/4zGXijVL+jnc= X-Google-DKIM-Signature: v=1; a=rsa-sha256; c=relaxed/relaxed; d=1e100.net; s=20230601; t=1761887340; x=1762492140; h=cc:to:from:subject:message-id:date:x-gm-message-state:from:to:cc :subject:date:message-id:reply-to; bh=LVOR5U5VfvUPEtJ6iQhmHYFFEAFNl5+eCvIhpEzhEic=; b=UdTON0B4ZkVjZBTlF+zdpzIuQcR9FtCCL5sHMiWb6FO+hIpJm3qDs8KlDV2MFzLxyy HzZRr55UOfaAOuB55roGdXmBfr2SZkxMtF5pDExl0/87kGZs/gRgVjnqDcxWJ0bgmjvB VTzLS73l65oEI0/krdPvr+yzcBapVu608o3R8uJDx7zTd8WVo+XdjWMAbSZUllsPABMQ QSLIMCZOsCp7GKdldEYcInUnMm+f+phT/fzCQiS0Xh0onWkwfDYe3K5s9hFpUmGMeMCp tTlfJBUP7CsNAdXB5jCepnjT2IbdV2tFCo/0qXndj11wVfLstdNMhTFXbMT2lBtQ28lj Y8hQ== X-Gm-Message-State: AOJu0Yx1Alo1gvjYxbDreJkZajwlIINk4/IsY1MEc5I1wB8FW5herTct AdnElzGDpmCOgC0PI8LL4PntzDFkJCbxvcz97OJ1JYjsKJEs7k2ONioA+Fy1V2f9z0UFIk/Amj4 jARrUvcLYCS22EDdad6tCdThDsQUHpsq5WNtZRtQqRzh+FIp0YJMV X-Gm-Gg: ASbGncsePFQcw9ukemjFSmAIYIsRZBsq+bsvqwbArONGjvS2iVUubbntGHSKPaObMXo RRz1Hiseo8Q2+/LT253XvcjL2j4nGv6nkXQSmCi/Qr9SvY4d3xLmr8dK+lbei5b8fDXO3fqYq9e UBgmLM3+f8OUlbYOyniacLUZex+fgY2Vrs84EXtDENUPKIcACYT6+yGQYy21s5LnpuYNHViSaHi Zrx2tCU/yOVRjgI6xiJH5oO/abQNOJKSQJ3GTFvPXsit8Y4YdFQ3pekgSsdM2OAwWuWGGOjALX0 agy+p078YzjnParfvBZrM0KwiclqGecQotDoSFEigZU2yWuwTMgx7gOkwQThEuXDy+cm280nivL 3DLPV4gRj X-Google-Smtp-Source: AGHT+IHIG6+SFUuKJi1xcViww15wCABY9xHSf9PMjQ8TZjIUcCRqQtrqGDaYfdmPYJp3yT5zD1oTM33s6KEu X-Received: by 2002:a17:90b:1801:b0:33f:eca0:47c6 with SMTP id 98e67ed59e1d1-340830713ebmr2829858a91.30.1761887336209; Thu, 30 Oct 2025 22:08:56 -0700 (PDT) Received: from postal.iol.unh.edu (postal.iol.unh.edu. [2606:4100:3880:1234::84]) by smtp-relay.gmail.com with ESMTPS id 98e67ed59e1d1-3404f44100fsm397537a91.5.2025.10.30.22.08.56 (version=TLS1_2 cipher=ECDHE-ECDSA-AES128-GCM-SHA256 bits=128/128); Thu, 30 Oct 2025 22:08:56 -0700 (PDT) X-Relaying-Domain: iol.unh.edu Date: Thu, 30 Oct 2025 22:08:56 -0700 (PDT) Message-ID: <69044468.170a0220.31f218.45b2SMTPIN_ADDED_MISSING@mx.google.com> Received: from [172.21.0.6] (unknown [172.18.0.240]) by postal.iol.unh.edu (Postfix) with ESMTP id 7EBEC6051830; Fri, 31 Oct 2025 01:08:55 -0400 (EDT) Subject: |FAILURE| [GIT MASTER] 62f583c49bf67dd4d6733ece14e55fe6839e66d1 From: dpdklab@iol.unh.edu To: Test Report Cc: dpdk-test-reports@iol.unh.edu, Xueming Li , Christian Ehrhardt , Kevin Traynor , Luca Boccassi Content-Type: text/plain X-BeenThere: test-report@dpdk.org X-Mailman-Version: 2.1.29 Precedence: list List-Id: automatic DPDK test reports List-Unsubscribe: , List-Archive: List-Post: List-Help: List-Subscribe: , Errors-To: test-report-bounces@dpdk.org _Testing issues_ Branch: tags/v23.11 62f583c49bf67dd4d6733ece14e55fe6839e66d1 --> testing issues Upstream job id: Generic-DPDK-Compile-Meson#439497 Test environment and result as below: +------------------------------+--------------------+ | Environment | dpdk_meson_compile | +==============================+====================+ | Ubuntu 20.04 | PASS | +------------------------------+--------------------+ | Red Hat Enterprise Linux 9.5 | PASS | +------------------------------+--------------------+ | Fedora Linux 42 | PEND | +------------------------------+--------------------+ | CentOS Stream 9 | PASS | +------------------------------+--------------------+ | Ubuntu 24.04 | PEND | +------------------------------+--------------------+ | Ubuntu 22.04 | PEND | +------------------------------+--------------------+ | CentOS Stream 10 | PASS | +------------------------------+--------------------+ | Debian GNU/Linux 12 | PEND | +------------------------------+--------------------+ Ubuntu 20.04 Kernel: 5.4 Compiler: gcc gcc (Ubuntu 9.4.0-1ubuntu1~20.04.2) 9.4.0 Red Hat Enterprise Linux 9.5 Kernel: 5.4 Compiler: gcc gcc (GCC) 11.5.0 20240719 (Red Hat 11.5.0-2) Fedora Linux 42 Kernel: 5.4 Compiler: gcc gcc (GCC) 15.2.1 20250808 (Red Hat 15.2.1-1) CentOS Stream 9 Kernel: 5.4 Compiler: gcc gcc (GCC) 11.5.0 20240719 (Red Hat 11.5.0-11) Ubuntu 24.04 Kernel: 5.4 Compiler: gcc gcc (Ubuntu 13.3.0-6ubuntu2~24.04) 13.3.0 Ubuntu 22.04 Kernel: 5.4 Compiler: gcc gcc (Ubuntu 11.4.0-1ubuntu1~22.04) 11.4.0 CentOS Stream 10 Kernel: 5.4 Compiler: gcc gcc (GCC) 14.2.1 20250110 (Red Hat 14.2.1-8) Debian GNU/Linux 12 Kernel: 5.4 Compiler: gcc gcc (Debian 12.2.0-14+deb12u1) 12.2.0 To view detailed results, visit: https://lab.dpdk.org/results/dashboard/tarballs/35407/ UNH-IOL DPDK Community Lab To manage your email subscriptions, visit: https://lab.dpdk.org/results/dashboard/preferences/subscriptions/