From mboxrd@z Thu Jan 1 00:00:00 1970 Return-Path: Received: from mails.dpdk.org (mails.dpdk.org [217.70.189.124]) by inbox.dpdk.org (Postfix) with ESMTP id 1AD0C48A21 for ; Fri, 31 Oct 2025 06:09:22 +0100 (CET) Received: from mails.dpdk.org (localhost [127.0.0.1]) by mails.dpdk.org (Postfix) with ESMTP id 0CE70402D8; Fri, 31 Oct 2025 06:09:22 +0100 (CET) Received: from mail-pj1-f98.google.com (mail-pj1-f98.google.com [209.85.216.98]) by mails.dpdk.org (Postfix) with ESMTP id 4864E4026F for ; Fri, 31 Oct 2025 06:09:14 +0100 (CET) Received: by mail-pj1-f98.google.com with SMTP id 98e67ed59e1d1-34029c5beabso1849898a91.1 for ; Thu, 30 Oct 2025 22:09:14 -0700 (PDT) DKIM-Signature: v=1; a=rsa-sha256; c=relaxed/relaxed; d=iol.unh.edu; s=unh-iol; t=1761887353; x=1762492153; darn=dpdk.org; h=cc:to:from:subject:message-id:date:from:to:cc:subject:date :message-id:reply-to; bh=mYQODTvhtrjiLsYcn3ZXn1dGiwm60dk1ebSFWjRyYdY=; b=OiCCoZdsaW/zvMxp8036mUE0nQK+tIkcl+GbkkeNOtvebAFrz+pW5mMzL/NizmdT65 6dNl4vxLViTWH2Dy22U71JzWs4fX4LZsGXsIqCnPbs3tpuFRSs6SfeNFCRznDKUcYiop Bc0aw+v4e58aypZEeiw/fus/S3nTmfmUCXRSk= X-Google-DKIM-Signature: v=1; a=rsa-sha256; c=relaxed/relaxed; d=1e100.net; s=20230601; t=1761887353; x=1762492153; h=cc:to:from:subject:message-id:date:x-gm-message-state:from:to:cc :subject:date:message-id:reply-to; bh=mYQODTvhtrjiLsYcn3ZXn1dGiwm60dk1ebSFWjRyYdY=; b=mvLhIYu6Xpj61mYg5KqUfCgEXUpZco1kCPMfxqSmucO1+7sv1iE/Q4iMQJzwqBy55U fiJ/v6O40X9gJSGfT13W2czr+rx1tpxU8w4yr7RiecE57hFp/Mm3RLwKvwy8grhq384i BpDEULIobrg5cu1G4l/gV0kmpH/DjNtRHGyvLelfHeqvVUKK0c0or4a7/8JPo2kQk7Qc dd2m1QDVb8tQQ0LiAiYDyeEaoUTe+AX8JUOYRM6fQxy8Hal/uG8DQqtYR+jH/6H9Zy7E X7kq2mmP/2+b1GL9MH6OzrOMTmQux6mhuBsVUZVjD1d3VbIJymIaILLv13kWvsm6ZQeb wpmQ== X-Gm-Message-State: AOJu0YyngsqeSE4+nYyWNrPKu2NqUPT82rNzlIgo+y7GNQTSdJYD6cOu zna2qgavoHGMlwc47CmGeWZ/ikWbm4JwdEU9z32A1Q/44kmFN/44n0K3yKQ3vXLwN03bdxgG1bj aV3PFabuEkv1LjkYS5h3h4vOYAsZ3T1xXkJJSzwlbHUIQ66AGKPDr X-Gm-Gg: ASbGnctKKIYWJB720FdOlO9R1Fu6JuaQib0mjQRfA7ggTArJq0d6xDaUMHhEjHItsWw 8nxNahyFnJHk9e70s4Z1NDTDKDihru8YZ2sQvDNcXWVDNu2DZf4Gw8ukqdXgFN5f8bkC+UXbWDr 0XERr7pf6M6MoT8QoV6a3U99glOzeNCUsElBxpaJJ6E+DAtqOw+ovCxwKY+0YWZxqoDSyk1mCrm xmYMcJ74KI6mOI/iij/GE2hs7XyED84HtdzFto/8iysgdX72SiapoYzcCfNTu9DlgVP2824j4nL /9ULtvWNt0DJzECGecpS3VawZLR/xk+PyKFh9BDPDQL6qwS7ceySDD2NG8lxSCUhbXjGim1KTy7 IFuld/fAq X-Google-Smtp-Source: AGHT+IGaRs0zABJK4hA9a5uILF5IWkLhjaLJzkBBkUSCp8Dw+zK7BzDe2PrIy2cepDxi9EMfhyCch04ecSYU X-Received: by 2002:a17:90b:4b88:b0:340:6f9c:b25b with SMTP id 98e67ed59e1d1-34082fc936bmr2972912a91.11.1761887353573; Thu, 30 Oct 2025 22:09:13 -0700 (PDT) Received: from postal.iol.unh.edu (postal.iol.unh.edu. [2606:4100:3880:1234::84]) by smtp-relay.gmail.com with ESMTPS id 98e67ed59e1d1-34092bef29csm63625a91.4.2025.10.30.22.09.13 (version=TLS1_2 cipher=ECDHE-ECDSA-AES128-GCM-SHA256 bits=128/128); Thu, 30 Oct 2025 22:09:13 -0700 (PDT) X-Relaying-Domain: iol.unh.edu Date: Thu, 30 Oct 2025 22:09:13 -0700 (PDT) Message-ID: <69044479.170a0220.3009b9.3cecSMTPIN_ADDED_MISSING@mx.google.com> Received: from [172.21.0.3] (unknown [172.18.0.240]) by postal.iol.unh.edu (Postfix) with ESMTP id AAE4D6051830; Fri, 31 Oct 2025 01:09:12 -0400 (EDT) Subject: |FAILURE| [GIT MASTER] 62f583c49bf67dd4d6733ece14e55fe6839e66d1 From: dpdklab@iol.unh.edu To: Test Report Cc: dpdk-test-reports@iol.unh.edu, Xueming Li , Christian Ehrhardt , Kevin Traynor , Luca Boccassi Content-Type: text/plain X-BeenThere: test-report@dpdk.org X-Mailman-Version: 2.1.29 Precedence: list List-Id: automatic DPDK test reports List-Unsubscribe: , List-Archive: List-Post: List-Help: List-Subscribe: , Errors-To: test-report-bounces@dpdk.org _Testing issues_ Branch: tags/v23.11 62f583c49bf67dd4d6733ece14e55fe6839e66d1 --> testing issues Upstream job id: Generic-DPDK-Compile-Meson#439495 Test environment and result as below: +------------------------------+--------------------+ | Environment | dpdk_meson_compile | +==============================+====================+ | Ubuntu 20.04 | PASS | +------------------------------+--------------------+ | Red Hat Enterprise Linux 9.5 | PASS | +------------------------------+--------------------+ | Fedora Linux 42 | PEND | +------------------------------+--------------------+ | CentOS Stream 9 | PASS | +------------------------------+--------------------+ | Ubuntu 24.04 | PEND | +------------------------------+--------------------+ | Ubuntu 22.04 | PEND | +------------------------------+--------------------+ | CentOS Stream 10 | PASS | +------------------------------+--------------------+ | Debian GNU/Linux 12 | PEND | +------------------------------+--------------------+ Ubuntu 20.04 Kernel: 5.4 Compiler: gcc gcc (Ubuntu 9.4.0-1ubuntu1~20.04.2) 9.4.0 Red Hat Enterprise Linux 9.5 Kernel: 5.4 Compiler: gcc gcc (GCC) 11.5.0 20240719 (Red Hat 11.5.0-2) Fedora Linux 42 Kernel: 5.4 Compiler: gcc gcc (GCC) 15.2.1 20250808 (Red Hat 15.2.1-1) CentOS Stream 9 Kernel: 5.4 Compiler: gcc gcc (GCC) 11.5.0 20240719 (Red Hat 11.5.0-11) Ubuntu 24.04 Kernel: 5.4 Compiler: gcc gcc (Ubuntu 13.3.0-6ubuntu2~24.04) 13.3.0 Ubuntu 22.04 Kernel: 5.4 Compiler: gcc gcc (Ubuntu 11.4.0-1ubuntu1~22.04) 11.4.0 CentOS Stream 10 Kernel: 5.4 Compiler: gcc gcc (GCC) 14.2.1 20250110 (Red Hat 14.2.1-8) Debian GNU/Linux 12 Kernel: 5.4 Compiler: gcc gcc (Debian 12.2.0-14+deb12u1) 12.2.0 To view detailed results, visit: https://lab.dpdk.org/results/dashboard/tarballs/35407/ UNH-IOL DPDK Community Lab To manage your email subscriptions, visit: https://lab.dpdk.org/results/dashboard/preferences/subscriptions/