From mboxrd@z Thu Jan 1 00:00:00 1970 Return-Path: Received: from mails.dpdk.org (mails.dpdk.org [217.70.189.124]) by inbox.dpdk.org (Postfix) with ESMTP id B180A48A21 for ; Fri, 31 Oct 2025 06:15:20 +0100 (CET) Received: from mails.dpdk.org (localhost [127.0.0.1]) by mails.dpdk.org (Postfix) with ESMTP id 8A4FE4026F; Fri, 31 Oct 2025 06:15:20 +0100 (CET) Received: from mail-pg1-f226.google.com (mail-pg1-f226.google.com [209.85.215.226]) by mails.dpdk.org (Postfix) with ESMTP id 9D4704026F for ; Fri, 31 Oct 2025 06:15:19 +0100 (CET) Received: by mail-pg1-f226.google.com with SMTP id 41be03b00d2f7-b6cdba2663dso1382900a12.2 for ; Thu, 30 Oct 2025 22:15:19 -0700 (PDT) DKIM-Signature: v=1; a=rsa-sha256; c=relaxed/relaxed; d=iol.unh.edu; s=unh-iol; t=1761887718; x=1762492518; darn=dpdk.org; h=cc:to:from:subject:message-id:date:from:to:cc:subject:date :message-id:reply-to; bh=PuhiXqBQZuA/Hw3YjRLf09txZR7CIoTPV+7E2p7xACE=; b=iH4TaRawpqv6RHPGKC0mJwuhuAAfJdp4qBAAoG7gw7V3d7KdLo0SiCEzt33KjX0DdR 3UAGsbfCmPYGmH9Nx4Ox3sEBTJ7Bs5vjuOxi/QQ7Hcy4m9CKlKtEkFLA4MdblHrbPjgj Ry1M2b2+Scnj5VVV4NXEshRfAXEF+0z7r2/Ag= X-Google-DKIM-Signature: v=1; a=rsa-sha256; c=relaxed/relaxed; d=1e100.net; s=20230601; t=1761887718; x=1762492518; h=cc:to:from:subject:message-id:date:x-gm-message-state:from:to:cc :subject:date:message-id:reply-to; bh=PuhiXqBQZuA/Hw3YjRLf09txZR7CIoTPV+7E2p7xACE=; b=UyjS8KwszZe2g5n9FidKSfxiDoPF7m2TYfcEO0nN+yWZ1e7BYnjSaCU7vFZg5k87JD s/zpOEt/tYaUq1t7vU6pDyJmD2f5OGahJ2M/98qi/Rto8bGLd9SfoHdmSrKFUWDgQjWV H0KxkX2s6Avxu4scC1WvauW6pemelmSqMpb/Rts70TnSbEKgU3mbV+xP3mijSgkOBnIB e8mh4fvZL0V2qG6Ffy5HtBQQrpG7Y/g6koKWRudukbU7LPC1fhcf9VVi445/3EHX5Zb3 E3zVzMADb4o0oiwyzojPs78qmLKjauQS5zvVjf+y3A/ffdtW4B+dmCcnkYeaYQjdIfK8 ZalQ== X-Gm-Message-State: AOJu0YyYfuuFrJ/zXaoqBeQppmyFPFQyyYPA0ZFvWar/hNGw9zlSXdAU VBzt72VMkIv3euM+ybcvY62pN+L3shr9rVDentXAXqFDyJcbgum0QOUXj9XRr7miJsTKcUqyPDD GTLJyDpiD5VnA12/3ECD2mcYJKzIhMXHZdn5H5oPqG4O4jlodf/PW X-Gm-Gg: ASbGncujHi7yN6r5LoEJAGkAHS6+Lpjh5Zhk4LRoCC1Pu4yoiGDe0l/PjgIs2VEJdZG H8ayqkHbidAt7Qp0BWO2xlx68l2LEvnKgwxW7eD4jF8oup7Kxfdfg3t7LSCLpTPETxaygIZNhhw wQE+y+FpU0Cf/ME1J/2+v4HMtlZ3oEt9JRINia368meoS79IwbkQt2k82GxY/vQwjGSDM1yNDPV Zh86ZS9lHDJlvNu1h0f/+Z4333IiXkRPP57mofIZIcUbDihsDfyKj2AhV/vQwv+jzTGPittX58S 0iJ8nhw4usugAol1Y3cNX/HeTJwZQBK/ddQnOIe6CR5jOsikVC7KF2FfuYhcpPsOSbhLBPArNLt ohf8Fp6DP X-Google-Smtp-Source: AGHT+IFuLOxzlJogKWYdj3P1m2QCplUhwyiULMgJJNQ036xRtGPI0TLq0Y9w6obUnnQfWiI6RG9iGjl+vSLv X-Received: by 2002:a17:902:e807:b0:295:2850:4b52 with SMTP id d9443c01a7336-29528505f05mr9394155ad.45.1761887718430; Thu, 30 Oct 2025 22:15:18 -0700 (PDT) Received: from postal.iol.unh.edu (postal.iol.unh.edu. [2606:4100:3880:1234::84]) by smtp-relay.gmail.com with ESMTPS id d9443c01a7336-295269829d7sm681935ad.47.2025.10.30.22.15.18 (version=TLS1_2 cipher=ECDHE-ECDSA-AES128-GCM-SHA256 bits=128/128); Thu, 30 Oct 2025 22:15:18 -0700 (PDT) X-Relaying-Domain: iol.unh.edu Date: Thu, 30 Oct 2025 22:15:18 -0700 (PDT) Message-ID: <690445e6.170a0220.1ff0b8.38daSMTPIN_ADDED_MISSING@mx.google.com> Received: from [172.21.0.2] (unknown [172.18.0.240]) by postal.iol.unh.edu (Postfix) with ESMTP id 9CD056051830; Fri, 31 Oct 2025 01:15:17 -0400 (EDT) Subject: |FAILURE| [GIT MASTER] 62f583c49bf67dd4d6733ece14e55fe6839e66d1 From: dpdklab@iol.unh.edu To: Test Report Cc: dpdk-test-reports@iol.unh.edu, Xueming Li , Christian Ehrhardt , Kevin Traynor , Luca Boccassi Content-Type: text/plain X-BeenThere: test-report@dpdk.org X-Mailman-Version: 2.1.29 Precedence: list List-Id: automatic DPDK test reports List-Unsubscribe: , List-Archive: List-Post: List-Help: List-Subscribe: , Errors-To: test-report-bounces@dpdk.org _Testing issues_ Branch: tags/v23.11 62f583c49bf67dd4d6733ece14e55fe6839e66d1 --> testing issues Upstream job id: Generic-Unit-Test-DPDK#387205 Test environment and result as below: +-------------------------------+----------------+ | Environment | dpdk_unit_test | +===============================+================+ | CentOS Stream 9 | PASS | +-------------------------------+----------------+ | Debian GNU/Linux 12 | PASS | +-------------------------------+----------------+ | CentOS Stream 10 | PASS | +-------------------------------+----------------+ | Fedora Linux 40 | PASS | +-------------------------------+----------------+ | Fedora Linux 41 | PASS | +-------------------------------+----------------+ | Fedora Linux 42 | PASS | +-------------------------------+----------------+ | Red Hat Enterprise Linux 8.10 | PASS | +-------------------------------+----------------+ | Red Hat Enterprise Linux 9.5 | PASS | +-------------------------------+----------------+ | Ubuntu 20.04 | PASS | +-------------------------------+----------------+ | Ubuntu 24.04 | PASS | +-------------------------------+----------------+ | Ubuntu 22.04 | PASS | +-------------------------------+----------------+ | Windows Server 2022 | FAIL | +-------------------------------+----------------+ ==== Unit test summary for Windows Server 2022 (dpdk_unit_test): ==== Failed to get the unit test results. Displaying the unit test results is not supported for some environments, such as our aarch32 testing, where meson is not used to run the tests. Download the logs available on our CI site. ==== End log output ==== CentOS Stream 9 Kernel: 5.15 Compiler: gcc gcc (GCC) 11.5.0 20240719 (Red Hat 11.5.0-11) Debian GNU/Linux 12 Kernel: 5.15 Compiler: gcc gcc (Debian 12.2.0-14+deb12u1) 12.2.0 CentOS Stream 10 Kernel: 5.15 Compiler: gcc gcc (GCC) 14.2.1 20250110 (Red Hat 14.2.1-8) Fedora Linux 40 Kernel: 5.15 Compiler: clang gcc (GCC) 14.2.1 20240912 (Red Hat 14.2.1-3) Fedora Linux 41 Kernel: 5.15 Compiler: clang gcc (GCC) 14.3.1 20250523 (Red Hat 14.3.1-1) Fedora Linux 42 Kernel: 5.15 Compiler: gcc gcc (GCC) 15.2.1 20250808 (Red Hat 15.2.1-1) Red Hat Enterprise Linux 8.10 Kernel: 5.15 Compiler: gcc gcc (GCC) 8.5.0 20210514 (Red Hat 8.5.0-22) Red Hat Enterprise Linux 9.5 Kernel: 5.15 Compiler: gcc gcc (GCC) 11.5.0 20240719 (Red Hat 11.5.0-2) Ubuntu 20.04 Kernel: 5.15 Compiler: gcc gcc (Ubuntu 9.4.0-1ubuntu1~20.04.2) 9.4.0 Ubuntu 24.04 Kernel: 5.15 Compiler: gcc gcc (Ubuntu 13.3.0-6ubuntu2~24.04) 13.3.0 Ubuntu 22.04 Kernel: 5.15 Compiler: gcc gcc (Ubuntu 11.4.0-1ubuntu1~22.04) 11.4.0 Windows Server 2022 Kernel: 10.0.20348.2031 Compiler: clang 15.0.7, gcc 14.1.0 (MinGW), and MSVC VS 19.39.33521 To view detailed results, visit: https://lab.dpdk.org/results/dashboard/tarballs/35407/ UNH-IOL DPDK Community Lab To manage your email subscriptions, visit: https://lab.dpdk.org/results/dashboard/preferences/subscriptions/