From: dpdklab@iol.unh.edu
To: Test Report <test-report@dpdk.org>
Cc: dpdk-test-reports@iol.unh.edu
Subject: |PENDING| pw158313 [PATCH] [v3] app/testpmd: fix devargs format in p
Date: Thu, 30 Oct 2025 23:53:41 -0700 (PDT)	[thread overview]
Message-ID: <69045cf5.170a0220.2eef54.3ff1SMTPIN_ADDED_MISSING@mx.google.com> (raw)
In-Reply-To: <20251031061816.333400-1-getelson@nvidia.com>
Test-Label: iol-sample-apps-testing
Test-Status: PENDING
http://dpdk.org/patch/158313
_Testing pending_
Submitter: Gregory Etelson <getelson@nvidia.com>
Date: Friday, October 31 2025 06:18:16 
DPDK git baseline: Repo:dpdk-next-net
  Branch: master
  CommitID:5d2900b5b1a9da68c19d53d3f8e1075bee0a5f47
158313 --> testing pending
Upstream job id: Template-DTS-Pipeline#252260
Test environment and result as below:
+--------------+----------------------+----------------------+
| Environment  | dpdk_fips_validation | compressdev_zlib_pmd |
+==============+======================+======================+
| Ubuntu 20.04 | PEND                 | SKIPPED              |
+--------------+----------------------+----------------------+
| Ubuntu 22.04 | SKIPPED              | PASS                 |
+--------------+----------------------+----------------------+
Ubuntu 20.04
	Kernel: 5.15
	Compiler: gcc gcc (Ubuntu 9.4.0-1ubuntu1~20.04.2) 9.4.0
Ubuntu 22.04
	Kernel: 5.15
	Compiler: gcc gcc (Ubuntu 11.4.0-1ubuntu1~22.04.2) 11.4.0
To view detailed results, visit:
https://lab.dpdk.org/results/dashboard/patchsets/34429/
UNH-IOL DPDK Community Lab
To manage your email subscriptions, visit: 
https://lab.dpdk.org/results/dashboard/preferences/subscriptions/
next prev parent reply	other threads:[~2025-10-31  6:53 UTC|newest]
Thread overview: 24+ messages / expand[flat|nested]  mbox.gz  Atom feed  top
     [not found] <20251031061816.333400-1-getelson@nvidia.com>
2025-10-31  5:53 ` |SUCCESS| pw158313 [PATCH v3] app/testpmd: fix devargs format in port attach qemudev
2025-10-31  5:58 ` qemudev
2025-10-31  6:20 ` checkpatch
2025-10-31  6:41 ` |PENDING| pw158313 [PATCH] [v3] app/testpmd: fix devargs format in p dpdklab
2025-10-31  6:43 ` |SUCCESS| " dpdklab
2025-10-31  6:44 ` dpdklab
2025-10-31  6:48 ` |PENDING| " dpdklab
2025-10-31  6:52 ` dpdklab
2025-10-31  6:53 ` dpdklab [this message]
2025-10-31  6:55 ` |WARNING| " dpdklab
2025-10-31  6:59 ` |FAILURE| " dpdklab
2025-10-31  7:01 ` |SUCCESS| " dpdklab
2025-10-31  7:05 ` dpdklab
2025-10-31  7:06 ` dpdklab
2025-10-31  7:13 ` |WARNING| " dpdklab
2025-10-31  7:24 ` |SUCCESS| " dpdklab
2025-10-31  7:25 ` dpdklab
2025-10-31  7:28 ` |WARNING| " dpdklab
2025-10-31  7:29 ` |SUCCESS| " dpdklab
2025-10-31  7:36 ` |FAILURE| pw158313 [PATCH v3] app/testpmd: fix devargs format in port attach 0-day Robot
2025-10-31  7:49 ` |SUCCESS| pw158313 [PATCH] [v3] app/testpmd: fix devargs format in p dpdklab
2025-10-31  8:02 ` dpdklab
2025-10-31 10:11 ` dpdklab
2025-10-31 15:11 ` dpdklab
Reply instructions:
You may reply publicly to this message via plain-text email
using any one of the following methods:
* Save the following mbox file, import it into your mail client,
  and reply-to-all from there: mbox
  Avoid top-posting and favor interleaved quoting:
  https://en.wikipedia.org/wiki/Posting_style#Interleaved_style
* Reply using the --to, --cc, and --in-reply-to
  switches of git-send-email(1):
  git send-email \
    --in-reply-to=69045cf5.170a0220.2eef54.3ff1SMTPIN_ADDED_MISSING@mx.google.com \
    --to=dpdklab@iol.unh.edu \
    --cc=dpdk-test-reports@iol.unh.edu \
    --cc=test-report@dpdk.org \
    /path/to/YOUR_REPLY
  https://kernel.org/pub/software/scm/git/docs/git-send-email.html
* If your mail client supports setting the In-Reply-To header
  via mailto: links, try the mailto: link
  Be sure your reply has a Subject: header at the top and a blank line
  before the message body.
This is a public inbox, see mirroring instructions
for how to clone and mirror all data and code used for this inbox;
as well as URLs for NNTP newsgroup(s).