From mboxrd@z Thu Jan 1 00:00:00 1970 Return-Path: Received: from mails.dpdk.org (mails.dpdk.org [217.70.189.124]) by inbox.dpdk.org (Postfix) with ESMTP id B26A248A21 for ; Fri, 31 Oct 2025 07:59:05 +0100 (CET) Received: from mails.dpdk.org (localhost [127.0.0.1]) by mails.dpdk.org (Postfix) with ESMTP id 9DF424026F; Fri, 31 Oct 2025 07:59:05 +0100 (CET) Received: from mail-pf1-f227.google.com (mail-pf1-f227.google.com [209.85.210.227]) by mails.dpdk.org (Postfix) with ESMTP id C298E4026F for ; Fri, 31 Oct 2025 07:59:04 +0100 (CET) Received: by mail-pf1-f227.google.com with SMTP id d2e1a72fcca58-7930132f59aso2849842b3a.0 for ; Thu, 30 Oct 2025 23:59:04 -0700 (PDT) DKIM-Signature: v=1; a=rsa-sha256; c=relaxed/relaxed; d=iol.unh.edu; s=unh-iol; t=1761893944; x=1762498744; darn=dpdk.org; h=references:in-reply-to:cc:to:from:subject:message-id:date:from:to :cc:subject:date:message-id:reply-to; bh=Mwcwu2ymQtsiqZ/ER4c/GRnvax67ho9nZNVKkAj7cbE=; b=L+l9PdjkZ4HyFbnSBdtxOgEnJdxiVePQ5+mAIflwsLKY8JXbQdKDrh/NRVZMVF+lM0 TSqKhHmr7G5L1ZwDpANVfNkW492sKOm+Litp2Dpst22GHppS/4226Hpo3zdVuxKxtDef uIW3Yp8+6EzkdDn2xkqr3J0fMMjOhdsIfHkQY= X-Google-DKIM-Signature: v=1; a=rsa-sha256; c=relaxed/relaxed; d=1e100.net; s=20230601; t=1761893944; x=1762498744; h=references:in-reply-to:cc:to:from:subject:message-id:date :x-gm-message-state:from:to:cc:subject:date:message-id:reply-to; bh=Mwcwu2ymQtsiqZ/ER4c/GRnvax67ho9nZNVKkAj7cbE=; b=pqNH8oBfVTdDfCZ2jnfJMrZ5gDBZ/7iGY/LSSfKjBI9dRYRXUpND6JYoz9MB9kYxbK JaFNXiclWz0oL8awYhs8W1lFU93m8wsFoFfP9z48MCHlPeDBipU857tBo6re21B2120S iS2oKjLyJEadKNCebDo0zcoUpo9D82FpxsNyx1nYbQzhno3ZVf65a9i2A0b8D/gOZAwR EWzRR3vhiCP4a33RMVqL4LkRnVI8t9Yh9e4v7Km300UB71r5F9HXeB7u8gyi4k5hV0ba S6ndAqfjtOQu03+u9ejT2zSt9BGAMY+t/cK3D3FcBxbFX5H7dVwMpMK8/wc99EKXzXK9 pm5A== X-Gm-Message-State: AOJu0YytntBZ+OMM6/DEd1RKYC0w4gUBAbtr9z0K8YhX2dSfGlIVAEwi dB1zPSDVXpf3xCbqEgRdNhpM0zZu67Q2IhDk94kqO9h3PiCJeHSMLEU+kElD5dxf5XkDbpxye8h OM3X3pzHxvXrE9P3A3zzbAOPhuM6E6yMzgwdnBtyk9k9C X-Gm-Gg: ASbGncsaCLO4b6wxHKHaCaeueZrM6FnZgwxd0/LLfqfNvaSU1nMlOMIMsL8R5ogwjkq BGTKT+xCLFmsf9VSRLLphSAzLfHxnJL8Zl6+dficFLH6zcWwZNtHOa+ivkPNT6thzvwXaNpsykz 2t0ZTfUaDQgW03XLKXqW7db0+ar4e6z1/rdWAFqjEnD0pN84kpFYS4vQb0pLv5729tAZKahdVE7 0mnbPqepbfJKU5kT1+i8W57I0D4dbCja1qaJ+BYhZw7UTUvzZa7G9BKVt676vvpz2dkz660n7uN uSGlp92lWh3bJoaiHIFQal3SEYYvLLscYKUjMG3rEenEhnskiLSSef/fLRYM9TQtPUdSUCEH48Y tpbxfNE7SIzkVFTztr0ot9pHmCuvJ6aM= X-Google-Smtp-Source: AGHT+IEaABhAm+1U6T3qW8NNXZt16wQint2PeeERRWK0kdXbnbM46zWG659tHvV79zIXTAsh186pU1VVPRrd X-Received: by 2002:a05:6a00:c8e:b0:7a2:8111:7807 with SMTP id d2e1a72fcca58-7a776d97f6amr2938730b3a.5.1761893943871; Thu, 30 Oct 2025 23:59:03 -0700 (PDT) Received: from postal.iol.unh.edu (postal.iol.unh.edu. [132.177.123.84]) by smtp-relay.gmail.com with ESMTPS id d2e1a72fcca58-7a7d897c8f7sm91529b3a.2.2025.10.30.23.59.03 (version=TLS1_2 cipher=ECDHE-ECDSA-AES128-GCM-SHA256 bits=128/128); Thu, 30 Oct 2025 23:59:03 -0700 (PDT) X-Relaying-Domain: iol.unh.edu Date: Thu, 30 Oct 2025 23:59:03 -0700 (PDT) Message-ID: <69045e37.050a0220.2011fe.4ad1SMTPIN_ADDED_MISSING@mx.google.com> Received: from [172.21.0.4] (unknown [172.18.0.240]) by postal.iol.unh.edu (Postfix) with ESMTP id 2994A6051830; Fri, 31 Oct 2025 02:59:03 -0400 (EDT) Subject: |FAILURE| pw158313 [PATCH] [v3] app/testpmd: fix devargs format in p From: dpdklab@iol.unh.edu To: Test Report Cc: dpdk-test-reports@iol.unh.edu, Stephen Hemminger , Gregory Etelson In-Reply-To: <20251031061816.333400-1-getelson@nvidia.com> References: <20251031061816.333400-1-getelson@nvidia.com> Content-Type: text/plain X-BeenThere: test-report@dpdk.org X-Mailman-Version: 2.1.29 Precedence: list List-Id: automatic DPDK test reports List-Unsubscribe: , List-Archive: List-Post: List-Help: List-Subscribe: , Errors-To: test-report-bounces@dpdk.org Test-Label: iol-compile-amd64-testing Test-Status: FAILURE http://dpdk.org/patch/158313 _Testing issues_ Submitter: Gregory Etelson Date: Friday, October 31 2025 06:18:16 DPDK git baseline: Repo:dpdk-next-net Branch: master CommitID:5d2900b5b1a9da68c19d53d3f8e1075bee0a5f47 158313 --> testing issues Upstream job id: Generic-DPDK-Compile-Meson#439560 Test environment and result as below: +-------------------------------+--------------------+-------------------+------------------+-------------------------+-------------------+----------------------+ | Environment | dpdk_meson_compile | dpdk_compile_spdk | dpdk_compile_ovs | dpdk_llvm_clang_compile | dpdk_msvc_compile | dpdk_mingw64_compile | +===============================+====================+===================+==================+=========================+===================+======================+ | CentOS Stream 9 | PEND | PEND | SKIPPED | SKIPPED | SKIPPED | SKIPPED | +-------------------------------+--------------------+-------------------+------------------+-------------------------+-------------------+----------------------+ | CentOS Stream 10 | PASS | SKIPPED | SKIPPED | SKIPPED | SKIPPED | SKIPPED | +-------------------------------+--------------------+-------------------+------------------+-------------------------+-------------------+----------------------+ | Debian GNU/Linux 12 | PEND | PEND | SKIPPED | SKIPPED | SKIPPED | SKIPPED | +-------------------------------+--------------------+-------------------+------------------+-------------------------+-------------------+----------------------+ | Fedora Linux 42 | PEND | PEND | PEND | SKIPPED | SKIPPED | SKIPPED | +-------------------------------+--------------------+-------------------+------------------+-------------------------+-------------------+----------------------+ | openSUSE Leap 15.6 | PASS | SKIPPED | SKIPPED | SKIPPED | SKIPPED | SKIPPED | +-------------------------------+--------------------+-------------------+------------------+-------------------------+-------------------+----------------------+ | Ubuntu 20.04 | PASS | SKIPPED | SKIPPED | SKIPPED | SKIPPED | SKIPPED | +-------------------------------+--------------------+-------------------+------------------+-------------------------+-------------------+----------------------+ | Red Hat Enterprise Linux 8.10 | PASS | SKIPPED | SKIPPED | SKIPPED | SKIPPED | SKIPPED | +-------------------------------+--------------------+-------------------+------------------+-------------------------+-------------------+----------------------+ | Red Hat Enterprise Linux 9.5 | PASS | SKIPPED | SKIPPED | SKIPPED | SKIPPED | SKIPPED | +-------------------------------+--------------------+-------------------+------------------+-------------------------+-------------------+----------------------+ | Ubuntu 22.04 | PASS | WARN | SKIPPED | SKIPPED | SKIPPED | SKIPPED | +-------------------------------+--------------------+-------------------+------------------+-------------------------+-------------------+----------------------+ | FreeBSD 14.2 | PASS | SKIPPED | SKIPPED | SKIPPED | SKIPPED | SKIPPED | +-------------------------------+--------------------+-------------------+------------------+-------------------------+-------------------+----------------------+ | Ubuntu 24.04 | PEND | PEND | PEND | SKIPPED | SKIPPED | SKIPPED | +-------------------------------+--------------------+-------------------+------------------+-------------------------+-------------------+----------------------+ | Alpine Linux 3.22.0 | PASS | SKIPPED | SKIPPED | SKIPPED | SKIPPED | SKIPPED | +-------------------------------+--------------------+-------------------+------------------+-------------------------+-------------------+----------------------+ | Windows Server 2022 | SKIPPED | SKIPPED | SKIPPED | PASS | PEND | PEND | +-------------------------------+--------------------+-------------------+------------------+-------------------------+-------------------+----------------------+ ==== 20 line log output for Ubuntu 22.04 (dpdk_compile_spdk): ==== --- Failed to get log output --- ==== End log output ==== CentOS Stream 9 Kernel: 5.15 Compiler: gcc gcc (GCC) 11.5.0 20240719 (Red Hat 11.5.0-11) CentOS Stream 10 Kernel: 5.15 Compiler: gcc gcc (GCC) 14.2.1 20250110 (Red Hat 14.2.1-8) Debian GNU/Linux 12 Kernel: 5.15 Compiler: gcc gcc (Debian 12.2.0-14+deb12u1) 12.2.0 Fedora Linux 42 Kernel: 5.15 Compiler: clang gcc (GCC) 15.2.1 20250808 (Red Hat 15.2.1-1) openSUSE Leap 15.6 Kernel: 5.15 Compiler: gcc gcc (SUSE Linux) 7.5.0 Ubuntu 20.04 Kernel: 4.19 Compiler: gcc gcc (Ubuntu 9.4.0-1ubuntu1~20.04.2) 9.4.0 Red Hat Enterprise Linux 8.10 Kernel: 5.15 Compiler: gcc gcc (GCC) 8.5.0 20210514 (Red Hat 8.5.0-22) Red Hat Enterprise Linux 9.5 Kernel: 5.15 Compiler: gcc gcc (GCC) 11.5.0 20240719 (Red Hat 11.5.0-2) Ubuntu 22.04 Kernel: 5.15 Compiler: gcc gcc (Ubuntu 11.4.0-1ubuntu1~22.04) 11.4.0 FreeBSD 14.2 Kernel: 14.2-RELEASE Compiler: clang 18.1.6 Ubuntu 24.04 Kernel: 5.15 Compiler: gcc gcc (Ubuntu 13.3.0-6ubuntu2~24.04) 13.3.0 Alpine Linux 3.22.0 Kernel: 5.15 Compiler: gcc gcc (Alpine 14.2.0) 14.2.0 Windows Server 2022 Kernel: 10.0.20348.2031 Compiler: clang 15.0.7, gcc 14.1.0 (MinGW), and MSVC VS 19.39.33521 To view detailed results, visit: https://lab.dpdk.org/results/dashboard/patchsets/34429/ UNH-IOL DPDK Community Lab To manage your email subscriptions, visit: https://lab.dpdk.org/results/dashboard/preferences/subscriptions/