From mboxrd@z Thu Jan 1 00:00:00 1970 Return-Path: Received: from mails.dpdk.org (mails.dpdk.org [217.70.189.124]) by inbox.dpdk.org (Postfix) with ESMTP id ED56C48A42 for ; Fri, 31 Oct 2025 08:58:41 +0100 (CET) Received: from mails.dpdk.org (localhost [127.0.0.1]) by mails.dpdk.org (Postfix) with ESMTP id C91444026F; Fri, 31 Oct 2025 08:58:41 +0100 (CET) Received: from mail-pj1-f98.google.com (mail-pj1-f98.google.com [209.85.216.98]) by mails.dpdk.org (Postfix) with ESMTP id 4D04C4026F for ; Fri, 31 Oct 2025 08:58:41 +0100 (CET) Received: by mail-pj1-f98.google.com with SMTP id 98e67ed59e1d1-3402942e79cso2686474a91.2 for ; Fri, 31 Oct 2025 00:58:41 -0700 (PDT) DKIM-Signature: v=1; a=rsa-sha256; c=relaxed/relaxed; d=iol.unh.edu; s=unh-iol; t=1761897520; x=1762502320; darn=dpdk.org; h=cc:to:from:subject:message-id:date:from:to:cc:subject:date :message-id:reply-to; bh=Hvh1is9Jm2li8vjq7OcPH3xfX1yLaOxxbh3JDOrT0Hk=; b=Cq0uuaRHgmhTnUyHd9zYHkFk8G+TSbfre59ei2O28ZglJvgkcNeegzeL+CTzo3W0Hv Z7tx1IgBYIdVghdu0l87E9dqSGOh/u1ARW4hbODquLEnc+0aYoGd7lr9elCIib5RRzca Ct2gN+0pJh/mUVn5uI28n693on69Ym6+3Jb3I= X-Google-DKIM-Signature: v=1; a=rsa-sha256; c=relaxed/relaxed; d=1e100.net; s=20230601; t=1761897520; x=1762502320; h=cc:to:from:subject:message-id:date:x-gm-message-state:from:to:cc :subject:date:message-id:reply-to; bh=Hvh1is9Jm2li8vjq7OcPH3xfX1yLaOxxbh3JDOrT0Hk=; b=vDjQQn2MRUsk28ZljVDle8B1yR5p4FH0COnLiIEU8Za+cLfDCbr7iuawfL60kykwff llNCtpGMHtvtYx0R4MQab4tK9kr0bFQms3eyYUdLfGtUaRbuL+342Ykun6Tq84aDkXX5 OaQ3hOMwprHGujYUNHhl0OaBfkfRLKu3hAN3beejtIO/B0uKgTTXKo/EHLmgWcUe7sBW kKphxTVdYFUdP/TV0O14MgqjFmcLdpLBr9HGtjF9iL2Mxt0X1vD+uv1xdSqQCq0n1y5X DCJ9jxqqYIad2kBPtLUYJg+4cXPckDWjvbP4WHRKJak2Iuk63Lcc/VeGi7Ti81AfV8TA mhnQ== X-Gm-Message-State: AOJu0YxfEIcp/WDfuFupVPRCQrozYnWteRXoC6Y9YROCrk03R8psS4l4 efrrrejkx2BpI7RT6be7pupYXgZmxYdG45WQtt0kt7tHiFNikg3UXybNJajMv4PSQMzH6eptvN/ bAw8UWUi9/wz3C+Nk9lXmOpU95FchzEoWEat9 X-Gm-Gg: ASbGncvbNZHmmT20PZGlTp6qDYzBWoEfZvijubeWmpzQpEfqu/U/D3yHY8GfAgeFhcB nu+/n+K72wnNChhhypZ0IY5NqTW1PHWmGltjZMUkD/QcxcK+ZgJRS7UZU9KPGsigfNwBzdcF2iO 1clEuHMTaOyCJF1+gwgIpNVmaVAelNIrBd3vX2WxQ0KoAqQVBWanxkBpP41Rbks54ebqyIHsGlu m9S4PZeCYROVxlrrhIbMwuBhoc5t1wgY6Kw4SPQ/IkfoVT20eX5McUmZMjayVdGgRb8HlLUUNHu D4Tv2WPJILPWfkhP4dUCSgGd2Av07qS/hF9qGwMqv2oSaYnhe4Ny52A+MvjTFNgfSd2hxsiqb8L 9TzQkpj0MOro4xUsoCMjFuPDQ9zLvMZU= X-Google-Smtp-Source: AGHT+IGusi6treSPIjWVPufzRLv7modcdJDAfgKbpG8UsyA5w6Io6qAp1JqJFLupT4lxtLrpbsrzsBLz8jT9 X-Received: by 2002:a17:90b:350d:b0:33b:be31:8194 with SMTP id 98e67ed59e1d1-3408309c8f1mr3530652a91.34.1761897520443; Fri, 31 Oct 2025 00:58:40 -0700 (PDT) Received: from postal.iol.unh.edu (postal.iol.unh.edu. [132.177.123.84]) by smtp-relay.gmail.com with ESMTPS id 98e67ed59e1d1-340949e747csm77263a91.7.2025.10.31.00.58.40 (version=TLS1_2 cipher=ECDHE-ECDSA-AES128-GCM-SHA256 bits=128/128); Fri, 31 Oct 2025 00:58:40 -0700 (PDT) X-Relaying-Domain: iol.unh.edu Date: Fri, 31 Oct 2025 00:58:40 -0700 (PDT) Message-ID: <69046c30.170a0220.359064.3fa8SMTPIN_ADDED_MISSING@mx.google.com> Received: from [172.21.0.2] (unknown [172.18.0.240]) by postal.iol.unh.edu (Postfix) with ESMTP id 3B3E260003F4; Fri, 31 Oct 2025 03:58:39 -0400 (EDT) Subject: |FAILURE| [GIT MASTER] 62f583c49bf67dd4d6733ece14e55fe6839e66d1 From: dpdklab@iol.unh.edu To: Test Report Cc: dpdk-test-reports@iol.unh.edu, Xueming Li , Christian Ehrhardt , Kevin Traynor , Luca Boccassi Content-Type: text/plain X-BeenThere: test-report@dpdk.org X-Mailman-Version: 2.1.29 Precedence: list List-Id: automatic DPDK test reports List-Unsubscribe: , List-Archive: List-Post: List-Help: List-Subscribe: , Errors-To: test-report-bounces@dpdk.org _Testing issues_ Branch: tags/v23.11 62f583c49bf67dd4d6733ece14e55fe6839e66d1 --> testing issues Upstream job id: Generic-DPDK-Compile-Meson#439499 Test environment and result as below: +------------------------------+--------------------+ | Environment | dpdk_meson_compile | +==============================+====================+ | Ubuntu 20.04 | PASS | +------------------------------+--------------------+ | Red Hat Enterprise Linux 9.5 | PASS | +------------------------------+--------------------+ | Fedora Linux 42 | PASS | +------------------------------+--------------------+ | CentOS Stream 9 | PASS | +------------------------------+--------------------+ | Ubuntu 24.04 | PASS | +------------------------------+--------------------+ | Ubuntu 22.04 | PASS | +------------------------------+--------------------+ | CentOS Stream 10 | PASS | +------------------------------+--------------------+ | Debian GNU/Linux 12 | PASS | +------------------------------+--------------------+ Ubuntu 20.04 Kernel: 5.4 Compiler: gcc gcc (Ubuntu 9.4.0-1ubuntu1~20.04.2) 9.4.0 Red Hat Enterprise Linux 9.5 Kernel: 5.4 Compiler: gcc gcc (GCC) 11.5.0 20240719 (Red Hat 11.5.0-2) Fedora Linux 42 Kernel: 5.4 Compiler: gcc gcc (GCC) 15.2.1 20250808 (Red Hat 15.2.1-1) CentOS Stream 9 Kernel: 5.4 Compiler: gcc gcc (GCC) 11.5.0 20240719 (Red Hat 11.5.0-11) Ubuntu 24.04 Kernel: 5.4 Compiler: gcc gcc (Ubuntu 13.3.0-6ubuntu2~24.04) 13.3.0 Ubuntu 22.04 Kernel: 5.4 Compiler: gcc gcc (Ubuntu 11.4.0-1ubuntu1~22.04) 11.4.0 CentOS Stream 10 Kernel: 5.4 Compiler: gcc gcc (GCC) 14.2.1 20250110 (Red Hat 14.2.1-8) Debian GNU/Linux 12 Kernel: 5.4 Compiler: gcc gcc (Debian 12.2.0-14+deb12u1) 12.2.0 To view detailed results, visit: https://lab.dpdk.org/results/dashboard/tarballs/35407/ UNH-IOL DPDK Community Lab To manage your email subscriptions, visit: https://lab.dpdk.org/results/dashboard/preferences/subscriptions/